--
-- Host: localhost    Database: asterisk
-- ------------------------------------------------------


--
-- Current Database: `asterisk`
--

/*!40000 DROP DATABASE IF EXISTS `asterisk`*/;

CREATE DATABASE /*!32312 IF NOT EXISTS*/ `asterisk` /*!40100 DEFAULT CHARACTER SET utf8mb4 COLLATE utf8mb4_unicode_ci */;

USE `asterisk`;

--
-- Table structure for table `admin`
--

CREATE TABLE `admin` (
  `variable` varchar(20) COLLATE utf8mb4_unicode_ci NOT NULL DEFAULT '',
  `value` varchar(80) COLLATE utf8mb4_unicode_ci NOT NULL DEFAULT '',
  PRIMARY KEY (`variable`)
) ENGINE=MyISAM DEFAULT CHARSET=utf8mb4 COLLATE=utf8mb4_unicode_ci;

--
-- Temporary table structure for view `alldestinations`
--

/*!50001 DROP VIEW IF EXISTS `alldestinations`*/;
/*!50001 CREATE TABLE `alldestinations` (
  `extension` tinyint NOT NULL,
  `name` tinyint NOT NULL,
  `context` tinyint NOT NULL,
  `type` tinyint NOT NULL
) ENGINE=MyISAM */;

--
-- Table structure for table `ampusers`
--

CREATE TABLE `ampusers` (
  `username` varchar(255) COLLATE utf8_unicode_ci NOT NULL,
  `password_sha1` varchar(40) COLLATE utf8_unicode_ci NOT NULL,
  `extension_low` varchar(20) COLLATE utf8_unicode_ci NOT NULL DEFAULT '',
  `extension_high` varchar(20) COLLATE utf8_unicode_ci NOT NULL DEFAULT '',
  `deptname` varchar(20) COLLATE utf8_unicode_ci NOT NULL DEFAULT '',
  `sections` blob NOT NULL,
  PRIMARY KEY (`username`)
) ENGINE=MyISAM DEFAULT CHARSET=utf8 COLLATE=utf8_unicode_ci;

--
-- Table structure for table `announcement`
--

CREATE TABLE `announcement` (
  `announcement_id` int(11) NOT NULL AUTO_INCREMENT,
  `description` varchar(50) COLLATE utf8mb4_unicode_ci DEFAULT NULL,
  `recording_id` int(11) DEFAULT NULL,
  `allow_skip` int(11) DEFAULT NULL,
  `post_dest` varchar(255) COLLATE utf8mb4_unicode_ci DEFAULT NULL,
  `return_ivr` tinyint(1) NOT NULL DEFAULT '0',
  `noanswer` tinyint(1) NOT NULL DEFAULT '0',
  `repeat_msg` varchar(2) COLLATE utf8mb4_unicode_ci NOT NULL DEFAULT '',
  `tts_lang` varchar(10) COLLATE utf8mb4_unicode_ci NOT NULL DEFAULT 'en-US',
  `tts_text` text COLLATE utf8mb4_unicode_ci NOT NULL,
  PRIMARY KEY (`announcement_id`)
) ENGINE=MyISAM AUTO_INCREMENT=2 DEFAULT CHARSET=utf8mb4 COLLATE=utf8mb4_unicode_ci;

--
-- Table structure for table `backup`
--

CREATE TABLE `backup` (
  `id` int(11) NOT NULL AUTO_INCREMENT,
  `name` varchar(50) COLLATE utf8mb4_unicode_ci DEFAULT NULL,
  `description` varchar(150) COLLATE utf8mb4_unicode_ci DEFAULT NULL,
  `immortal` varchar(25) COLLATE utf8mb4_unicode_ci DEFAULT NULL,
  `data` longtext COLLATE utf8mb4_unicode_ci,
  `email` longtext COLLATE utf8mb4_unicode_ci,
  PRIMARY KEY (`id`)
) ENGINE=MyISAM DEFAULT CHARSET=utf8mb4 COLLATE=utf8mb4_unicode_ci;

--
-- Table structure for table `backup_cache`
--

CREATE TABLE `backup_cache` (
  `id` varchar(50) COLLATE utf8mb4_unicode_ci NOT NULL,
  `manifest` longtext COLLATE utf8mb4_unicode_ci,
  UNIQUE KEY `id` (`id`)
) ENGINE=MyISAM DEFAULT CHARSET=utf8mb4 COLLATE=utf8mb4_unicode_ci;

--
-- Table structure for table `backup_details`
--

CREATE TABLE `backup_details` (
  `backup_id` int(11) NOT NULL,
  `key` varchar(50) COLLATE utf8mb4_unicode_ci DEFAULT NULL,
  `index` varchar(25) COLLATE utf8mb4_unicode_ci DEFAULT NULL,
  `value` varchar(250) COLLATE utf8mb4_unicode_ci DEFAULT NULL
) ENGINE=MyISAM DEFAULT CHARSET=utf8mb4 COLLATE=utf8mb4_unicode_ci;

--
-- Table structure for table `backup_items`
--

CREATE TABLE `backup_items` (
  `backup_id` int(11) NOT NULL,
  `type` varchar(50) COLLATE utf8mb4_unicode_ci DEFAULT NULL,
  `path` text COLLATE utf8mb4_unicode_ci,
  `exclude` text COLLATE utf8mb4_unicode_ci
) ENGINE=MyISAM DEFAULT CHARSET=utf8mb4 COLLATE=utf8mb4_unicode_ci;

--
-- Table structure for table `backup_old`
--

CREATE TABLE `backup_old` (
  `name` varchar(50) COLLATE utf8mb4_unicode_ci DEFAULT NULL,
  `voicemail` varchar(50) COLLATE utf8mb4_unicode_ci DEFAULT NULL,
  `recordings` varchar(50) COLLATE utf8mb4_unicode_ci DEFAULT NULL,
  `configurations` varchar(50) COLLATE utf8mb4_unicode_ci DEFAULT NULL,
  `cdr` varchar(55) COLLATE utf8mb4_unicode_ci DEFAULT NULL,
  `fop` varchar(50) COLLATE utf8mb4_unicode_ci DEFAULT NULL,
  `minutes` varchar(50) COLLATE utf8mb4_unicode_ci DEFAULT NULL,
  `hours` varchar(50) COLLATE utf8mb4_unicode_ci DEFAULT NULL,
  `days` varchar(50) COLLATE utf8mb4_unicode_ci DEFAULT NULL,
  `months` varchar(50) COLLATE utf8mb4_unicode_ci DEFAULT NULL,
  `weekdays` varchar(50) COLLATE utf8mb4_unicode_ci DEFAULT NULL,
  `command` varchar(200) COLLATE utf8mb4_unicode_ci DEFAULT NULL,
  `method` varchar(50) COLLATE utf8mb4_unicode_ci DEFAULT NULL,
  `id` int(11) NOT NULL AUTO_INCREMENT,
  `ftpuser` varchar(50) COLLATE utf8mb4_unicode_ci DEFAULT NULL,
  `ftppass` varchar(50) COLLATE utf8mb4_unicode_ci DEFAULT NULL,
  `ftphost` varchar(50) COLLATE utf8mb4_unicode_ci DEFAULT NULL,
  `ftpdir` varchar(150) COLLATE utf8mb4_unicode_ci DEFAULT NULL,
  `sshuser` varchar(50) COLLATE utf8mb4_unicode_ci DEFAULT NULL,
  `sshkey` varchar(150) COLLATE utf8mb4_unicode_ci DEFAULT NULL,
  `sshhost` varchar(50) COLLATE utf8mb4_unicode_ci DEFAULT NULL,
  `sshdir` varchar(150) COLLATE utf8mb4_unicode_ci DEFAULT NULL,
  `emailaddr` varchar(75) COLLATE utf8mb4_unicode_ci DEFAULT NULL,
  `emailmaxsize` varchar(25) COLLATE utf8mb4_unicode_ci DEFAULT NULL,
  `emailmaxtype` varchar(5) COLLATE utf8mb4_unicode_ci DEFAULT NULL,
  `admin` varchar(10) COLLATE utf8mb4_unicode_ci DEFAULT NULL,
  `include` blob,
  `exclude` blob,
  `sudo` varchar(25) COLLATE utf8mb4_unicode_ci DEFAULT NULL,
  `remotesshhost` varchar(50) COLLATE utf8mb4_unicode_ci DEFAULT NULL,
  `remotesshuser` varchar(50) COLLATE utf8mb4_unicode_ci DEFAULT NULL,
  `remotesshkey` varchar(150) COLLATE utf8mb4_unicode_ci DEFAULT NULL,
  `remoterestore` varchar(5) COLLATE utf8mb4_unicode_ci DEFAULT NULL,
  `overwritebackup` varchar(5) COLLATE utf8mb4_unicode_ci DEFAULT NULL,
  PRIMARY KEY (`id`)
) ENGINE=MyISAM DEFAULT CHARSET=utf8mb4 COLLATE=utf8mb4_unicode_ci;

--
-- Table structure for table `backup_server_details`
--

CREATE TABLE `backup_server_details` (
  `server_id` int(11) NOT NULL,
  `key` varchar(50) COLLATE utf8mb4_unicode_ci DEFAULT NULL,
  `value` varchar(250) COLLATE utf8mb4_unicode_ci DEFAULT NULL
) ENGINE=MyISAM DEFAULT CHARSET=utf8mb4 COLLATE=utf8mb4_unicode_ci;

--
-- Table structure for table `backup_servers`
--

CREATE TABLE `backup_servers` (
  `id` int(11) NOT NULL AUTO_INCREMENT,
  `name` varchar(50) COLLATE utf8mb4_unicode_ci DEFAULT NULL,
  `desc` varchar(150) COLLATE utf8mb4_unicode_ci DEFAULT NULL,
  `type` varchar(50) COLLATE utf8mb4_unicode_ci DEFAULT NULL,
  `readonly` varchar(250) COLLATE utf8mb4_unicode_ci DEFAULT NULL,
  `immortal` varchar(25) COLLATE utf8mb4_unicode_ci DEFAULT NULL,
  `data` longtext COLLATE utf8mb4_unicode_ci,
  PRIMARY KEY (`id`)
) ENGINE=MyISAM AUTO_INCREMENT=5 DEFAULT CHARSET=utf8mb4 COLLATE=utf8mb4_unicode_ci;

--
-- Table structure for table `backup_template_details`
--

CREATE TABLE `backup_template_details` (
  `template_id` int(11) NOT NULL,
  `type` varchar(50) COLLATE utf8mb4_unicode_ci DEFAULT NULL,
  `path` text COLLATE utf8mb4_unicode_ci,
  `exclude` text COLLATE utf8mb4_unicode_ci
) ENGINE=MyISAM DEFAULT CHARSET=utf8mb4 COLLATE=utf8mb4_unicode_ci;

--
-- Table structure for table `backup_templates`
--

CREATE TABLE `backup_templates` (
  `id` int(11) NOT NULL AUTO_INCREMENT,
  `name` varchar(50) COLLATE utf8mb4_unicode_ci DEFAULT NULL,
  `desc` varchar(150) COLLATE utf8mb4_unicode_ci DEFAULT NULL,
  `immortal` varchar(25) COLLATE utf8mb4_unicode_ci DEFAULT NULL,
  `data` longtext COLLATE utf8mb4_unicode_ci,
  PRIMARY KEY (`id`)
) ENGINE=MyISAM AUTO_INCREMENT=7 DEFAULT CHARSET=utf8mb4 COLLATE=utf8mb4_unicode_ci;

--
-- Table structure for table `callback`
--

CREATE TABLE `callback` (
  `callback_id` int(11) NOT NULL AUTO_INCREMENT,
  `description` varchar(50) COLLATE utf8mb4_unicode_ci DEFAULT NULL,
  `callbacknum` varchar(100) COLLATE utf8mb4_unicode_ci DEFAULT NULL,
  `destination` varchar(50) COLLATE utf8mb4_unicode_ci DEFAULT NULL,
  `sleep` int(11) DEFAULT NULL,
  `deptname` varchar(50) COLLATE utf8mb4_unicode_ci DEFAULT NULL,
  PRIMARY KEY (`callback_id`)
) ENGINE=MyISAM DEFAULT CHARSET=utf8mb4 COLLATE=utf8mb4_unicode_ci;

--
-- Table structure for table `callrecording`
--

CREATE TABLE `callrecording` (
  `callrecording_id` int(11) NOT NULL AUTO_INCREMENT,
  `callrecording_mode` varchar(50) COLLATE utf8mb4_unicode_ci DEFAULT NULL,
  `description` varchar(50) COLLATE utf8mb4_unicode_ci DEFAULT NULL,
  `dest` varchar(255) COLLATE utf8mb4_unicode_ci DEFAULT NULL,
  PRIMARY KEY (`callrecording_id`)
) ENGINE=MyISAM DEFAULT CHARSET=utf8mb4 COLLATE=utf8mb4_unicode_ci;

--
-- Table structure for table `callrecording_module`
--

CREATE TABLE `callrecording_module` (
  `extension` varchar(50) COLLATE utf8mb4_unicode_ci DEFAULT NULL,
  `cidnum` varchar(50) COLLATE utf8mb4_unicode_ci DEFAULT '',
  `callrecording` varchar(10) COLLATE utf8mb4_unicode_ci DEFAULT NULL,
  `display` varchar(20) COLLATE utf8mb4_unicode_ci DEFAULT NULL
) ENGINE=MyISAM DEFAULT CHARSET=utf8mb4 COLLATE=utf8mb4_unicode_ci;

--
-- Table structure for table `cidlookup`
--

CREATE TABLE `cidlookup` (
  `cidlookup_id` int(11) NOT NULL AUTO_INCREMENT,
  `description` varchar(50) COLLATE utf8mb4_unicode_ci NOT NULL,
  `sourcetype` varchar(100) COLLATE utf8mb4_unicode_ci NOT NULL,
  `cache` tinyint(1) NOT NULL DEFAULT '0',
  `deptname` varchar(30) COLLATE utf8mb4_unicode_ci DEFAULT NULL,
  `http_host` varchar(30) COLLATE utf8mb4_unicode_ci DEFAULT NULL,
  `http_port` varchar(30) COLLATE utf8mb4_unicode_ci DEFAULT NULL,
  `http_username` varchar(30) COLLATE utf8mb4_unicode_ci DEFAULT NULL,
  `http_password` varchar(30) COLLATE utf8mb4_unicode_ci DEFAULT NULL,
  `http_path` varchar(100) COLLATE utf8mb4_unicode_ci DEFAULT NULL,
  `http_query` varchar(100) COLLATE utf8mb4_unicode_ci DEFAULT NULL,
  `mysql_host` varchar(60) COLLATE utf8mb4_unicode_ci DEFAULT NULL,
  `mysql_dbname` varchar(60) COLLATE utf8mb4_unicode_ci DEFAULT NULL,
  `mysql_query` text COLLATE utf8mb4_unicode_ci,
  `mysql_username` varchar(30) COLLATE utf8mb4_unicode_ci DEFAULT NULL,
  `mysql_password` varchar(30) COLLATE utf8mb4_unicode_ci DEFAULT NULL,
  `mysql_charset` varchar(30) COLLATE utf8mb4_unicode_ci DEFAULT NULL,
  `opencnam_account_sid` varchar(34) COLLATE utf8mb4_unicode_ci DEFAULT NULL,
  `opencnam_auth_token` varchar(34) COLLATE utf8mb4_unicode_ci DEFAULT NULL,
  PRIMARY KEY (`cidlookup_id`)
) ENGINE=MyISAM AUTO_INCREMENT=2 DEFAULT CHARSET=utf8mb4 COLLATE=utf8mb4_unicode_ci;

--
-- Table structure for table `cidlookup_incoming`
--

CREATE TABLE `cidlookup_incoming` (
  `cidlookup_id` int(11) NOT NULL,
  `extension` varchar(50) COLLATE utf8mb4_unicode_ci DEFAULT NULL,
  `cidnum` varchar(30) COLLATE utf8mb4_unicode_ci DEFAULT NULL
) ENGINE=MyISAM DEFAULT CHARSET=utf8mb4 COLLATE=utf8mb4_unicode_ci;

--
-- Table structure for table `cronmanager`
--

CREATE TABLE `cronmanager` (
  `module` varchar(24) COLLATE utf8mb4_unicode_ci NOT NULL DEFAULT '',
  `id` varchar(24) COLLATE utf8mb4_unicode_ci NOT NULL DEFAULT '',
  `time` varchar(5) COLLATE utf8mb4_unicode_ci DEFAULT NULL,
  `freq` int(11) NOT NULL DEFAULT '0',
  `lasttime` int(11) NOT NULL DEFAULT '0',
  `command` varchar(255) COLLATE utf8mb4_unicode_ci NOT NULL DEFAULT '',
  PRIMARY KEY (`module`,`id`)
) ENGINE=MyISAM DEFAULT CHARSET=utf8mb4 COLLATE=utf8mb4_unicode_ci;

--
-- Table structure for table `custom_destinations`
--

CREATE TABLE `custom_destinations` (
  `custom_dest` varchar(80) COLLATE utf8mb4_unicode_ci NOT NULL DEFAULT '',
  `description` varchar(40) COLLATE utf8mb4_unicode_ci NOT NULL DEFAULT '',
  `notes` varchar(255) COLLATE utf8mb4_unicode_ci NOT NULL DEFAULT '',
  PRIMARY KEY (`custom_dest`)
) ENGINE=MyISAM DEFAULT CHARSET=utf8mb4 COLLATE=utf8mb4_unicode_ci;

--
-- Table structure for table `custom_extensions`
--

CREATE TABLE `custom_extensions` (
  `custom_exten` varchar(80) COLLATE utf8mb4_unicode_ci NOT NULL DEFAULT '',
  `description` varchar(40) COLLATE utf8mb4_unicode_ci NOT NULL DEFAULT '',
  `notes` varchar(255) COLLATE utf8mb4_unicode_ci NOT NULL DEFAULT '',
  PRIMARY KEY (`custom_exten`)
) ENGINE=MyISAM DEFAULT CHARSET=utf8mb4 COLLATE=utf8mb4_unicode_ci;

--
-- Table structure for table `customcontexts_contexts`
--

CREATE TABLE `customcontexts_contexts` (
  `context` varchar(100) COLLATE utf8mb4_unicode_ci NOT NULL DEFAULT '',
  `description` varchar(100) COLLATE utf8mb4_unicode_ci NOT NULL DEFAULT '',
  `dialrules` varchar(1000) COLLATE utf8mb4_unicode_ci DEFAULT NULL,
  `faildestination` varchar(250) COLLATE utf8mb4_unicode_ci DEFAULT NULL,
  `featurefaildestination` varchar(250) COLLATE utf8mb4_unicode_ci DEFAULT NULL,
  `failpin` varchar(100) COLLATE utf8mb4_unicode_ci DEFAULT NULL,
  `failpincdr` tinyint(1) NOT NULL DEFAULT '0',
  `featurefailpin` varchar(100) COLLATE utf8mb4_unicode_ci DEFAULT NULL,
  `featurefailpincdr` tinyint(1) NOT NULL DEFAULT '0',
  PRIMARY KEY (`context`),
  UNIQUE KEY `description` (`description`)
) ENGINE=MyISAM DEFAULT CHARSET=utf8mb4 COLLATE=utf8mb4_unicode_ci;

--
-- Table structure for table `customcontexts_contexts_list`
--

CREATE TABLE `customcontexts_contexts_list` (
  `context` varchar(100) COLLATE utf8mb4_unicode_ci NOT NULL DEFAULT '',
  `description` varchar(100) COLLATE utf8mb4_unicode_ci NOT NULL DEFAULT '',
  `locked` tinyint(1) NOT NULL DEFAULT '0',
  PRIMARY KEY (`context`),
  UNIQUE KEY `description` (`description`)
) ENGINE=MyISAM DEFAULT CHARSET=utf8mb4 COLLATE=utf8mb4_unicode_ci;

--
-- Table structure for table `customcontexts_includes`
--

CREATE TABLE `customcontexts_includes` (
  `context` varchar(100) COLLATE utf8mb4_unicode_ci NOT NULL DEFAULT '',
  `include` varchar(100) COLLATE utf8mb4_unicode_ci NOT NULL DEFAULT '',
  `timegroupid` int(11) DEFAULT NULL,
  `sort` int(11) NOT NULL DEFAULT '0',
  `userules` varchar(10) COLLATE utf8mb4_unicode_ci DEFAULT NULL,
  PRIMARY KEY (`context`,`include`),
  KEY `sort` (`sort`)
) ENGINE=MyISAM DEFAULT CHARSET=utf8mb4 COLLATE=utf8mb4_unicode_ci;

--
-- Table structure for table `customcontexts_includes_list`
--

CREATE TABLE `customcontexts_includes_list` (
  `context` varchar(100) COLLATE utf8mb4_unicode_ci NOT NULL DEFAULT '',
  `include` varchar(100) COLLATE utf8mb4_unicode_ci NOT NULL DEFAULT '',
  `description` varchar(100) COLLATE utf8mb4_unicode_ci NOT NULL DEFAULT '',
  `missing` tinyint(1) NOT NULL DEFAULT '0',
  `sort` int(11) NOT NULL DEFAULT '0',
  PRIMARY KEY (`context`,`include`)
) ENGINE=MyISAM DEFAULT CHARSET=utf8mb4 COLLATE=utf8mb4_unicode_ci;

--
-- Table structure for table `customcontexts_module`
--

CREATE TABLE `customcontexts_module` (
  `id` varchar(50) COLLATE utf8mb4_unicode_ci NOT NULL DEFAULT '',
  `value` varchar(100) COLLATE utf8mb4_unicode_ci NOT NULL DEFAULT '',
  PRIMARY KEY (`id`)
) ENGINE=MyISAM DEFAULT CHARSET=utf8mb4 COLLATE=utf8mb4_unicode_ci;

--
-- Table structure for table `customerdb`
--

CREATE TABLE `customerdb` (
  `id` int(11) NOT NULL AUTO_INCREMENT,
  `name` varchar(45) COLLATE utf8mb4_unicode_ci NOT NULL,
  `addr1` varchar(150) COLLATE utf8mb4_unicode_ci NOT NULL,
  `addr2` varchar(150) COLLATE utf8mb4_unicode_ci DEFAULT NULL,
  `city` varchar(50) COLLATE utf8mb4_unicode_ci NOT NULL,
  `state` varchar(5) COLLATE utf8mb4_unicode_ci NOT NULL,
  `zip` varchar(12) COLLATE utf8mb4_unicode_ci DEFAULT NULL,
  `sip` varchar(20) COLLATE utf8mb4_unicode_ci DEFAULT NULL,
  `did` varchar(45) COLLATE utf8mb4_unicode_ci DEFAULT NULL,
  `device` varchar(50) COLLATE utf8mb4_unicode_ci DEFAULT NULL,
  `ip` varchar(20) COLLATE utf8mb4_unicode_ci DEFAULT NULL,
  `serial` varchar(50) COLLATE utf8mb4_unicode_ci DEFAULT NULL,
  `account` varchar(6) COLLATE utf8mb4_unicode_ci DEFAULT NULL,
  `email` varchar(150) COLLATE utf8mb4_unicode_ci DEFAULT NULL,
  `username` varchar(25) COLLATE utf8mb4_unicode_ci DEFAULT NULL,
  `password` varchar(25) COLLATE utf8mb4_unicode_ci DEFAULT NULL,
  UNIQUE KEY `id` (`id`)
) ENGINE=MyISAM DEFAULT CHARSET=utf8mb4 COLLATE=utf8mb4_unicode_ci;

--
-- Table structure for table `dahdi`
--

CREATE TABLE `dahdi` (
  `id` varchar(20) COLLATE utf8mb4_unicode_ci NOT NULL DEFAULT '-1',
  `keyword` varchar(30) COLLATE utf8mb4_unicode_ci NOT NULL DEFAULT '',
  `data` varchar(255) COLLATE utf8mb4_unicode_ci NOT NULL DEFAULT '',
  `flags` int(1) NOT NULL DEFAULT '0',
  PRIMARY KEY (`id`,`keyword`)
) ENGINE=MyISAM DEFAULT CHARSET=utf8mb4 COLLATE=utf8mb4_unicode_ci;

--
-- Table structure for table `dahdichandids`
--

CREATE TABLE `dahdichandids` (
  `channel` int(11) NOT NULL DEFAULT '0',
  `description` varchar(40) COLLATE utf8mb4_unicode_ci NOT NULL DEFAULT '',
  `did` varchar(60) COLLATE utf8mb4_unicode_ci NOT NULL DEFAULT '',
  PRIMARY KEY (`channel`)
) ENGINE=MyISAM DEFAULT CHARSET=utf8mb4 COLLATE=utf8mb4_unicode_ci;

--
-- Table structure for table `daynight`
--

CREATE TABLE `daynight` (
  `ext` varchar(10) COLLATE utf8_unicode_ci NOT NULL DEFAULT '',
  `dmode` varchar(40) COLLATE utf8_unicode_ci NOT NULL DEFAULT '',
  `dest` varchar(255) COLLATE utf8_unicode_ci NOT NULL DEFAULT '',
  PRIMARY KEY (`ext`,`dmode`,`dest`)
) ENGINE=MyISAM DEFAULT CHARSET=utf8 COLLATE=utf8_unicode_ci;

--
-- Table structure for table `devices`
--

CREATE TABLE `devices` (
  `id` varchar(20) COLLATE utf8mb4_unicode_ci NOT NULL DEFAULT '',
  `tech` varchar(10) COLLATE utf8mb4_unicode_ci NOT NULL DEFAULT '',
  `dial` varchar(50) COLLATE utf8mb4_unicode_ci NOT NULL DEFAULT '',
  `devicetype` varchar(5) COLLATE utf8mb4_unicode_ci NOT NULL DEFAULT '',
  `user` varchar(50) COLLATE utf8mb4_unicode_ci DEFAULT NULL,
  `description` varchar(50) COLLATE utf8mb4_unicode_ci DEFAULT NULL,
  `emergency_cid` varchar(100) COLLATE utf8mb4_unicode_ci DEFAULT NULL,
  PRIMARY KEY (`id`),
  KEY `tech` (`tech`)
) ENGINE=MyISAM DEFAULT CHARSET=utf8mb4 COLLATE=utf8mb4_unicode_ci;

--
-- Table structure for table `dialplaninjection_commands`
--

CREATE TABLE `dialplaninjection_commands` (
  `id` int(11) NOT NULL AUTO_INCREMENT,
  `injectionid` int(11) NOT NULL DEFAULT '0',
  `command` text COLLATE utf8mb4_unicode_ci NOT NULL,
  `sort` int(11) NOT NULL DEFAULT '0',
  PRIMARY KEY (`id`)
) ENGINE=MyISAM DEFAULT CHARSET=utf8mb4 COLLATE=utf8mb4_unicode_ci;

--
-- Table structure for table `dialplaninjection_commands_list`
--

CREATE TABLE `dialplaninjection_commands_list` (
  `id` int(11) NOT NULL AUTO_INCREMENT,
  `description` varchar(100) COLLATE utf8mb4_unicode_ci NOT NULL DEFAULT '',
  `command` text COLLATE utf8mb4_unicode_ci NOT NULL,
  `info` varchar(255) COLLATE utf8mb4_unicode_ci DEFAULT NULL,
  `url` varchar(255) COLLATE utf8mb4_unicode_ci DEFAULT NULL,
  PRIMARY KEY (`id`),
  UNIQUE KEY `description` (`description`)
) ENGINE=MyISAM AUTO_INCREMENT=128 DEFAULT CHARSET=utf8mb4 COLLATE=utf8mb4_unicode_ci;

--
-- Table structure for table `dialplaninjection_dialplaninjections`
--

CREATE TABLE `dialplaninjection_dialplaninjections` (
  `id` int(11) NOT NULL AUTO_INCREMENT,
  `description` varchar(100) COLLATE utf8mb4_unicode_ci NOT NULL DEFAULT '',
  `destination` varchar(250) COLLATE utf8mb4_unicode_ci NOT NULL DEFAULT '',
  `exten` varchar(100) COLLATE utf8mb4_unicode_ci DEFAULT NULL,
  PRIMARY KEY (`id`),
  UNIQUE KEY `description` (`description`)
) ENGINE=MyISAM DEFAULT CHARSET=utf8mb4 COLLATE=utf8mb4_unicode_ci;

--
-- Table structure for table `dialplaninjection_module`
--

CREATE TABLE `dialplaninjection_module` (
  `id` varchar(50) COLLATE utf8mb4_unicode_ci NOT NULL DEFAULT '',
  `value` varchar(100) COLLATE utf8mb4_unicode_ci NOT NULL DEFAULT '',
  PRIMARY KEY (`id`)
) ENGINE=MyISAM DEFAULT CHARSET=utf8mb4 COLLATE=utf8mb4_unicode_ci;

--
-- Table structure for table `disa`
--

CREATE TABLE `disa` (
  `disa_id` int(11) NOT NULL AUTO_INCREMENT,
  `displayname` varchar(50) COLLATE utf8mb4_unicode_ci DEFAULT NULL,
  `pin` varchar(50) COLLATE utf8mb4_unicode_ci DEFAULT NULL,
  `cid` varchar(50) COLLATE utf8mb4_unicode_ci DEFAULT NULL,
  `context` varchar(50) COLLATE utf8mb4_unicode_ci DEFAULT NULL,
  `digittimeout` int(11) DEFAULT NULL,
  `resptimeout` int(11) DEFAULT NULL,
  `needconf` varchar(10) COLLATE utf8mb4_unicode_ci DEFAULT NULL,
  `hangup` varchar(10) COLLATE utf8mb4_unicode_ci DEFAULT NULL,
  `keepcid` tinyint(1) NOT NULL DEFAULT '1',
  PRIMARY KEY (`disa_id`)
) ENGINE=MyISAM DEFAULT CHARSET=utf8mb4 COLLATE=utf8mb4_unicode_ci;

--
-- Table structure for table `dynroute`
--

CREATE TABLE `dynroute` (
  `dynroute_id` int(11) NOT NULL AUTO_INCREMENT,
  `displayname` varchar(50) COLLATE utf8mb4_unicode_ci NOT NULL,
  `sourcetype` varchar(100) COLLATE utf8mb4_unicode_ci DEFAULT NULL,
  `mysql_host` varchar(60) COLLATE utf8mb4_unicode_ci DEFAULT NULL,
  `mysql_dbname` varchar(60) COLLATE utf8mb4_unicode_ci DEFAULT NULL,
  `mysql_query` text COLLATE utf8mb4_unicode_ci,
  `mysql_username` varchar(30) COLLATE utf8mb4_unicode_ci DEFAULT NULL,
  `mysql_password` varchar(30) COLLATE utf8mb4_unicode_ci DEFAULT NULL,
  `odbc_func` varchar(100) COLLATE utf8mb4_unicode_ci DEFAULT NULL,
  `odbc_query` text COLLATE utf8mb4_unicode_ci,
  `url_query` text COLLATE utf8mb4_unicode_ci,
  `agi_query` text COLLATE utf8mb4_unicode_ci,
  `agi_var_name_res` varchar(255) COLLATE utf8mb4_unicode_ci DEFAULT NULL,
  `astvar_query` text COLLATE utf8mb4_unicode_ci,
  `enable_dtmf_input` varchar(8) COLLATE utf8mb4_unicode_ci DEFAULT NULL,
  `timeout` int(11) DEFAULT NULL,
  `announcement_id` int(11) DEFAULT NULL,
  `chan_var_name` varchar(255) COLLATE utf8mb4_unicode_ci DEFAULT NULL,
  `chan_var_name_res` varchar(255) COLLATE utf8mb4_unicode_ci DEFAULT NULL,
  PRIMARY KEY (`dynroute_id`)
) ENGINE=MyISAM AUTO_INCREMENT=2 DEFAULT CHARSET=utf8mb4 COLLATE=utf8mb4_unicode_ci;

--
-- Table structure for table `dynroute_dests`
--

CREATE TABLE `dynroute_dests` (
  `dynroute_id` int(11) NOT NULL,
  `selection` varchar(255) COLLATE utf8mb4_unicode_ci DEFAULT NULL,
  `default_dest` char(1) COLLATE utf8mb4_unicode_ci DEFAULT 'n',
  `dest` varchar(50) COLLATE utf8mb4_unicode_ci DEFAULT NULL
) ENGINE=MyISAM DEFAULT CHARSET=utf8mb4 COLLATE=utf8mb4_unicode_ci;

--
-- Table structure for table `extensions`
--

CREATE TABLE `extensions` (
  `context` varchar(45) COLLATE utf8mb4_unicode_ci NOT NULL DEFAULT 'default',
  `extension` varchar(45) COLLATE utf8mb4_unicode_ci NOT NULL DEFAULT '',
  `priority` varchar(5) COLLATE utf8mb4_unicode_ci NOT NULL DEFAULT '1',
  `application` varchar(45) COLLATE utf8mb4_unicode_ci NOT NULL DEFAULT '',
  `args` varchar(255) COLLATE utf8mb4_unicode_ci DEFAULT NULL,
  `descr` text COLLATE utf8mb4_unicode_ci,
  `flags` int(1) NOT NULL DEFAULT '0',
  PRIMARY KEY (`context`,`extension`,`priority`)
) ENGINE=MyISAM DEFAULT CHARSET=utf8mb4 COLLATE=utf8mb4_unicode_ci;

--
-- Table structure for table `fax_details`
--

CREATE TABLE `fax_details` (
  `key` varchar(50) COLLATE utf8mb4_unicode_ci DEFAULT NULL,
  `value` varchar(510) COLLATE utf8mb4_unicode_ci DEFAULT NULL,
  UNIQUE KEY `key` (`key`)
) ENGINE=MyISAM DEFAULT CHARSET=utf8mb4 COLLATE=utf8mb4_unicode_ci;

--
-- Table structure for table `fax_incoming`
--

CREATE TABLE `fax_incoming` (
  `cidnum` varchar(20) COLLATE utf8mb4_unicode_ci DEFAULT NULL,
  `extension` varchar(50) COLLATE utf8mb4_unicode_ci DEFAULT NULL,
  `detection` varchar(20) COLLATE utf8mb4_unicode_ci DEFAULT NULL,
  `detectionwait` varchar(5) COLLATE utf8mb4_unicode_ci DEFAULT NULL,
  `destination` varchar(50) COLLATE utf8mb4_unicode_ci DEFAULT NULL,
  `legacy_email` varchar(50) COLLATE utf8mb4_unicode_ci DEFAULT NULL
) ENGINE=MyISAM DEFAULT CHARSET=utf8mb4 COLLATE=utf8mb4_unicode_ci;

--
-- Table structure for table `fax_users`
--

CREATE TABLE `fax_users` (
  `user` varchar(15) COLLATE utf8mb4_unicode_ci DEFAULT NULL,
  `faxenabled` varchar(10) COLLATE utf8mb4_unicode_ci DEFAULT NULL,
  `faxemail` text COLLATE utf8mb4_unicode_ci,
  `faxattachformat` varchar(10) COLLATE utf8mb4_unicode_ci DEFAULT NULL,
  UNIQUE KEY `user` (`user`)
) ENGINE=MyISAM DEFAULT CHARSET=utf8mb4 COLLATE=utf8mb4_unicode_ci;

--
-- Table structure for table `featurecodes`
--

CREATE TABLE `featurecodes` (
  `modulename` varchar(50) COLLATE utf8mb4_unicode_ci NOT NULL DEFAULT '',
  `featurename` varchar(50) COLLATE utf8mb4_unicode_ci NOT NULL DEFAULT '',
  `description` varchar(200) COLLATE utf8mb4_unicode_ci NOT NULL DEFAULT '',
  `defaultcode` varchar(20) COLLATE utf8mb4_unicode_ci DEFAULT NULL,
  `customcode` varchar(20) COLLATE utf8mb4_unicode_ci DEFAULT NULL,
  `enabled` tinyint(4) NOT NULL DEFAULT '0',
  `providedest` tinyint(4) NOT NULL DEFAULT '0',
  PRIMARY KEY (`modulename`,`featurename`),
  KEY `enabled` (`enabled`)
) ENGINE=MyISAM DEFAULT CHARSET=utf8mb4 COLLATE=utf8mb4_unicode_ci;

--
-- Table structure for table `findmefollow`
--

CREATE TABLE `findmefollow` (
  `grpnum` varchar(20) COLLATE utf8mb4_unicode_ci NOT NULL,
  `strategy` varchar(50) COLLATE utf8mb4_unicode_ci NOT NULL,
  `grptime` smallint(6) NOT NULL,
  `grppre` varchar(100) COLLATE utf8mb4_unicode_ci DEFAULT NULL,
  `grplist` varchar(255) COLLATE utf8mb4_unicode_ci NOT NULL,
  `annmsg_id` int(11) DEFAULT NULL,
  `postdest` varchar(255) COLLATE utf8mb4_unicode_ci DEFAULT NULL,
  `dring` varchar(255) COLLATE utf8mb4_unicode_ci DEFAULT NULL,
  `remotealert_id` int(11) DEFAULT NULL,
  `needsconf` varchar(10) COLLATE utf8mb4_unicode_ci DEFAULT NULL,
  `toolate_id` int(11) DEFAULT NULL,
  `pre_ring` smallint(6) NOT NULL DEFAULT '0',
  `ringing` varchar(80) COLLATE utf8mb4_unicode_ci DEFAULT NULL,
  PRIMARY KEY (`grpnum`)
) ENGINE=MyISAM DEFAULT CHARSET=utf8mb4 COLLATE=utf8mb4_unicode_ci;

--
-- Table structure for table `gabcast`
--

CREATE TABLE `gabcast` (
  `ext` varchar(50) COLLATE utf8mb4_unicode_ci NOT NULL,
  `channbr` varchar(50) COLLATE utf8mb4_unicode_ci DEFAULT NULL,
  `pin` varchar(50) COLLATE utf8mb4_unicode_ci DEFAULT NULL,
  PRIMARY KEY (`ext`)
) ENGINE=MyISAM DEFAULT CHARSET=utf8mb4 COLLATE=utf8mb4_unicode_ci;

--
-- Table structure for table `globals`
--

CREATE TABLE `globals` (
  `variable` varchar(255) COLLATE utf8_unicode_ci NOT NULL,
  `value` varchar(255) COLLATE utf8_unicode_ci NOT NULL,
  PRIMARY KEY (`variable`)
) ENGINE=MyISAM DEFAULT CHARSET=utf8 COLLATE=utf8_unicode_ci;

--
-- Table structure for table `iax`
--

CREATE TABLE `iax` (
  `id` varchar(20) COLLATE utf8mb4_unicode_ci NOT NULL DEFAULT '-1',
  `keyword` varchar(30) COLLATE utf8mb4_unicode_ci NOT NULL DEFAULT '',
  `data` varchar(255) COLLATE utf8mb4_unicode_ci NOT NULL,
  `flags` int(1) NOT NULL DEFAULT '0',
  PRIMARY KEY (`id`,`keyword`)
) ENGINE=MyISAM DEFAULT CHARSET=utf8mb4 COLLATE=utf8mb4_unicode_ci;

--
-- Table structure for table `iaxsettings`
--

CREATE TABLE `iaxsettings` (
  `keyword` varchar(50) COLLATE utf8mb4_unicode_ci NOT NULL DEFAULT '',
  `data` varchar(255) COLLATE utf8mb4_unicode_ci NOT NULL DEFAULT '',
  `seq` tinyint(1) NOT NULL DEFAULT '0',
  `type` tinyint(1) NOT NULL DEFAULT '0',
  PRIMARY KEY (`keyword`,`seq`,`type`)
) ENGINE=MyISAM DEFAULT CHARSET=utf8mb4 COLLATE=utf8mb4_unicode_ci;

--
-- Table structure for table `incoming`
--

CREATE TABLE `incoming` (
  `cidnum` varchar(20) COLLATE utf8mb4_unicode_ci DEFAULT NULL,
  `extension` varchar(50) COLLATE utf8mb4_unicode_ci NOT NULL,
  `destination` varchar(50) COLLATE utf8mb4_unicode_ci DEFAULT NULL,
  `faxexten` varchar(20) COLLATE utf8mb4_unicode_ci DEFAULT NULL,
  `faxemail` varchar(50) COLLATE utf8mb4_unicode_ci DEFAULT NULL,
  `answer` tinyint(1) DEFAULT NULL,
  `wait` int(2) DEFAULT NULL,
  `privacyman` tinyint(1) DEFAULT NULL,
  `alertinfo` varchar(255) COLLATE utf8mb4_unicode_ci DEFAULT NULL,
  `ringing` varchar(20) COLLATE utf8mb4_unicode_ci DEFAULT NULL,
  `mohclass` varchar(80) COLLATE utf8mb4_unicode_ci NOT NULL DEFAULT 'default',
  `description` varchar(80) COLLATE utf8mb4_unicode_ci DEFAULT NULL,
  `grppre` varchar(80) COLLATE utf8mb4_unicode_ci DEFAULT NULL,
  `delay_answer` int(2) DEFAULT NULL,
  `pricid` varchar(20) COLLATE utf8mb4_unicode_ci DEFAULT NULL,
  `pmmaxretries` varchar(2) COLLATE utf8mb4_unicode_ci DEFAULT NULL,
  `pmminlength` varchar(2) COLLATE utf8mb4_unicode_ci DEFAULT NULL
) ENGINE=MyISAM DEFAULT CHARSET=utf8mb4 COLLATE=utf8mb4_unicode_ci;

--
-- Table structure for table `indications_zonelist`
--

CREATE TABLE `indications_zonelist` (
  `name` varchar(80) COLLATE utf8mb4_unicode_ci NOT NULL,
  `iso` varchar(20) COLLATE utf8mb4_unicode_ci NOT NULL,
  `conf` blob,
  PRIMARY KEY (`iso`)
) ENGINE=MyISAM DEFAULT CHARSET=utf8mb4 COLLATE=utf8mb4_unicode_ci;

--
-- Table structure for table `inventorydb`
--

CREATE TABLE `inventorydb` (
  `id` int(11) NOT NULL AUTO_INCREMENT,
  `empnum` varchar(10) COLLATE utf8mb4_unicode_ci DEFAULT NULL,
  `empname` varchar(20) COLLATE utf8mb4_unicode_ci NOT NULL,
  `building` varchar(150) COLLATE utf8mb4_unicode_ci DEFAULT NULL,
  `floor` varchar(10) COLLATE utf8mb4_unicode_ci DEFAULT NULL,
  `room` varchar(10) COLLATE utf8mb4_unicode_ci DEFAULT NULL,
  `section` varchar(6) COLLATE utf8mb4_unicode_ci DEFAULT NULL,
  `cubicle` varchar(6) COLLATE utf8mb4_unicode_ci DEFAULT NULL,
  `desk` varchar(6) COLLATE utf8mb4_unicode_ci DEFAULT NULL,
  `exten` varchar(8) COLLATE utf8mb4_unicode_ci DEFAULT NULL,
  `phusername` varchar(10) COLLATE utf8mb4_unicode_ci DEFAULT NULL,
  `phpassword` varchar(10) COLLATE utf8mb4_unicode_ci DEFAULT NULL,
  `mac` varchar(18) COLLATE utf8mb4_unicode_ci DEFAULT NULL,
  `serial` varchar(20) COLLATE utf8mb4_unicode_ci DEFAULT NULL,
  `device` varchar(20) COLLATE utf8mb4_unicode_ci DEFAULT NULL,
  `distdate` varchar(10) COLLATE utf8mb4_unicode_ci DEFAULT NULL,
  `ip` varchar(14) COLLATE utf8mb4_unicode_ci DEFAULT NULL,
  `pbxbox` varchar(20) COLLATE utf8mb4_unicode_ci DEFAULT NULL,
  `extrainfo` varchar(256) COLLATE utf8mb4_unicode_ci DEFAULT NULL,
  PRIMARY KEY (`id`)
) ENGINE=MyISAM DEFAULT CHARSET=utf8mb4 COLLATE=utf8mb4_unicode_ci;

--
-- Table structure for table `issabelpbx_log`
--

CREATE TABLE `issabelpbx_log` (
  `id` int(11) NOT NULL AUTO_INCREMENT,
  `time` datetime NOT NULL DEFAULT '0000-00-00 00:00:00',
  `section` varchar(50) COLLATE utf8mb4_unicode_ci DEFAULT NULL,
  `level` enum('error','warning','debug','devel-debug') COLLATE utf8mb4_unicode_ci NOT NULL DEFAULT 'error',
  `status` int(11) NOT NULL DEFAULT '0',
  `message` text COLLATE utf8mb4_unicode_ci NOT NULL,
  PRIMARY KEY (`id`),
  KEY `time` (`time`,`level`)
) ENGINE=MyISAM AUTO_INCREMENT=3 DEFAULT CHARSET=utf8mb4 COLLATE=utf8mb4_unicode_ci;

--
-- Table structure for table `issabelpbx_settings`
--

CREATE TABLE `issabelpbx_settings` (
  `keyword` varchar(50) COLLATE utf8mb4_unicode_ci NOT NULL DEFAULT '',
  `value` varchar(255) COLLATE utf8mb4_unicode_ci DEFAULT NULL,
  `name` varchar(80) COLLATE utf8mb4_unicode_ci DEFAULT NULL,
  `level` tinyint(1) DEFAULT '0',
  `description` text COLLATE utf8mb4_unicode_ci,
  `type` varchar(25) COLLATE utf8mb4_unicode_ci DEFAULT NULL,
  `options` text COLLATE utf8mb4_unicode_ci,
  `defaultval` varchar(255) COLLATE utf8mb4_unicode_ci DEFAULT NULL,
  `readonly` tinyint(1) DEFAULT '0',
  `hidden` tinyint(1) DEFAULT '0',
  `category` varchar(50) COLLATE utf8mb4_unicode_ci DEFAULT NULL,
  `module` varchar(25) COLLATE utf8mb4_unicode_ci DEFAULT NULL,
  `emptyok` tinyint(1) DEFAULT '1',
  `sortorder` int(11) DEFAULT '0',
  PRIMARY KEY (`keyword`)
) ENGINE=MyISAM DEFAULT CHARSET=utf8mb4 COLLATE=utf8mb4_unicode_ci;

--
-- Table structure for table `ivr_details`
--

CREATE TABLE `ivr_details` (
  `id` int(11) NOT NULL AUTO_INCREMENT,
  `name` varchar(50) COLLATE utf8mb4_unicode_ci DEFAULT NULL,
  `description` varchar(150) COLLATE utf8mb4_unicode_ci DEFAULT NULL,
  `announcement` varchar(25) COLLATE utf8mb4_unicode_ci DEFAULT NULL,
  `directdial` varchar(50) COLLATE utf8mb4_unicode_ci DEFAULT NULL,
  `invalid_loops` varchar(10) COLLATE utf8mb4_unicode_ci DEFAULT NULL,
  `invalid_retry_recording` varchar(25) COLLATE utf8mb4_unicode_ci DEFAULT NULL,
  `invalid_destination` varchar(50) COLLATE utf8mb4_unicode_ci DEFAULT NULL,
  `invalid_recording` varchar(25) COLLATE utf8mb4_unicode_ci DEFAULT NULL,
  `retvm` varchar(8) COLLATE utf8mb4_unicode_ci DEFAULT NULL,
  `timeout_time` int(11) DEFAULT NULL,
  `timeout_recording` varchar(25) COLLATE utf8mb4_unicode_ci DEFAULT NULL,
  `timeout_retry_recording` varchar(25) COLLATE utf8mb4_unicode_ci DEFAULT NULL,
  `timeout_destination` varchar(50) COLLATE utf8mb4_unicode_ci DEFAULT NULL,
  `timeout_loops` varchar(11) COLLATE utf8mb4_unicode_ci DEFAULT NULL,
  `timeout_append_announce` tinyint(1) NOT NULL DEFAULT '1',
  `invalid_append_announce` tinyint(1) NOT NULL DEFAULT '1',
  `timeout_ivr_ret` tinyint(1) NOT NULL DEFAULT '0',
  `invalid_ivr_ret` tinyint(1) NOT NULL DEFAULT '0',
  PRIMARY KEY (`id`)
) ENGINE=MyISAM AUTO_INCREMENT=5 DEFAULT CHARSET=utf8mb4 COLLATE=utf8mb4_unicode_ci;

--
-- Table structure for table `ivr_entries`
--

CREATE TABLE `ivr_entries` (
  `ivr_id` int(11) NOT NULL,
  `selection` varchar(10) COLLATE utf8mb4_unicode_ci DEFAULT NULL,
  `dest` varchar(50) COLLATE utf8mb4_unicode_ci DEFAULT NULL,
  `ivr_ret` tinyint(1) NOT NULL DEFAULT '0'
) ENGINE=MyISAM DEFAULT CHARSET=utf8mb4 COLLATE=utf8mb4_unicode_ci;

--
-- Table structure for table `language_incoming`
--

CREATE TABLE `language_incoming` (
  `extension` varchar(50) COLLATE utf8mb4_unicode_ci DEFAULT NULL,
  `cidnum` varchar(50) COLLATE utf8mb4_unicode_ci DEFAULT NULL,
  `language` varchar(10) COLLATE utf8mb4_unicode_ci DEFAULT NULL
) ENGINE=MyISAM DEFAULT CHARSET=utf8mb4 COLLATE=utf8mb4_unicode_ci;

--
-- Table structure for table `languages`
--

CREATE TABLE `languages` (
  `language_id` int(11) NOT NULL AUTO_INCREMENT,
  `lang_code` varchar(50) COLLATE utf8mb4_unicode_ci DEFAULT NULL,
  `description` varchar(50) COLLATE utf8mb4_unicode_ci DEFAULT NULL,
  `dest` varchar(255) COLLATE utf8mb4_unicode_ci DEFAULT NULL,
  PRIMARY KEY (`language_id`)
) ENGINE=MyISAM DEFAULT CHARSET=utf8mb4 COLLATE=utf8mb4_unicode_ci;

--
-- Table structure for table `logfile_logfiles`
--

CREATE TABLE `logfile_logfiles` (
  `name` varchar(25) COLLATE utf8mb4_unicode_ci NOT NULL DEFAULT '',
  `debug` varchar(25) COLLATE utf8mb4_unicode_ci DEFAULT NULL,
  `dtmf` varchar(25) COLLATE utf8mb4_unicode_ci DEFAULT NULL,
  `error` varchar(25) COLLATE utf8mb4_unicode_ci DEFAULT NULL,
  `fax` varchar(25) COLLATE utf8mb4_unicode_ci DEFAULT NULL,
  `notice` varchar(25) COLLATE utf8mb4_unicode_ci DEFAULT NULL,
  `verbose` varchar(25) COLLATE utf8mb4_unicode_ci DEFAULT NULL,
  `warning` varchar(25) COLLATE utf8mb4_unicode_ci DEFAULT NULL,
  `security` varchar(25) COLLATE utf8mb4_unicode_ci DEFAULT NULL,
  PRIMARY KEY (`name`)
) ENGINE=MyISAM DEFAULT CHARSET=utf8mb4 COLLATE=utf8mb4_unicode_ci;

--
-- Table structure for table `logfile_settings`
--

CREATE TABLE `logfile_settings` (
  `key` varchar(100) COLLATE utf8mb4_unicode_ci NOT NULL DEFAULT '',
  `value` varchar(255) COLLATE utf8mb4_unicode_ci DEFAULT NULL,
  PRIMARY KEY (`key`)
) ENGINE=MyISAM DEFAULT CHARSET=utf8mb4 COLLATE=utf8mb4_unicode_ci;

--
-- Table structure for table `manager`
--

CREATE TABLE `manager` (
  `manager_id` int(11) NOT NULL AUTO_INCREMENT,
  `name` varchar(15) COLLATE utf8mb4_unicode_ci NOT NULL,
  `secret` varchar(50) COLLATE utf8mb4_unicode_ci DEFAULT NULL,
  `deny` varchar(255) COLLATE utf8mb4_unicode_ci DEFAULT NULL,
  `permit` varchar(255) COLLATE utf8mb4_unicode_ci DEFAULT NULL,
  `read` varchar(255) COLLATE utf8mb4_unicode_ci DEFAULT NULL,
  `write` varchar(255) COLLATE utf8mb4_unicode_ci DEFAULT NULL,
  PRIMARY KEY (`manager_id`)
) ENGINE=MyISAM DEFAULT CHARSET=utf8mb4 COLLATE=utf8mb4_unicode_ci;

--
-- Table structure for table `managersettings`
--

CREATE TABLE `managersettings` (
  `keyword` varchar(50) COLLATE utf8mb4_unicode_ci NOT NULL DEFAULT '',
  `data` varchar(255) COLLATE utf8mb4_unicode_ci NOT NULL DEFAULT '',
  `seq` tinyint(1) NOT NULL DEFAULT '0',
  `type` tinyint(1) NOT NULL DEFAULT '0',
  PRIMARY KEY (`keyword`,`seq`,`type`)
) ENGINE=MyISAM DEFAULT CHARSET=utf8mb4 COLLATE=utf8mb4_unicode_ci;

--
-- Table structure for table `meetme`
--

CREATE TABLE `meetme` (
  `exten` varchar(50) COLLATE utf8mb4_unicode_ci NOT NULL,
  `options` varchar(15) COLLATE utf8mb4_unicode_ci DEFAULT NULL,
  `userpin` varchar(50) COLLATE utf8mb4_unicode_ci DEFAULT NULL,
  `adminpin` varchar(50) COLLATE utf8mb4_unicode_ci DEFAULT NULL,
  `description` varchar(50) COLLATE utf8mb4_unicode_ci DEFAULT NULL,
  `joinmsg_id` int(11) DEFAULT NULL,
  `music` varchar(80) COLLATE utf8mb4_unicode_ci DEFAULT NULL,
  `users` tinyint(4) DEFAULT '0'
) ENGINE=MyISAM DEFAULT CHARSET=utf8mb4 COLLATE=utf8mb4_unicode_ci;

--
-- Table structure for table `miscapps`
--

CREATE TABLE `miscapps` (
  `miscapps_id` int(11) NOT NULL AUTO_INCREMENT,
  `ext` varchar(50) COLLATE utf8mb4_unicode_ci DEFAULT NULL,
  `description` varchar(50) COLLATE utf8mb4_unicode_ci DEFAULT NULL,
  `dest` varchar(255) COLLATE utf8mb4_unicode_ci DEFAULT NULL,
  PRIMARY KEY (`miscapps_id`)
) ENGINE=MyISAM DEFAULT CHARSET=utf8mb4 COLLATE=utf8mb4_unicode_ci;

--
-- Table structure for table `miscdests`
--

CREATE TABLE `miscdests` (
  `id` int(11) NOT NULL AUTO_INCREMENT,
  `description` varchar(100) COLLATE utf8mb4_unicode_ci NOT NULL,
  `destdial` varchar(100) COLLATE utf8mb4_unicode_ci NOT NULL,
  PRIMARY KEY (`id`)
) ENGINE=MyISAM DEFAULT CHARSET=utf8mb4 COLLATE=utf8mb4_unicode_ci;

--
-- Table structure for table `module_xml`
--

CREATE TABLE `module_xml` (
  `id` varchar(20) COLLATE utf8mb4_unicode_ci NOT NULL DEFAULT 'xml',
  `time` int(11) NOT NULL DEFAULT '0',
  `data` mediumblob NOT NULL,
  PRIMARY KEY (`id`)
) ENGINE=MyISAM DEFAULT CHARSET=utf8mb4 COLLATE=utf8mb4_unicode_ci;

--
-- Table structure for table `modules`
--

CREATE TABLE `modules` (
  `id` int(11) NOT NULL AUTO_INCREMENT,
  `modulename` varchar(50) COLLATE utf8mb4_unicode_ci NOT NULL DEFAULT '',
  `version` varchar(20) COLLATE utf8mb4_unicode_ci NOT NULL DEFAULT '',
  `enabled` tinyint(4) NOT NULL DEFAULT '0',
  PRIMARY KEY (`id`)
) ENGINE=MyISAM AUTO_INCREMENT=123 DEFAULT CHARSET=utf8mb4 COLLATE=utf8mb4_unicode_ci;

--
-- Table structure for table `notifications`
--

CREATE TABLE `notifications` (
  `module` varchar(24) COLLATE utf8mb4_unicode_ci NOT NULL DEFAULT '',
  `id` varchar(24) COLLATE utf8mb4_unicode_ci NOT NULL DEFAULT '',
  `level` int(11) NOT NULL DEFAULT '0',
  `display_text` varchar(255) COLLATE utf8mb4_unicode_ci NOT NULL DEFAULT '',
  `extended_text` blob NOT NULL,
  `link` varchar(255) COLLATE utf8mb4_unicode_ci NOT NULL DEFAULT '',
  `reset` tinyint(4) NOT NULL DEFAULT '0',
  `candelete` tinyint(4) NOT NULL DEFAULT '0',
  `timestamp` int(11) NOT NULL DEFAULT '0',
  PRIMARY KEY (`module`,`id`)
) ENGINE=MyISAM DEFAULT CHARSET=utf8mb4 COLLATE=utf8mb4_unicode_ci;

--
-- Table structure for table `outbound_route_patterns`
--

CREATE TABLE `outbound_route_patterns` (
  `route_id` int(11) NOT NULL,
  `match_pattern_prefix` varchar(60) COLLATE utf8_unicode_ci NOT NULL DEFAULT '',
  `match_pattern_pass` varchar(60) COLLATE utf8_unicode_ci NOT NULL DEFAULT '',
  `match_cid` varchar(60) COLLATE utf8_unicode_ci NOT NULL DEFAULT '',
  `prepend_digits` varchar(100) COLLATE utf8_unicode_ci NOT NULL DEFAULT '',
  PRIMARY KEY (`route_id`,`match_pattern_prefix`,`match_pattern_pass`,`match_cid`,`prepend_digits`)
) ENGINE=MyISAM DEFAULT CHARSET=utf8 COLLATE=utf8_unicode_ci;

--
-- Table structure for table `outbound_route_sequence`
--

CREATE TABLE `outbound_route_sequence` (
  `route_id` int(11) NOT NULL,
  `seq` int(11) NOT NULL,
  PRIMARY KEY (`route_id`,`seq`)
) ENGINE=MyISAM DEFAULT CHARSET=utf8mb4 COLLATE=utf8mb4_unicode_ci;

--
-- Table structure for table `outbound_route_trunks`
--

CREATE TABLE `outbound_route_trunks` (
  `route_id` int(11) NOT NULL,
  `trunk_id` int(11) NOT NULL,
  `seq` int(11) NOT NULL,
  PRIMARY KEY (`route_id`,`trunk_id`,`seq`)
) ENGINE=MyISAM DEFAULT CHARSET=utf8mb4 COLLATE=utf8mb4_unicode_ci;

--
-- Table structure for table `outbound_routes`
--

CREATE TABLE `outbound_routes` (
  `route_id` int(11) NOT NULL AUTO_INCREMENT,
  `name` varchar(40) COLLATE utf8mb4_unicode_ci DEFAULT NULL,
  `outcid` varchar(40) COLLATE utf8mb4_unicode_ci DEFAULT NULL,
  `outcid_mode` varchar(20) COLLATE utf8mb4_unicode_ci DEFAULT NULL,
  `password` varchar(30) COLLATE utf8mb4_unicode_ci DEFAULT NULL,
  `emergency_route` varchar(4) COLLATE utf8mb4_unicode_ci DEFAULT NULL,
  `intracompany_route` varchar(4) COLLATE utf8mb4_unicode_ci DEFAULT NULL,
  `mohclass` varchar(80) COLLATE utf8mb4_unicode_ci DEFAULT NULL,
  `time_group_id` int(11) DEFAULT NULL,
  `dest` varchar(255) COLLATE utf8mb4_unicode_ci DEFAULT NULL,
  PRIMARY KEY (`route_id`)
) ENGINE=MyISAM AUTO_INCREMENT=9 DEFAULT CHARSET=utf8mb4 COLLATE=utf8mb4_unicode_ci;

--
-- Table structure for table `outroutemsg`
--

CREATE TABLE `outroutemsg` (
  `keyword` varchar(40) COLLATE utf8mb4_unicode_ci NOT NULL DEFAULT '',
  `data` varchar(10) COLLATE utf8mb4_unicode_ci NOT NULL,
  PRIMARY KEY (`keyword`)
) ENGINE=MyISAM DEFAULT CHARSET=utf8mb4 COLLATE=utf8mb4_unicode_ci;

--
-- Table structure for table `paging_autoanswer`
--

CREATE TABLE `paging_autoanswer` (
  `useragent` varchar(255) COLLATE utf8_unicode_ci NOT NULL,
  `var` varchar(20) COLLATE utf8_unicode_ci NOT NULL,
  `setting` varchar(255) COLLATE utf8_unicode_ci NOT NULL,
  PRIMARY KEY (`useragent`,`var`)
) ENGINE=MyISAM DEFAULT CHARSET=utf8 COLLATE=utf8_unicode_ci;

--
-- Table structure for table `paging_config`
--

CREATE TABLE `paging_config` (
  `page_group` varchar(255) COLLATE utf8_unicode_ci NOT NULL DEFAULT '',
  `force_page` int(1) NOT NULL,
  `duplex` int(1) NOT NULL DEFAULT '0',
  `description` varchar(255) COLLATE utf8_unicode_ci NOT NULL DEFAULT '',
  PRIMARY KEY (`page_group`)
) ENGINE=MyISAM DEFAULT CHARSET=utf8 COLLATE=utf8_unicode_ci;

--
-- Table structure for table `paging_groups`
--

CREATE TABLE `paging_groups` (
  `page_number` varchar(50) COLLATE utf8mb4_unicode_ci NOT NULL DEFAULT '',
  `ext` varchar(25) COLLATE utf8mb4_unicode_ci NOT NULL DEFAULT '',
  PRIMARY KEY (`page_number`,`ext`)
) ENGINE=MyISAM DEFAULT CHARSET=utf8mb4 COLLATE=utf8mb4_unicode_ci;

--
-- Table structure for table `parkplus`
--

CREATE TABLE `parkplus` (
  `id` int(11) NOT NULL AUTO_INCREMENT,
  `defaultlot` varchar(10) COLLATE utf8mb4_unicode_ci NOT NULL DEFAULT 'no',
  `type` varchar(10) COLLATE utf8mb4_unicode_ci NOT NULL DEFAULT 'public',
  `name` varchar(40) COLLATE utf8mb4_unicode_ci NOT NULL DEFAULT '',
  `parkext` varchar(40) COLLATE utf8mb4_unicode_ci NOT NULL DEFAULT '',
  `parkpos` varchar(40) COLLATE utf8mb4_unicode_ci NOT NULL DEFAULT '',
  `numslots` int(11) NOT NULL DEFAULT '4',
  `parkingtime` int(11) NOT NULL DEFAULT '45',
  `parkedmusicclass` varchar(100) COLLATE utf8mb4_unicode_ci NOT NULL DEFAULT 'default',
  `generatefc` varchar(10) COLLATE utf8mb4_unicode_ci NOT NULL DEFAULT 'yes',
  `generatehints` varchar(10) COLLATE utf8mb4_unicode_ci NOT NULL DEFAULT 'yes',
  `findslot` varchar(10) COLLATE utf8mb4_unicode_ci NOT NULL DEFAULT 'first',
  `parkedplay` varchar(10) COLLATE utf8mb4_unicode_ci NOT NULL DEFAULT 'both',
  `parkedcalltransfers` varchar(10) COLLATE utf8mb4_unicode_ci NOT NULL DEFAULT 'caller',
  `parkedcallreparking` varchar(10) COLLATE utf8mb4_unicode_ci NOT NULL DEFAULT 'caller',
  `alertinfo` varchar(254) COLLATE utf8mb4_unicode_ci NOT NULL DEFAULT '',
  `cidpp` varchar(100) COLLATE utf8mb4_unicode_ci NOT NULL DEFAULT '',
  `autocidpp` varchar(10) COLLATE utf8mb4_unicode_ci NOT NULL DEFAULT 'none',
  `announcement_id` int(11) DEFAULT NULL,
  `comebacktoorigin` varchar(10) COLLATE utf8mb4_unicode_ci NOT NULL DEFAULT 'yes',
  `dest` varchar(100) COLLATE utf8mb4_unicode_ci NOT NULL DEFAULT 'app-blackhole,hangup,1',
  PRIMARY KEY (`id`)
) ENGINE=MyISAM AUTO_INCREMENT=2 DEFAULT CHARSET=utf8mb4 COLLATE=utf8mb4_unicode_ci;

--
-- Table structure for table `phpagiconf`
--

CREATE TABLE `phpagiconf` (
  `phpagiid` int(11) NOT NULL AUTO_INCREMENT,
  `debug` tinyint(1) DEFAULT NULL,
  `error_handler` tinyint(1) DEFAULT NULL,
  `err_email` varchar(50) COLLATE utf8mb4_unicode_ci DEFAULT NULL,
  `hostname` varchar(255) COLLATE utf8mb4_unicode_ci DEFAULT NULL,
  `tempdir` varchar(255) COLLATE utf8mb4_unicode_ci DEFAULT NULL,
  `festival_text2wave` varchar(255) COLLATE utf8mb4_unicode_ci DEFAULT NULL,
  `asman_server` varchar(255) COLLATE utf8mb4_unicode_ci DEFAULT NULL,
  `asman_port` int(11) NOT NULL,
  `asman_user` varchar(50) COLLATE utf8mb4_unicode_ci DEFAULT NULL,
  `asman_secret` varchar(255) COLLATE utf8mb4_unicode_ci DEFAULT NULL,
  `cepstral_swift` varchar(255) COLLATE utf8mb4_unicode_ci DEFAULT NULL,
  `cepstral_voice` varchar(50) COLLATE utf8mb4_unicode_ci DEFAULT NULL,
  `setuid` tinyint(1) DEFAULT NULL,
  `basedir` varchar(255) COLLATE utf8mb4_unicode_ci DEFAULT NULL,
  PRIMARY KEY (`phpagiid`)
) ENGINE=MyISAM DEFAULT CHARSET=utf8mb4 COLLATE=utf8mb4_unicode_ci;

--
-- Table structure for table `pinset_usage`
--

CREATE TABLE `pinset_usage` (
  `pinsets_id` int(11) NOT NULL,
  `dispname` varchar(30) COLLATE utf8mb4_unicode_ci NOT NULL DEFAULT '',
  `foreign_id` varchar(30) COLLATE utf8mb4_unicode_ci NOT NULL DEFAULT '',
  PRIMARY KEY (`dispname`,`foreign_id`)
) ENGINE=MyISAM DEFAULT CHARSET=utf8mb4 COLLATE=utf8mb4_unicode_ci;

--
-- Table structure for table `pinsets`
--

CREATE TABLE `pinsets` (
  `pinsets_id` int(11) NOT NULL AUTO_INCREMENT,
  `passwords` longtext COLLATE utf8mb4_unicode_ci,
  `description` varchar(50) COLLATE utf8mb4_unicode_ci DEFAULT NULL,
  `addtocdr` tinyint(1) DEFAULT NULL,
  `deptname` varchar(50) COLLATE utf8mb4_unicode_ci DEFAULT NULL,
  PRIMARY KEY (`pinsets_id`)
) ENGINE=MyISAM DEFAULT CHARSET=utf8mb4 COLLATE=utf8mb4_unicode_ci;

--
-- Table structure for table `pjsipsettings`
--

CREATE TABLE `pjsipsettings` (
  `keyword` varchar(50) COLLATE utf8mb4_unicode_ci NOT NULL DEFAULT '',
  `data` varchar(255) COLLATE utf8mb4_unicode_ci NOT NULL DEFAULT '',
  `seq` tinyint(1) NOT NULL DEFAULT '0',
  `type` tinyint(1) NOT NULL DEFAULT '0',
  PRIMARY KEY (`keyword`,`seq`,`type`)
) ENGINE=MyISAM DEFAULT CHARSET=utf8mb4 COLLATE=utf8mb4_unicode_ci;

--
-- Table structure for table `queueprio`
--

CREATE TABLE `queueprio` (
  `queueprio_id` int(11) NOT NULL AUTO_INCREMENT,
  `queue_priority` varchar(50) COLLATE utf8mb4_unicode_ci DEFAULT NULL,
  `description` varchar(50) COLLATE utf8mb4_unicode_ci DEFAULT NULL,
  `dest` varchar(255) COLLATE utf8mb4_unicode_ci DEFAULT NULL,
  PRIMARY KEY (`queueprio_id`)
) ENGINE=MyISAM DEFAULT CHARSET=utf8mb4 COLLATE=utf8mb4_unicode_ci;

--
-- Table structure for table `queues_config`
--

CREATE TABLE `queues_config` (
  `extension` varchar(20) COLLATE utf8mb4_unicode_ci NOT NULL DEFAULT '',
  `descr` varchar(35) COLLATE utf8mb4_unicode_ci NOT NULL DEFAULT '',
  `grppre` varchar(100) COLLATE utf8mb4_unicode_ci NOT NULL DEFAULT '',
  `alertinfo` varchar(254) COLLATE utf8mb4_unicode_ci NOT NULL DEFAULT '',
  `ringing` tinyint(1) NOT NULL DEFAULT '0',
  `maxwait` varchar(8) COLLATE utf8mb4_unicode_ci NOT NULL DEFAULT '',
  `password` varchar(20) COLLATE utf8mb4_unicode_ci NOT NULL DEFAULT '',
  `ivr_id` varchar(8) COLLATE utf8mb4_unicode_ci NOT NULL DEFAULT '0',
  `dest` varchar(50) COLLATE utf8mb4_unicode_ci NOT NULL DEFAULT '',
  `cwignore` tinyint(1) NOT NULL DEFAULT '0',
  `qregex` varchar(255) COLLATE utf8mb4_unicode_ci DEFAULT NULL,
  `agentannounce_id` int(11) DEFAULT NULL,
  `joinannounce_id` int(11) DEFAULT NULL,
  `queuewait` tinyint(1) DEFAULT '0',
  `use_queue_context` tinyint(1) DEFAULT '0',
  `togglehint` tinyint(1) DEFAULT '0',
  `qnoanswer` tinyint(1) DEFAULT '0',
  `callconfirm` tinyint(1) DEFAULT '0',
  `callconfirm_id` int(11) DEFAULT NULL,
  `monitor_type` varchar(5) COLLATE utf8mb4_unicode_ci DEFAULT NULL,
  `monitor_heard` int(11) DEFAULT NULL,
  `monitor_spoken` int(11) DEFAULT NULL,
  `callback_id` varchar(8) COLLATE utf8mb4_unicode_ci NOT NULL DEFAULT '',
  `destcontinue` varchar(50) COLLATE utf8mb4_unicode_ci NOT NULL DEFAULT '',
  PRIMARY KEY (`extension`)
) ENGINE=MyISAM DEFAULT CHARSET=utf8mb4 COLLATE=utf8mb4_unicode_ci;

--
-- Table structure for table `queues_details`
--

CREATE TABLE `queues_details` (
  `id` varchar(45) COLLATE utf8mb4_unicode_ci NOT NULL DEFAULT '-1',
  `keyword` varchar(30) COLLATE utf8mb4_unicode_ci NOT NULL DEFAULT '',
  `data` varchar(150) COLLATE utf8mb4_unicode_ci NOT NULL DEFAULT '',
  `flags` int(1) NOT NULL DEFAULT '0',
  PRIMARY KEY (`id`,`keyword`,`data`)
) ENGINE=MyISAM DEFAULT CHARSET=utf8mb4 COLLATE=utf8mb4_unicode_ci;

--
-- Table structure for table `recordings`
--

CREATE TABLE `recordings` (
  `id` int(11) NOT NULL AUTO_INCREMENT,
  `displayname` varchar(50) COLLATE utf8mb4_unicode_ci DEFAULT NULL,
  `filename` blob,
  `description` varchar(254) COLLATE utf8mb4_unicode_ci DEFAULT NULL,
  `fcode` tinyint(1) DEFAULT '0',
  `fcode_pass` varchar(20) COLLATE utf8mb4_unicode_ci DEFAULT NULL,
  PRIMARY KEY (`id`)
) ENGINE=MyISAM AUTO_INCREMENT=5 DEFAULT CHARSET=utf8mb4 COLLATE=utf8mb4_unicode_ci;

--
-- Table structure for table `ringgroups`
--

CREATE TABLE `ringgroups` (
  `grpnum` varchar(20) COLLATE utf8mb4_unicode_ci NOT NULL,
  `strategy` varchar(50) COLLATE utf8mb4_unicode_ci NOT NULL,
  `grptime` smallint(6) NOT NULL,
  `grppre` varchar(100) COLLATE utf8mb4_unicode_ci DEFAULT NULL,
  `grplist` varchar(255) COLLATE utf8mb4_unicode_ci NOT NULL,
  `annmsg_id` int(11) DEFAULT NULL,
  `postdest` varchar(255) COLLATE utf8mb4_unicode_ci DEFAULT NULL,
  `description` varchar(35) COLLATE utf8mb4_unicode_ci NOT NULL,
  `alertinfo` varchar(255) COLLATE utf8mb4_unicode_ci DEFAULT NULL,
  `remotealert_id` int(11) DEFAULT NULL,
  `needsconf` varchar(10) COLLATE utf8mb4_unicode_ci DEFAULT NULL,
  `toolate_id` int(11) DEFAULT NULL,
  `ringing` varchar(80) COLLATE utf8mb4_unicode_ci DEFAULT NULL,
  `cwignore` varchar(10) COLLATE utf8mb4_unicode_ci DEFAULT NULL,
  `cfignore` varchar(10) COLLATE utf8mb4_unicode_ci DEFAULT NULL,
  `cpickup` varchar(10) COLLATE utf8mb4_unicode_ci DEFAULT NULL,
  `recording` varchar(10) COLLATE utf8mb4_unicode_ci DEFAULT 'dontcare',
  PRIMARY KEY (`grpnum`)
) ENGINE=MyISAM DEFAULT CHARSET=utf8mb4 COLLATE=utf8mb4_unicode_ci;

--
-- Table structure for table `setcid`
--

CREATE TABLE `setcid` (
  `cid_id` int(11) NOT NULL AUTO_INCREMENT,
  `cid_name` varchar(150) COLLATE utf8mb4_unicode_ci DEFAULT NULL,
  `cid_num` varchar(150) COLLATE utf8mb4_unicode_ci DEFAULT NULL,
  `description` varchar(50) COLLATE utf8mb4_unicode_ci DEFAULT NULL,
  `dest` varchar(255) COLLATE utf8mb4_unicode_ci DEFAULT NULL,
  `variables` text COLLATE utf8mb4_unicode_ci,
  PRIMARY KEY (`cid_id`)
) ENGINE=MyISAM DEFAULT CHARSET=utf8mb4 COLLATE=utf8mb4_unicode_ci;

--
-- Table structure for table `sip`
--

CREATE TABLE `sip` (
  `id` varchar(20) COLLATE utf8mb4_unicode_ci NOT NULL DEFAULT '-1',
  `keyword` varchar(30) COLLATE utf8mb4_unicode_ci NOT NULL DEFAULT '',
  `data` varchar(255) COLLATE utf8mb4_unicode_ci NOT NULL,
  `flags` int(1) NOT NULL DEFAULT '0',
  PRIMARY KEY (`id`,`keyword`)
) ENGINE=MyISAM DEFAULT CHARSET=utf8mb4 COLLATE=utf8mb4_unicode_ci;

--
-- Table structure for table `sipsettings`
--

CREATE TABLE `sipsettings` (
  `keyword` varchar(50) COLLATE utf8mb4_unicode_ci NOT NULL DEFAULT '',
  `data` varchar(255) COLLATE utf8mb4_unicode_ci NOT NULL DEFAULT '',
  `seq` tinyint(1) NOT NULL DEFAULT '0',
  `type` tinyint(1) NOT NULL DEFAULT '0',
  PRIMARY KEY (`keyword`,`seq`,`type`)
) ENGINE=MyISAM DEFAULT CHARSET=utf8mb4 COLLATE=utf8mb4_unicode_ci;

--
-- Table structure for table `timeconditions`
--

CREATE TABLE `timeconditions` (
  `timeconditions_id` int(11) NOT NULL AUTO_INCREMENT,
  `displayname` varchar(50) COLLATE utf8mb4_unicode_ci DEFAULT NULL,
  `time` int(11) DEFAULT NULL,
  `truegoto` varchar(50) COLLATE utf8mb4_unicode_ci DEFAULT NULL,
  `falsegoto` varchar(50) COLLATE utf8mb4_unicode_ci DEFAULT NULL,
  `deptname` varchar(50) COLLATE utf8mb4_unicode_ci DEFAULT NULL,
  `generate_hint` tinyint(1) DEFAULT '0',
  `priority` varchar(50) COLLATE utf8mb4_unicode_ci NOT NULL DEFAULT '0',
  PRIMARY KEY (`timeconditions_id`)
) ENGINE=MyISAM AUTO_INCREMENT=6 DEFAULT CHARSET=utf8mb4 COLLATE=utf8mb4_unicode_ci;

--
-- Table structure for table `timegroups_details`
--

CREATE TABLE `timegroups_details` (
  `id` int(11) NOT NULL AUTO_INCREMENT,
  `name` varchar(100) COLLATE utf8mb4_unicode_ci NOT NULL DEFAULT '',
  `timegroupid` int(11) NOT NULL DEFAULT '0',
  `time` varchar(100) COLLATE utf8mb4_unicode_ci NOT NULL DEFAULT '',
  PRIMARY KEY (`id`)
) ENGINE=MyISAM AUTO_INCREMENT=119 DEFAULT CHARSET=utf8mb4 COLLATE=utf8mb4_unicode_ci;

--
-- Table structure for table `timegroups_groups`
--

CREATE TABLE `timegroups_groups` (
  `id` int(11) NOT NULL AUTO_INCREMENT,
  `description` varchar(50) COLLATE utf8mb4_unicode_ci NOT NULL DEFAULT '',
  PRIMARY KEY (`id`),
  UNIQUE KEY `display` (`description`)
) ENGINE=MyISAM AUTO_INCREMENT=7 DEFAULT CHARSET=utf8mb4 COLLATE=utf8mb4_unicode_ci;

--
-- Table structure for table `trunk_dialpatterns`
--

CREATE TABLE `trunk_dialpatterns` (
  `trunkid` int(11) NOT NULL DEFAULT '0',
  `match_pattern_prefix` varchar(50) COLLATE utf8mb4_unicode_ci NOT NULL DEFAULT '',
  `match_pattern_pass` varchar(50) COLLATE utf8mb4_unicode_ci NOT NULL DEFAULT '',
  `prepend_digits` varchar(50) COLLATE utf8mb4_unicode_ci NOT NULL DEFAULT '',
  `seq` int(11) NOT NULL DEFAULT '0',
  PRIMARY KEY (`trunkid`,`match_pattern_prefix`,`match_pattern_pass`,`prepend_digits`,`seq`)
) ENGINE=MyISAM DEFAULT CHARSET=utf8mb4 COLLATE=utf8mb4_unicode_ci;

--
-- Table structure for table `trunks`
--

CREATE TABLE `trunks` (
  `trunkid` int(11) NOT NULL DEFAULT '0',
  `name` varchar(50) COLLATE utf8_unicode_ci NOT NULL DEFAULT '',
  `tech` varchar(20) COLLATE utf8_unicode_ci NOT NULL,
  `outcid` varchar(40) COLLATE utf8_unicode_ci NOT NULL DEFAULT '',
  `keepcid` varchar(4) COLLATE utf8_unicode_ci DEFAULT 'off',
  `maxchans` varchar(6) COLLATE utf8_unicode_ci DEFAULT '',
  `failscript` varchar(255) COLLATE utf8_unicode_ci NOT NULL DEFAULT '',
  `dialoutprefix` varchar(255) COLLATE utf8_unicode_ci NOT NULL DEFAULT '',
  `channelid` varchar(255) COLLATE utf8_unicode_ci NOT NULL DEFAULT '',
  `usercontext` varchar(255) COLLATE utf8_unicode_ci DEFAULT NULL,
  `provider` varchar(40) COLLATE utf8_unicode_ci DEFAULT NULL,
  `disabled` varchar(4) COLLATE utf8_unicode_ci DEFAULT 'off',
  `continue` varchar(4) COLLATE utf8_unicode_ci DEFAULT 'off',
  PRIMARY KEY (`trunkid`,`tech`,`channelid`)
) ENGINE=MyISAM DEFAULT CHARSET=utf8 COLLATE=utf8_unicode_ci;

--
-- Table structure for table `users`
--

CREATE TABLE `users` (
  `extension` varchar(20) COLLATE utf8mb4_unicode_ci NOT NULL DEFAULT '',
  `password` varchar(20) COLLATE utf8mb4_unicode_ci DEFAULT NULL,
  `name` varchar(50) COLLATE utf8mb4_unicode_ci DEFAULT NULL,
  `voicemail` varchar(50) COLLATE utf8mb4_unicode_ci DEFAULT NULL,
  `ringtimer` int(3) DEFAULT NULL,
  `noanswer` varchar(100) COLLATE utf8mb4_unicode_ci DEFAULT NULL,
  `recording` varchar(50) COLLATE utf8mb4_unicode_ci DEFAULT NULL,
  `outboundcid` varchar(50) COLLATE utf8mb4_unicode_ci DEFAULT NULL,
  `sipname` varchar(50) COLLATE utf8mb4_unicode_ci DEFAULT NULL,
  `mohclass` varchar(80) COLLATE utf8mb4_unicode_ci DEFAULT 'default',
  `noanswer_cid` varchar(20) COLLATE utf8mb4_unicode_ci DEFAULT '',
  `busy_cid` varchar(20) COLLATE utf8mb4_unicode_ci DEFAULT '',
  `chanunavail_cid` varchar(20) COLLATE utf8mb4_unicode_ci DEFAULT '',
  `noanswer_dest` varchar(255) COLLATE utf8mb4_unicode_ci DEFAULT '',
  `busy_dest` varchar(255) COLLATE utf8mb4_unicode_ci DEFAULT '',
  `chanunavail_dest` varchar(255) COLLATE utf8mb4_unicode_ci DEFAULT '',
  PRIMARY KEY (`extension`)
) ENGINE=MyISAM DEFAULT CHARSET=utf8mb4 COLLATE=utf8mb4_unicode_ci;

--
-- Table structure for table `vmblast`
--

CREATE TABLE `vmblast` (
  `grpnum` int(11) NOT NULL,
  `description` varchar(35) COLLATE utf8mb4_unicode_ci NOT NULL,
  `audio_label` int(11) NOT NULL DEFAULT '-1',
  `password` varchar(20) COLLATE utf8mb4_unicode_ci NOT NULL,
  PRIMARY KEY (`grpnum`)
) ENGINE=MyISAM DEFAULT CHARSET=utf8mb4 COLLATE=utf8mb4_unicode_ci;

--
-- Table structure for table `vmblast_groups`
--

CREATE TABLE `vmblast_groups` (
  `grpnum` varchar(50) COLLATE utf8mb4_unicode_ci NOT NULL DEFAULT '',
  `ext` varchar(25) COLLATE utf8mb4_unicode_ci NOT NULL DEFAULT '',
  PRIMARY KEY (`grpnum`,`ext`)
) ENGINE=MyISAM DEFAULT CHARSET=utf8mb4 COLLATE=utf8mb4_unicode_ci;

--
-- Table structure for table `voicemail_admin`
--

CREATE TABLE `voicemail_admin` (
  `variable` varchar(30) COLLATE utf8mb4_unicode_ci NOT NULL DEFAULT '',
  `value` varchar(80) COLLATE utf8mb4_unicode_ci NOT NULL DEFAULT '',
  PRIMARY KEY (`variable`)
) ENGINE=MyISAM DEFAULT CHARSET=utf8mb4 COLLATE=utf8mb4_unicode_ci;

--
-- Table structure for table `writequeuelog`
--

CREATE TABLE `writequeuelog` (
  `qlog_id` int(11) NOT NULL AUTO_INCREMENT,
  `qlog_description` varchar(250) COLLATE utf8mb4_unicode_ci DEFAULT NULL,
  `qlog_uniqueid` varchar(150) COLLATE utf8mb4_unicode_ci DEFAULT NULL,
  `qlog_queue` varchar(250) COLLATE utf8mb4_unicode_ci DEFAULT NULL,
  `qlog_agent` varchar(250) COLLATE utf8mb4_unicode_ci DEFAULT NULL,
  `qlog_event` varchar(150) COLLATE utf8mb4_unicode_ci DEFAULT NULL,
  `description` varchar(100) COLLATE utf8mb4_unicode_ci DEFAULT NULL,
  `dest` varchar(255) COLLATE utf8mb4_unicode_ci DEFAULT NULL,
  `qlog_extra` text COLLATE utf8mb4_unicode_ci,
  PRIMARY KEY (`qlog_id`)
) ENGINE=MyISAM DEFAULT CHARSET=utf8mb4 COLLATE=utf8mb4_unicode_ci;

--
-- Dumping events for database 'asterisk'
--

--
-- Dumping routines for database 'asterisk'
--

--
-- Current Database: `asteriskcdrdb`
--

/*!40000 DROP DATABASE IF EXISTS `asteriskcdrdb`*/;

CREATE DATABASE /*!32312 IF NOT EXISTS*/ `asteriskcdrdb` /*!40100 DEFAULT CHARACTER SET utf8mb4 COLLATE utf8mb4_unicode_ci */;

USE `asteriskcdrdb`;

--
-- Table structure for table `cdr`
--

CREATE TABLE `cdr` (
  `calldate` datetime NOT NULL DEFAULT '0000-00-00 00:00:00',
  `clid` varchar(80) COLLATE utf8mb4_unicode_ci NOT NULL DEFAULT '',
  `src` varchar(80) COLLATE utf8mb4_unicode_ci NOT NULL DEFAULT '',
  `dst` varchar(80) COLLATE utf8mb4_unicode_ci NOT NULL DEFAULT '',
  `dcontext` varchar(80) COLLATE utf8mb4_unicode_ci NOT NULL DEFAULT '',
  `channel` varchar(80) COLLATE utf8mb4_unicode_ci NOT NULL DEFAULT '',
  `dstchannel` varchar(80) COLLATE utf8mb4_unicode_ci NOT NULL DEFAULT '',
  `lastapp` varchar(80) COLLATE utf8mb4_unicode_ci NOT NULL DEFAULT '',
  `lastdata` varchar(80) COLLATE utf8mb4_unicode_ci NOT NULL DEFAULT '',
  `duration` int(11) NOT NULL DEFAULT '0',
  `billsec` int(11) NOT NULL DEFAULT '0',
  `disposition` varchar(45) COLLATE utf8mb4_unicode_ci NOT NULL DEFAULT '',
  `amaflags` int(11) NOT NULL DEFAULT '0',
  `accountcode` varchar(20) COLLATE utf8mb4_unicode_ci NOT NULL DEFAULT '',
  `uniqueid` varchar(32) COLLATE utf8mb4_unicode_ci NOT NULL DEFAULT '',
  `userfield` varchar(255) COLLATE utf8mb4_unicode_ci NOT NULL DEFAULT '',
  `recordingfile` varchar(255) COLLATE utf8mb4_unicode_ci NOT NULL DEFAULT '',
  `cnum` varchar(40) COLLATE utf8mb4_unicode_ci NOT NULL DEFAULT '',
  `cnam` varchar(40) COLLATE utf8mb4_unicode_ci NOT NULL DEFAULT '',
  `outbound_cnum` varchar(40) COLLATE utf8mb4_unicode_ci NOT NULL DEFAULT '',
  `outbound_cnam` varchar(40) COLLATE utf8mb4_unicode_ci NOT NULL DEFAULT '',
  `dst_cnam` varchar(40) COLLATE utf8mb4_unicode_ci NOT NULL DEFAULT '',
  `did` varchar(50) COLLATE utf8mb4_unicode_ci NOT NULL DEFAULT '',
  KEY `IDX_UNIQUEID` (`uniqueid`)
) ENGINE=MyISAM DEFAULT CHARSET=utf8mb4 COLLATE=utf8mb4_unicode_ci;

--
-- Table structure for table `cel`
--

CREATE TABLE `cel` (
  `id` int(11) NOT NULL AUTO_INCREMENT,
  `eventtype` varchar(30) COLLATE utf8mb4_unicode_ci NOT NULL,
  `eventtime` datetime NOT NULL,
  `cid_name` varchar(80) COLLATE utf8mb4_unicode_ci NOT NULL,
  `cid_num` varchar(80) COLLATE utf8mb4_unicode_ci NOT NULL,
  `cid_ani` varchar(80) COLLATE utf8mb4_unicode_ci NOT NULL,
  `cid_rdnis` varchar(80) COLLATE utf8mb4_unicode_ci NOT NULL,
  `cid_dnid` varchar(80) COLLATE utf8mb4_unicode_ci NOT NULL,
  `exten` varchar(80) COLLATE utf8mb4_unicode_ci NOT NULL,
  `context` varchar(80) COLLATE utf8mb4_unicode_ci NOT NULL,
  `channame` varchar(80) COLLATE utf8mb4_unicode_ci NOT NULL,
  `appname` varchar(80) COLLATE utf8mb4_unicode_ci NOT NULL,
  `appdata` varchar(80) COLLATE utf8mb4_unicode_ci NOT NULL,
  `amaflags` int(11) NOT NULL,
  `accountcode` varchar(20) COLLATE utf8mb4_unicode_ci NOT NULL,
  `uniqueid` varchar(32) COLLATE utf8mb4_unicode_ci NOT NULL,
  `linkedid` varchar(32) COLLATE utf8mb4_unicode_ci NOT NULL,
  `peer` varchar(80) COLLATE utf8mb4_unicode_ci NOT NULL,
  `userdeftype` varchar(255) COLLATE utf8mb4_unicode_ci NOT NULL,
  `eventextra` varchar(255) COLLATE utf8mb4_unicode_ci NOT NULL,
  `userfield` varchar(255) COLLATE utf8mb4_unicode_ci NOT NULL,
  PRIMARY KEY (`id`),
  KEY `uniqueid_index` (`uniqueid`),
  KEY `linkedid_index` (`linkedid`)
) ENGINE=InnoDB AUTO_INCREMENT=6511056 DEFAULT CHARSET=utf8mb4 COLLATE=utf8mb4_unicode_ci;

--
-- Dumping events for database 'asteriskcdrdb'
--

--
-- Dumping routines for database 'asteriskcdrdb'
--

--
-- Current Database: `endpointconfig`
--

/*!40000 DROP DATABASE IF EXISTS `endpointconfig`*/;

CREATE DATABASE /*!32312 IF NOT EXISTS*/ `endpointconfig` /*!40100 DEFAULT CHARACTER SET utf8 */;

USE `endpointconfig`;

--
-- Table structure for table `configlog`
--

CREATE TABLE `configlog` (
  `lastlog` text
) ENGINE=InnoDB DEFAULT CHARSET=utf8;

--
-- Table structure for table `endpoint`
--

CREATE TABLE `endpoint` (
  `id` int(10) unsigned NOT NULL AUTO_INCREMENT,
  `id_manufacturer` int(10) unsigned NOT NULL,
  `id_model` int(10) unsigned DEFAULT NULL,
  `mac_address` char(17) DEFAULT NULL,
  `last_known_ipv4` varchar(15) DEFAULT NULL,
  `last_scanned` datetime DEFAULT NULL,
  `last_modified` datetime DEFAULT NULL,
  `last_configured` datetime DEFAULT NULL,
  `selected` int(1) unsigned NOT NULL DEFAULT '0',
  `authtoken_sha1` char(40) DEFAULT NULL,
  PRIMARY KEY (`id`),
  KEY `mac_address` (`mac_address`),
  KEY `id_manufacturer` (`id_manufacturer`),
  KEY `id_model` (`id_model`),
  CONSTRAINT `endpoint_ibfk_1` FOREIGN KEY (`id_manufacturer`) REFERENCES `manufacturer` (`id`),
  CONSTRAINT `endpoint_ibfk_2` FOREIGN KEY (`id_model`) REFERENCES `model` (`id`)
) ENGINE=InnoDB DEFAULT CHARSET=utf8;

--
-- Table structure for table `endpoint_account`
--

CREATE TABLE `endpoint_account` (
  `id` int(10) unsigned NOT NULL AUTO_INCREMENT,
  `id_endpoint` int(10) unsigned NOT NULL,
  `tech` varchar(10) NOT NULL,
  `account` varchar(50) NOT NULL,
  `priority` int(10) unsigned NOT NULL,
  PRIMARY KEY (`id`),
  KEY `id_endpoint` (`id_endpoint`),
  CONSTRAINT `endpoint_account_ibfk_1` FOREIGN KEY (`id_endpoint`) REFERENCES `endpoint` (`id`) ON DELETE CASCADE
) ENGINE=InnoDB DEFAULT CHARSET=utf8;

--
-- Table structure for table `endpoint_account_properties`
--

CREATE TABLE `endpoint_account_properties` (
  `id` int(10) unsigned NOT NULL AUTO_INCREMENT,
  `id_endpoint_account` int(10) unsigned NOT NULL,
  `property_key` varchar(128) NOT NULL,
  `property_value` text NOT NULL,
  PRIMARY KEY (`id`),
  KEY `id_endpoint_account` (`id_endpoint_account`),
  CONSTRAINT `endpoint_account_properties_ibfk_1` FOREIGN KEY (`id_endpoint_account`) REFERENCES `endpoint_account` (`id`) ON DELETE CASCADE
) ENGINE=InnoDB DEFAULT CHARSET=utf8;

--
-- Table structure for table `endpoint_properties`
--

CREATE TABLE `endpoint_properties` (
  `id` int(10) unsigned NOT NULL AUTO_INCREMENT,
  `id_endpoint` int(10) unsigned NOT NULL,
  `property_key` varchar(128) NOT NULL,
  `property_value` text NOT NULL,
  PRIMARY KEY (`id`),
  KEY `id_endpoint` (`id_endpoint`),
  CONSTRAINT `endpoint_properties_ibfk_1` FOREIGN KEY (`id_endpoint`) REFERENCES `endpoint` (`id`) ON DELETE CASCADE
) ENGINE=InnoDB DEFAULT CHARSET=utf8;

--
-- Table structure for table `mac_prefix`
--

CREATE TABLE `mac_prefix` (
  `id` int(10) unsigned NOT NULL AUTO_INCREMENT,
  `id_manufacturer` int(10) unsigned NOT NULL,
  `mac_prefix` char(8) NOT NULL,
  `description` text NOT NULL,
  PRIMARY KEY (`id`),
  KEY `id_manufacturer` (`id_manufacturer`),
  CONSTRAINT `mac_prefix_ibfk_1` FOREIGN KEY (`id_manufacturer`) REFERENCES `manufacturer` (`id`)
) ENGINE=InnoDB AUTO_INCREMENT=81 DEFAULT CHARSET=utf8;

--
-- Table structure for table `manufacturer`
--

CREATE TABLE `manufacturer` (
  `id` int(10) unsigned NOT NULL AUTO_INCREMENT,
  `name` varchar(128) NOT NULL,
  `description` text NOT NULL,
  PRIMARY KEY (`id`)
) ENGINE=InnoDB AUTO_INCREMENT=28 DEFAULT CHARSET=utf8;

--
-- Table structure for table `model`
--

CREATE TABLE `model` (
  `id` int(10) unsigned NOT NULL AUTO_INCREMENT,
  `id_manufacturer` int(10) unsigned NOT NULL,
  `name` varchar(128) NOT NULL,
  `description` text NOT NULL,
  `max_accounts` int(10) unsigned NOT NULL DEFAULT '1',
  `static_ip_supported` tinyint(1) NOT NULL DEFAULT '0',
  `dynamic_ip_supported` tinyint(1) NOT NULL DEFAULT '1',
  `static_prov_supported` tinyint(1) NOT NULL DEFAULT '0',
  PRIMARY KEY (`id`),
  KEY `id_manufacturer` (`id_manufacturer`),
  CONSTRAINT `model_ibfk_1` FOREIGN KEY (`id_manufacturer`) REFERENCES `manufacturer` (`id`)
) ENGINE=InnoDB AUTO_INCREMENT=137 DEFAULT CHARSET=utf8;

--
-- Table structure for table `model_properties`
--

CREATE TABLE `model_properties` (
  `id` int(10) unsigned NOT NULL AUTO_INCREMENT,
  `id_model` int(10) unsigned NOT NULL,
  `property_key` varchar(128) NOT NULL,
  `property_value` text NOT NULL,
  PRIMARY KEY (`id`),
  KEY `id_model` (`id_model`),
  CONSTRAINT `model_properties_ibfk_1` FOREIGN KEY (`id_model`) REFERENCES `model` (`id`)
) ENGINE=InnoDB AUTO_INCREMENT=511 DEFAULT CHARSET=utf8;

--
-- Dumping events for database 'endpointconfig'
--

--
-- Dumping routines for database 'endpointconfig'
--

--
-- Current Database: `meetme`
--

/*!40000 DROP DATABASE IF EXISTS `meetme`*/;

CREATE DATABASE /*!32312 IF NOT EXISTS*/ `meetme` /*!40100 DEFAULT CHARACTER SET latin1 */;

USE `meetme`;

--
-- Table structure for table `booking`
--

CREATE TABLE `booking` (
  `bookId` int(10) unsigned NOT NULL AUTO_INCREMENT,
  `clientId` int(10) unsigned DEFAULT '0',
  `roomNo` varchar(30) DEFAULT '0',
  `roomPass` varchar(30) NOT NULL DEFAULT '0',
  `silPass` varchar(30) NOT NULL DEFAULT '0',
  `startTime` datetime NOT NULL DEFAULT '0000-00-00 00:00:00',
  `endTime` datetime NOT NULL DEFAULT '0000-00-00 00:00:00',
  `dateReq` datetime NOT NULL DEFAULT '0000-00-00 00:00:00',
  `dateMod` datetime NOT NULL DEFAULT '0000-00-00 00:00:00',
  `maxUser` varchar(30) NOT NULL DEFAULT '10',
  `status` varchar(30) NOT NULL DEFAULT 'A',
  `confOwner` varchar(30) NOT NULL DEFAULT '',
  `confDesc` varchar(100) NOT NULL DEFAULT '',
  `aFlags` varchar(10) NOT NULL DEFAULT '',
  `uFlags` varchar(10) NOT NULL DEFAULT '',
  `sequenceNo` int(10) unsigned DEFAULT '0',
  `recurInterval` int(10) unsigned DEFAULT '0',
  PRIMARY KEY (`bookId`)
) ENGINE=MyISAM DEFAULT CHARSET=latin1;

--
-- Table structure for table `cdr`
--

CREATE TABLE `cdr` (
  `bookId` int(11) DEFAULT NULL,
  `duration` varchar(12) DEFAULT NULL,
  `CIDnum` varchar(32) DEFAULT NULL,
  `CIDname` varchar(32) DEFAULT NULL,
  `jointime` datetime DEFAULT NULL,
  `leavetime` timestamp NULL DEFAULT NULL
) ENGINE=MyISAM DEFAULT CHARSET=latin1;

--
-- Table structure for table `notifications`
--

CREATE TABLE `notifications` (
  `id` int(11) NOT NULL AUTO_INCREMENT,
  `user_id` int(11) NOT NULL DEFAULT '0',
  `book_id` int(11) NOT NULL DEFAULT '0',
  `ntype` char(10) DEFAULT NULL,
  `ndate` timestamp NOT NULL DEFAULT CURRENT_TIMESTAMP,
  PRIMARY KEY (`id`)
) ENGINE=MyISAM DEFAULT CHARSET=latin1;

--
-- Table structure for table `participants`
--

CREATE TABLE `participants` (
  `id` int(11) NOT NULL AUTO_INCREMENT,
  `user_id` int(11) NOT NULL DEFAULT '0',
  `book_id` int(10) NOT NULL DEFAULT '0',
  PRIMARY KEY (`id`)
) ENGINE=MyISAM DEFAULT CHARSET=latin1;

--
-- Table structure for table `user`
--

CREATE TABLE `user` (
  `id` int(11) NOT NULL AUTO_INCREMENT,
  `email` varchar(100) NOT NULL DEFAULT '',
  `password` varchar(25) DEFAULT NULL,
  `first_name` varchar(50) DEFAULT NULL,
  `last_name` varchar(50) DEFAULT NULL,
  `telephone` varchar(15) DEFAULT NULL,
  `admin` varchar(5) NOT NULL DEFAULT 'User',
  PRIMARY KEY (`id`)
) ENGINE=MyISAM DEFAULT CHARSET=latin1;

--
-- Dumping events for database 'meetme'
--

--
-- Dumping routines for database 'meetme'
--

--
-- Current Database: `roundcubedb`
--

/*!40000 DROP DATABASE IF EXISTS `roundcubedb`*/;

CREATE DATABASE /*!32312 IF NOT EXISTS*/ `roundcubedb` /*!40100 DEFAULT CHARACTER SET latin1 */;

USE `roundcubedb`;

--
-- Table structure for table `cache`
--

CREATE TABLE `cache` (
  `cache_id` int(10) unsigned NOT NULL AUTO_INCREMENT,
  `cache_key` varchar(128) CHARACTER SET ascii NOT NULL,
  `created` datetime NOT NULL DEFAULT '0000-00-00 00:00:00',
  `data` longtext NOT NULL,
  `user_id` int(10) unsigned NOT NULL DEFAULT '0',
  PRIMARY KEY (`cache_id`),
  KEY `user_cache_index` (`user_id`,`cache_key`),
  KEY `created_index` (`created`),
  CONSTRAINT `user_id_fk_cache` FOREIGN KEY (`user_id`) REFERENCES `users` (`user_id`) ON DELETE CASCADE ON UPDATE CASCADE
) ENGINE=InnoDB DEFAULT CHARSET=utf8;

--
-- Table structure for table `contacts`
--

CREATE TABLE `contacts` (
  `contact_id` int(10) unsigned NOT NULL AUTO_INCREMENT,
  `changed` datetime NOT NULL DEFAULT '0000-00-00 00:00:00',
  `del` tinyint(1) NOT NULL DEFAULT '0',
  `name` varchar(128) NOT NULL,
  `email` varchar(128) NOT NULL,
  `firstname` varchar(128) NOT NULL,
  `surname` varchar(128) NOT NULL,
  `vcard` text,
  `user_id` int(10) unsigned NOT NULL DEFAULT '0',
  PRIMARY KEY (`contact_id`),
  KEY `user_contacts_index` (`user_id`,`email`),
  CONSTRAINT `user_id_fk_contacts` FOREIGN KEY (`user_id`) REFERENCES `users` (`user_id`) ON DELETE CASCADE ON UPDATE CASCADE
) ENGINE=InnoDB DEFAULT CHARSET=utf8;

--
-- Table structure for table `identities`
--

CREATE TABLE `identities` (
  `identity_id` int(10) unsigned NOT NULL AUTO_INCREMENT,
  `del` tinyint(1) NOT NULL DEFAULT '0',
  `standard` tinyint(1) NOT NULL DEFAULT '0',
  `name` varchar(128) NOT NULL,
  `organization` varchar(128) NOT NULL DEFAULT '',
  `email` varchar(128) NOT NULL,
  `reply-to` varchar(128) NOT NULL DEFAULT '',
  `bcc` varchar(128) NOT NULL DEFAULT '',
  `signature` text NOT NULL,
  `html_signature` tinyint(1) NOT NULL DEFAULT '0',
  `user_id` int(10) unsigned NOT NULL DEFAULT '0',
  PRIMARY KEY (`identity_id`),
  KEY `user_id_fk_identities` (`user_id`),
  CONSTRAINT `user_id_fk_identities` FOREIGN KEY (`user_id`) REFERENCES `users` (`user_id`) ON DELETE CASCADE ON UPDATE CASCADE
) ENGINE=InnoDB DEFAULT CHARSET=utf8;

--
-- Table structure for table `messages`
--

CREATE TABLE `messages` (
  `message_id` int(11) unsigned NOT NULL AUTO_INCREMENT,
  `user_id` int(10) unsigned NOT NULL DEFAULT '0',
  `del` tinyint(1) NOT NULL DEFAULT '0',
  `cache_key` varchar(128) CHARACTER SET ascii NOT NULL,
  `created` datetime NOT NULL DEFAULT '0000-00-00 00:00:00',
  `idx` int(11) unsigned NOT NULL DEFAULT '0',
  `uid` int(11) unsigned NOT NULL DEFAULT '0',
  `subject` varchar(255) NOT NULL,
  `from` varchar(255) NOT NULL,
  `to` varchar(255) NOT NULL,
  `cc` varchar(255) NOT NULL,
  `date` datetime NOT NULL DEFAULT '0000-00-00 00:00:00',
  `size` int(11) unsigned NOT NULL DEFAULT '0',
  `headers` text NOT NULL,
  `structure` text,
  PRIMARY KEY (`message_id`),
  UNIQUE KEY `uniqueness` (`user_id`,`cache_key`,`uid`),
  KEY `created_index` (`created`),
  KEY `index_index` (`user_id`,`cache_key`,`idx`),
  CONSTRAINT `user_id_fk_messages` FOREIGN KEY (`user_id`) REFERENCES `users` (`user_id`) ON DELETE CASCADE ON UPDATE CASCADE
) ENGINE=InnoDB DEFAULT CHARSET=utf8;

--
-- Table structure for table `session`
--

CREATE TABLE `session` (
  `sess_id` varchar(40) NOT NULL,
  `created` datetime NOT NULL DEFAULT '0000-00-00 00:00:00',
  `changed` datetime NOT NULL DEFAULT '0000-00-00 00:00:00',
  `ip` varchar(40) NOT NULL,
  `vars` mediumtext NOT NULL,
  PRIMARY KEY (`sess_id`),
  KEY `changed_index` (`changed`)
) ENGINE=InnoDB DEFAULT CHARSET=utf8;

--
-- Table structure for table `users`
--

CREATE TABLE `users` (
  `user_id` int(10) unsigned NOT NULL AUTO_INCREMENT,
  `username` varchar(128) NOT NULL,
  `mail_host` varchar(128) NOT NULL,
  `alias` varchar(128) NOT NULL,
  `created` datetime NOT NULL DEFAULT '0000-00-00 00:00:00',
  `last_login` datetime NOT NULL DEFAULT '0000-00-00 00:00:00',
  `language` varchar(5) DEFAULT NULL,
  `preferences` text,
  PRIMARY KEY (`user_id`),
  KEY `username_index` (`username`),
  KEY `alias_index` (`alias`)
) ENGINE=InnoDB DEFAULT CHARSET=utf8;

--
-- Dumping events for database 'roundcubedb'
--

--
-- Dumping routines for database 'roundcubedb'
--

--
-- Current Database: `asterisk`
--

USE `asterisk`;

--
-- Final view structure for view `alldestinations`
--

/*!50001 DROP TABLE IF EXISTS `alldestinations`*/;
/*!50001 DROP VIEW IF EXISTS `alldestinations`*/;
/*!50001 CREATE ALGORITHM=UNDEFINED */
/*!50013 DEFINER=`root`@`localhost` SQL SECURITY DEFINER */
/*!50001 VIEW `alldestinations` AS select `users`.`extension` AS `extension`,`users`.`name` AS `name`,'from-did-direct' AS `context`,'extension' AS `type` from `users` union select `queues_config`.`extension` AS `extension`,`queues_config`.`descr` AS `descr`,'ext-queues' AS `context`,'queue' AS `type` from `queues_config` union select `ringgroups`.`grpnum` AS `grpnum`,`ringgroups`.`description` AS `description`,'ext-group' AS `context`,'ringgroup' AS `type` from `ringgroups` */;

--
-- Current Database: `asteriskcdrdb`
--

USE `asteriskcdrdb`;

--
-- Current Database: `endpointconfig`
--

USE `endpointconfig`;

--
-- Current Database: `meetme`
--

USE `meetme`;

--
-- Current Database: `roundcubedb`
--

USE `roundcubedb`;



USE `asterisk`;
INSERT INTO `admin` VALUES ('need_reload','false'),('version','2.11.0'),('ALLOW_SIP_ANON','no');
INSERT INTO `ampusers` VALUES ('admin','6afa1a1a9e200b111bc822deb4461619df7b2fcb','','','','*');
INSERT INTO `announcement` VALUES (1,'ANUNCIO_NOVO_NUMERO',4,0,'ivr-2,s,1',0,0,'','','');
INSERT INTO `backup_server_details` VALUES (1,'path','__ASTVARLIBDIR__/backups'),(2,'path','__ASTSPOOLDIR__/backup'),(3,'host','__AMPDBHOST__'),(3,'port','3306'),(3,'user','__AMPDBUSER__'),(3,'dbname','__AMPDBNAME__'),(3,'password','__AMPDBPASS__'),(4,'host','__CDRDBHOST__'),(4,'port','__CDRDBPORT__'),(4,'user','__CDRDBUSER__');
INSERT INTO `backup_servers` VALUES (1,'Legacy Backup','Location of backups pre 2.10','local','a:1:{i:0;s:1:\"*\";}','true','a:1:{s:10:\"created_by\";s:11:\"install.php\";}'),(2,'Local Storage','Storage location for backups','local','a:1:{i:0;s:1:\"*\";}','true','a:1:{s:10:\"created_by\";s:11:\"install.php\";}'),(3,'Config server','PBX config server, generally a local database server','mysql','a:1:{i:0;s:1:\"*\";}','true','a:1:{s:10:\"created_by\";s:11:\"install.php\";}'),(4,'CDR server','CDR server, generally a local database server','mysql','a:1:{i:0;s:1:\"*\";}','true','a:1:{s:10:\"created_by\";s:11:\"install.php\";}');
INSERT INTO `backup_template_details` VALUES (1,'mysql','server-3','a:1:{i:0;s:0:\"\";}'),(1,'astdb','','a:1:{i:0;s:0:\"\";}'),(2,'mysql','server-3','a:1:{i:0;s:0:\"\";}'),(2,'astdb','','a:1:{i:0;s:0:\"\";}'),(2,'mysql','server-4','a:1:{i:0;s:0:\"\";}'),(2,'dir','__ASTETCDIR__','a:1:{i:0;s:0:\"\";}'),(2,'dir','__AMPWEBROOT__','a:1:{i:0;s:0:\"\";}'),(2,'dir','__AMPBIN__','a:2:{i:0;s:20:\"__ASTVARLIBDIR__/moh\";i:1;s:23:\"__ASTVARLIBDIR__/sounds\";}'),(2,'dir','/etc/dahdi','a:1:{i:0;s:0:\"\";}'),(3,'mysql','server-4','a:1:{i:0;s:0:\"\";}');
INSERT INTO `backup_templates` VALUES (1,'Config Backup','Configurations only','true','a:1:{s:10:\"created_by\";s:11:\"install.php\";}'),(2,'Full Backup','A full backup of core settings and web files, dosen\'t include system sounds or recordings.','true','a:1:{s:10:\"created_by\";s:11:\"install.php\";}'),(3,'CDR\'s','Call Detail Records','true','a:1:{s:10:\"created_by\";s:11:\"install.php\";}'),(4,'Voice Mail','Voice Mail Storage','true','a:1:{s:10:\"created_by\";s:11:\"install.php\";}'),(5,'System Audio','All system audio - including IVR prompts and Music On Hold. DOES NOT BACKUP VOICEMAIL','true','a:1:{s:10:\"created_by\";s:11:\"install.php\";}'),(6,'Exclude Backup Settings','Exclude Backup\'s settings so that they dont get restored, usefull for a remote restore','true','a:1:{s:10:\"created_by\";s:11:\"install.php\";}');
INSERT INTO `cidlookup` VALUES (1,'OpenCNAM','opencnam',0,NULL,NULL,NULL,NULL,NULL,NULL,NULL,NULL,NULL,NULL,NULL,NULL,NULL,NULL,NULL);
INSERT INTO `cidlookup_incoming` VALUES (0,'',''),(0,'7536433855',''),(0,'7536433856',''),(0,'7536433859',''),(0,'7536433880',''),(0,'7536433850','');
INSERT INTO `cronmanager` VALUES ('module_admin','UPDATES','21',24,1781178061,'/var/lib/asterisk/bin/module_admin listonline');
INSERT INTO `customcontexts_contexts_list` VALUES ('from-internal','Default Internal Context',1),('from-internal-additional','Internal Dialplan',0),('outbound-allroutes','Outbound Routes',0);
INSERT INTO `customcontexts_includes_list` VALUES ('from-internal','from-internal-additional','ENTIRE Basic Internal Dialplan',0,0),('from-internal','from-internal-custom','Custom Internal Dialplan',0,0),('from-internal','parkedcalls','Call Parking',0,0),('from-internal-additional','app-fax','app fax',0,46),('from-internal-additional','app-cf-toggle','Call Forward toggle',0,7),('from-internal-additional','app-cf-unavailable-prompt-on','CF Unavailable On',0,18),('from-internal-additional','app-cf-unavailable-on','Call Forward Unavailable On',0,17),('from-internal-additional','app-cf-unavailable-off','Call Forward Unavailable Off',0,16),('from-internal-additional','app-cf-prompting-on','CF prompt On',0,15),('from-internal-additional','app-cf-on','Call Forward On',0,14);
INSERT INTO `customcontexts_module` VALUES ('displaysortforincludes','1'),('moduledisplayname','Custom Contexts'),('modulerawname','customcontexts'),('moduleversion','0.3.2');
INSERT INTO `devices` VALUES ('200','sip','SIP/200','fixed','200','200',''),('201','sip','SIP/201','fixed','201','201',''),('202','sip','SIP/202','fixed','202','202',''),('203','sip','SIP/203','fixed','203','203',''),('204','sip','SIP/204','fixed','204','RECEP ENDOSCOPIA',''),('206','sip','SIP/206','fixed','206','ACUNPUTURA/PH/MANO',''),('207','sip','SIP/207','fixed','207','CONSULTORIO 11',''),('208','sip','SIP/208','fixed','208','ELY',''),('209','sip','SIP/209','fixed','209','FATURAMENTO',''),('210','sip','SIP/210','fixed','210','210','');
INSERT INTO `dialplaninjection_commands_list` VALUES (1,'AbsoluteTimeout','AbsoluteTimeout(seconds)','Set absolute maximum time of call','http://www.voip-info.org/wiki/index.php?page=Asterisk+cmd+AbsoluteTimeout'),(2,'AddQueueMember','AddQueueMember(queuename[|interface][|penalty])','Dynamically adds queue members','http://www.voip-info.org/wiki/index.php?page=Asterisk+cmd+AddQueueMember'),(3,'ADSIProg','ADSIProg(script)','Load Asterisk ADSI Scripts into phone','http://www.voip-info.org/wiki/index.php?page=Asterisk+cmd+ADSIProg'),(4,'AgentCallbackLogin','AgentCallbackLogin([AgentNo|][Options|][exten]@context)','Call agent callback login','http://www.voip-info.org/wiki/index.php?page=Asterisk+cmd+AgentCallbackLogin'),(5,'AgentLogin','AgentLogin(AgentNo[|options])','Call agent login','http://www.voip-info.org/wiki/index.php?page=Asterisk+cmd+AgentLogin'),(6,'AgentMonitorOutgoing','AgentMonitorOutgoing(options)','Record agent\'s outgoing call','http://www.voip-info.org/wiki/index.php?page=Asterisk+cmd+AgentMonitorOutgoing'),(7,'AGI','AGI(command|args)','Executes an AGI compliant application','http://www.voip-info.org/wiki/index.php?page=Asterisk+cmd+AGI'),(8,'AlarmReceiver','AlarmReceiver','Emulate an Ademco Contact ID Alarm Receiver','http://www.voip-info.org/wiki/index.php?page=Asterisk+cmd+AlarmReceiver'),(9,'ALSAMonitor','ALSAMonitor(password)','Monitor the ALSA console','http://www.voip-info.org/wiki/index.php?page=Asterisk+cmd+ALSAMonitor'),(10,'Answer','Answer([delay])','Answer a channel if ringing','http://www.voip-info.org/wiki/index.php?page=Asterisk+cmd+Answer');
INSERT INTO `dialplaninjection_module` VALUES ('modulerawname','dialplaninjection'),('moduledisplayname','Dialplan Injection'),('moduleversion','0.1.1');
INSERT INTO `dynroute` VALUES (1,'__install_done',NULL,NULL,NULL,NULL,NULL,NULL,NULL,NULL,NULL,NULL,NULL,NULL,NULL,NULL,NULL,NULL,NULL);
INSERT INTO `extensions` VALUES ('outrt-001-9_outside','_9.','1','Macro','dialout-trunk,1,${EXTEN:1}',NULL,0),('outrt-001-9_outside','_9.','2','Macro','outisbusy','No available circuits',0),('outbound-allroutes','include','1','outrt-001-9_outside','','',2);
INSERT INTO `fax_details` VALUES ('minrate','14400'),('maxrate','14400'),('ecm','yes'),('legacy_mode','no'),('force_detection','no'),('sender_address','fax@issabel.org'),('fax_rx_email','fax@mydomain.com');
INSERT INTO `fax_users` VALUES ('272',NULL,NULL,'pdf'),('269',NULL,NULL,'pdf'),('270',NULL,NULL,'pdf'),('271',NULL,NULL,'pdf'),('240',NULL,NULL,'pdf'),('241',NULL,NULL,'pdf'),('252',NULL,NULL,'pdf'),('255',NULL,NULL,'pdf'),('204',NULL,NULL,'pdf'),('274',NULL,NULL,'pdf');
INSERT INTO `featurecodes` VALUES ('core','userlogon','User Logon','*11',NULL,1,0),('core','userlogoff','User Logoff','*12',NULL,1,0),('core','zapbarge','ZapBarge','888',NULL,1,1),('core','simu_pstn','Simulate Incoming Call','7777',NULL,1,1),('fax','simu_fax','Dial System FAX','666',NULL,1,1),('core','chanspy','ChanSpy','555',NULL,1,1),('core','pickup','Directed Call Pickup','**',NULL,1,0),('core','pickupexten','Asterisk General Call Pickup','*8','55',1,0),('core','blindxfer','In-Call Asterisk Blind Transfer','##',NULL,1,0),('core','atxfer','In-Call Asterisk Attended Transfer','*2',NULL,1,0);
INSERT INTO `globals` VALUES ('FAX_RX','system'),('FAX_RX_EMAIL','fax@mydomain.com'),('FAX_RX_FROM','fax@issabel.org');
INSERT INTO `iaxsettings` VALUES ('ulaw','1',0,1),('alaw','1',1,1),('slin','',2,1),('g726','',3,1),('gsm','1',4,1),('g729','',5,1),('ilbc','',6,1),('g723','',7,1),('g726aal2','',8,1),('adpcm','',9,1);
INSERT INTO `incoming` VALUES ('','','timeconditions,1,1',NULL,NULL,NULL,NULL,0,'','','default','DEFAULT','',0,'','3','10'),('','7536433855','from-did-direct,208,1',NULL,NULL,NULL,NULL,0,'','','default','DDR 3855 ELY','',0,'','3','10'),('','7536433856','from-did-direct,209,1',NULL,NULL,NULL,NULL,0,'','','default','DDR 3856 IEDA','',0,'','3','10'),('','7536433859','from-did-direct,249,1',NULL,NULL,NULL,NULL,0,'','','default','DDR 3859 VALERIA','',0,'','3','10'),('','7536433880','ext-queues,805,1',NULL,NULL,NULL,NULL,0,'','','default','DDR 3880 RECEP ANEXO','',0,'','3','10'),('','7536433850','app-announcement-1,s,1',NULL,NULL,NULL,NULL,0,'','','default','DDR 3850','',0,'','3','10');
INSERT INTO `indications_zonelist` VALUES ('Angola','ao','ringcadence = 1000,5000\nbusy = 425/500,0/500\ncongestion = 500/500,0500\ndial = 425\nringing = 25/1000,0/5000\ncallwaiting = 400/1000,0/5000\n'),('Argentina','ar','ringcadence = 1000,4500\ndial = 425\nbusy = 425/300,0/300\nring = 425/1000,0/4500\ncongestion = 425/200,0/300\ncallwaiting = 425/200,0/9000\ndialrecall = !425/100,!0/100,!425/100,!0/100,!425/100,!0/100,425/330,0/330,425/660,0/660\nrecord = 1400/500,0/14000\ninfo = 425/100,0/100\nstutter = 425/450,0/50\n'),('Australia','au','ringcadence = 400,200,400,2000\ndial = 413+438\nbusy = 425/375,0/375\nring = 413+438/400,0/200,413+438/400,0/2000\ncongestion = 425/375,0/375,420/375,0/375\ncallwaiting = 425/200,0/200,425/200,0/4400\ndialrecall = 413+438\nrecord = !425/1000,!0/15000,425/360,0/15000\ninfo = 425/2500,0/500\nstd = !525/100,!0/100,!525/100,!0/100,!525/100,!0/100,!525/100,!0/100,!525/100\nfacility = 425\nstutter = 413+438/100,0/40\nringmobile = 400+450/400,0/200,400+450/400,0/2000\n'),('Austria','at','ringcadence = 1000,5000\ndial = 420\nbusy = 420/400,0/400\nring = 420/1000,0/5000\ncongestion = 420/200,0/200\ncallwaiting = 420/40,0/1960\ndialrecall = 420\nrecord = 1400/80,0/14920\ninfo = 950/330,1450/330,1850/330,0/1000\nstutter = 380+420\n'),('Belgium','be','ringcadence = 1000,3000\ndial = 425\nbusy = 425/500,0/500\nring = 425/1000,0/3000\ncongestion = 425/167,0/167\ncallwaiting = 1400/175,0/175,1400/175,0/3500\ndialrecall = !350+440/100,!0/100,!350+440/100,!0/100,!350+440/100,!0/100,350+440\nrecord = 1400/500,0/15000\ninfo = 900/330,1400/330,1800/330,0/1000\nstutter = 425/1000,0/250\n'),('Brazil','br','ringcadence = 1000,4000\ndial = 425\nbusy = 425/250,0/250\nring = 425/1000,0/4000\ncongestion = 425/250,0/250,425/750,0/250\ncallwaiting = 425/50,0/1000\ndialrecall = 350+440\nrecord = 425/250,0/250\ninfo = 950/330,1400/330,1800/330\nstutter = 350+440\n'),('Bulgaria','bg','ringcadence = 1000,4000\ndial = 425\nbusy = 425/500,0/500\nring = 425/1000,0/4000\ncongestion = 425/250,0/250\ncallwaiting = 425/150,0/150,425/150,0/4000\ndialrecall = !425/100,!0/100,!425/100,!0/100,!425/100,!0/100,425\nrecord = 1400/425,0/15000\ninfo = 950/330,1400/330,1800/330,0/1000\nstutter = 425/1500,0/100\n'),('Chile','cl','ringcadence = 1000,3000\ndial = 400\nbusy = 400/500,0/500\nring = 400/1000,0/3000\ncongestion = 400/200,0/200\ncallwaiting = 400/250,0/8750\ndialrecall = !400/100,!0/100,!400/100,!0/100,!400/100,!0/100,400\nrecord = 1400/500,0/15000\ninfo = 950/333,1400/333,1800/333,0/1000\nstutter = !400/100,!0/100,!400/100,!0/100,!400/100,!0/100,!400/100,!0/100,!400/100,!0/100,!400/100,!0/100,400\n'),('China','cn','ringcadence = 1000,4000\ndial = 450\nbusy = 450/350,0/350\nring = 450/1000,0/4000\ncongestion = 450/700,0/700\ncallwaiting = 450/400,0/4000\ndialrecall = 450\nrecord = 950/400,0/10000\ninfo = 450/100,0/100,450/100,0/100,450/100,0/100,450/400,0/400\nstutter = 450+425\n'),('Colombia (Republic of)','co','ringcadance = 1000,4000\ndial = 425\nbusy = 425/250,0/250\nring = 425/1000,0/4500\ncongestion = 425/100,0/250,425/350,0/250,425/650,0/250\ncallwaiting = 400+450/300,0/6000\ndialrecall = 425\nrecord = 1400/500,0/15000\ninfo = !950/330,!1400/330,!1800/330,0/1000\n');
INSERT INTO `issabelpbx_log` VALUES (1,'2006-11-06 01:55:36','retrieve_conf','devel-debug',0,'Started retrieve_conf, DB Connection OK'),(2,'2006-11-06 01:55:36','retrieve_conf','devel-debug',0,'Writing extensions_additional.conf');
INSERT INTO `issabelpbx_settings` VALUES ('AGGRESSIVE_DUPLICATE_CHECK','0','Aggresively Check for Duplicate Extensions',0,'When set to true IssabelPBX will update its extension map every page load. This is used to check for duplicate extension numbers in the client side javascript validation. Normally the extension map is only created when Apply Configuration Settings is pressed and retrieve_conf is run.','bool','','0',0,0,'System Setup','',0,-137),('ALWAYS_SHOW_DEVICE_DETAILS','0','Show all Device Setting on Add',0,'When adding a new extension/device, setting this to true will show most available device settings that are displayed when you edit the same extension/device. Otherwise, just a few basic settings are displayed.','bool','','0',0,0,'Device Settings','',0,10),('AMPASTERISKGROUP','asterisk','System Asterisk Group',4,'The user group Asterisk should be running as, used by issabelpbx_engine. Most systems should not change this.','text','','asterisk',1,0,'System Setup','',0,-100),('AMPASTERISKUSER','asterisk','System Asterisk User',4,'The user Asterisk should be running as, used by issabelpbx_engine. Most systems should not change this.','text','','asterisk',1,0,'System Setup','',0,-100),('AMPASTERISKWEBGROUP','asterisk','System Web Group',4,'The user group your httpd should be running as, used by issabelpbx_engine. Most systems should not change this.','text','','asterisk',1,0,'System Setup','',0,-100),('AMPASTERISKWEBUSER','asterisk','System Web User',4,'The user your httpd should be running as, used by issabelpbx_engine. Most systems should not change this.','text','','asterisk',1,0,'System Setup','',0,-100),('AMPBACKUPEMAILFROM','','Email \"From:\" Address',0,'The From: field for emails when using the backup email feature.','text','','',0,0,'Backup Module','backup',1,0),('AMPBADNUMBER','1','Use bad-number Context',2,'Generate the bad-number context which traps any bogus number or feature code and plays a message to the effect. If you use the Early Dial feature on some Grandstream phones, you will want to set this to false.','bool','','1',0,0,'Dialplan and Operational','',0,-100),('AMPBIN','/var/lib/asterisk/bin','IssabelPBX bin Dir',4,'Location of the IssabelPBX command line scripts.','dir','','/var/lib/asterisk/bin',1,0,'Directory Layout','',0,-100),('AMPCGIBIN','/var/www/cgi-bin ','CGI Dir',4,'The path to Apache cgi-bin dir (leave off trailing slash).','dir','','/var/www/cgi-bin ',1,0,'Directory Layout','',0,-100);
INSERT INTO `ivr_details` VALUES (1,'Unnamed',NULL,NULL,'ext-local','disabled','','','','',10,'','','','disabled',1,1,0,0),(2,'MENU-PRINCIPAL-ANEXO','','2','','disabled','','','','',5,'','','ext-queues,800,1','0',0,0,0,0),(3,'SUBMENU-5','','3','','1','','ivr-2,s,1','','',5,'','','','disabled',0,0,0,0),(4,'MENU-PRINCIPAL-SEDE','','2','','disabled','','','','',5,'','','ext-queues,800,1','0',0,0,0,0);
INSERT INTO `ivr_entries` VALUES (2,'1','ext-queues,800,1',0),(2,'2','ext-queues,807,1',0),(2,'3','ext-queues,807,1',0),(2,'4','ext-queues,800,1',0),(2,'5','ext-queues,800,1',0),(2,'6','ext-queues,806,1',0),(2,'7','ext-queues,806,1',0),(2,'8','ext-queues,800,1',0),(2,'9','ext-queues,800,1',0),(3,'1','ext-queues,808,1',0);
INSERT INTO `logfile_logfiles` VALUES ('full','on','off','on','off','on','on','on','off'),('console','on','off','on','off','on','on','on','off'),('messages','off','off','on','off','on','off','on','on');
INSERT INTO `module_xml` VALUES ('mod_serialized',1781178061,'a:68:{s:7:\"builtin\";a:13:{s:7:\"rawname\";s:7:\"builtin\";s:4:\"type\";s:5:\"setup\";s:8:\"category\";s:5:\"Basic\";s:4:\"name\";s:7:\"Builtin\";s:7:\"version\";s:7:\"2.3.0.2\";s:10:\"candisable\";s:2:\"no\";s:12:\"canuninstall\";s:2:\"no\";s:9:\"menuitems\";a:1:{s:8:\"modules1\";s:12:\"Module Admin\";}s:11:\"displayname\";s:7:\"Builtin\";s:5:\"items\";a:1:{s:8:\"modules1\";a:5:{s:4:\"name\";s:12:\"Module Admin\";s:4:\"type\";s:5:\"setup\";s:8:\"category\";s:5:\"Admin\";s:4:\"sort\";i:0;s:7:\"display\";s:7:\"modules\";}}s:6:\"status\";i:2;s:4:\"repo\";s:5:\"local\";s:7:\"license\";s:0:\"\";}s:8:\"miscapps\";a:17:{s:7:\"rawname\";s:8:\"miscapps\";s:4:\"repo\";s:8:\"extended\";s:4:\"name\";s:17:\"Misc Applications\";s:7:\"version\";s:8:\"2.11.0.2\";s:9:\"publisher\";s:18:\"Issabel Foundation\";s:7:\"license\";s:6:\"GPLv3+\";s:11:\"licenselink\";s:39:\"http://www.gnu.org/licenses/gpl-3.0.txt\";s:8:\"category\";s:12:\"Applications\";s:13:\"embedcategory\";s:34:\"Internal Options \n&\n Configuration\";s:11:\"description\";s:108:\"Adds the ability to create feature codes that can go to any IssabelPBX destination (such as an IVR or queue)\";s:9:\"menuitems\";a:1:{s:8:\"miscapps\";s:17:\"Misc Applications\";}s:7:\"depends\";a:1:{s:7:\"version\";s:5:\"2.4.0\";}s:9:\"supported\";a:1:{s:7:\"version\";s:4:\"2.10\";}s:11:\"displayname\";s:17:\"Misc Applications\";s:5:\"items\";a:1:{s:8:\"miscapps\";a:4:{s:4:\"name\";s:17:\"Misc Applications\";s:4:\"type\";s:5:\"setup\";s:8:\"category\";s:12:\"Applications\";s:4:\"sort\";i:0;}}s:6:\"status\";i:2;s:9:\"dbversion\";s:8:\"2.11.0.2\";}s:6:\"setcid\";a:17:{s:7:\"rawname\";s:6:\"setcid\";s:4:\"repo\";s:8:\"standard\";s:4:\"name\";s:12:\"Set CallerID\";s:7:\"version\";s:8:\"2.11.1.0\";s:8:\"category\";s:12:\"Applications\";s:13:\"embedcategory\";s:20:\"Inbound Call Control\";s:9:\"publisher\";s:18:\"Issabel Foundation\";s:7:\"license\";s:6:\"GPLv3+\";s:11:\"licenselink\";s:39:\"http://www.gnu.org/licenses/gpl-3.0.txt\";s:11:\"description\";s:59:\"Adds the ability to change the CallerID within a call flow.\";s:9:\"menuitems\";a:1:{s:6:\"setcid\";s:12:\"Set CallerID\";}s:7:\"depends\";a:1:{s:7:\"version\";s:5:\"2.5.0\";}s:9:\"supported\";a:1:{s:7:\"version\";s:4:\"2.10\";}s:11:\"displayname\";s:12:\"Set CallerID\";s:5:\"items\";a:1:{s:6:\"setcid\";a:4:{s:4:\"name\";s:12:\"Set CallerID\";s:4:\"type\";s:5:\"setup\";s:8:\"category\";s:12:\"Applications\";s:4:\"sort\";i:0;}}s:6:\"status\";i:2;s:9:\"dbversion\";s:8:\"2.11.1.0\";}s:14:\"customcontexts\";a:16:{s:7:\"rawname\";s:14:\"customcontexts\";s:4:\"repo\";s:11:\"unsupported\";s:4:\"name\";s:16:\"Class of Service\";s:7:\"version\";s:8:\"2.11.0.2\";s:8:\"category\";s:12:\"Connectivity\";s:13:\"embedcategory\";s:5:\"Basic\";s:7:\"license\";s:6:\"GPLv2+\";s:11:\"licenselink\";s:39:\"http://www.gnu.org/licenses/gpl-2.0.txt\";s:11:\"description\";s:506:\"Creates custom contexts which can be used to allow limited access to dialplan applications. Allows for time restrictions on any dialplan access. Allows for pattern matching to allow/deny. Allows for failover destinations, and PIN protected failover. This can be very useful for multi-tennant systems. Inbound routing can be done using DID or zap channel routing, this module allows for selective outbound routing. House/public phones can be placed in a restricted context allowing them only internal calls.\";s:9:\"menuitems\";a:2:{s:14:\"customcontexts\";s:16:\"Class of Service\";s:19:\"customcontextsadmin\";s:22:\"Class of Service Admin\";}s:7:\"depends\";a:2:{s:7:\"version\";s:11:\"2.8.0alpha1\";s:6:\"module\";a:2:{i:0;s:4:\"core\";i:1;s:14:\"timeconditions\";}}s:9:\"supported\";a:1:{s:7:\"version\";s:4:\"2.10\";}s:11:\"displayname\";s:16:\"Class of Service\";s:5:\"items\";a:2:{s:14:\"customcontexts\";a:4:{s:4:\"name\";s:16:\"Class of Service\";s:4:\"type\";s:5:\"setup\";s:8:\"category\";s:12:\"Connectivity\";s:4:\"sort\";i:0;}s:19:\"customcontextsadmin\";a:4:{s:4:\"name\";s:22:\"Class of Service Admin\";s:4:\"type\";s:5:\"setup\";s:8:\"category\";s:12:\"Connectivity\";s:4:\"sort\";i:0;}}s:6:\"status\";i:2;s:9:\"dbversion\";s:8:\"2.11.0.2\";}s:13:\"customappsreg\";a:18:{s:7:\"rawname\";s:13:\"customappsreg\";s:4:\"repo\";s:8:\"standard\";s:4:\"name\";s:19:\"Custom Applications\";s:7:\"version\";s:8:\"2.11.0.2\";s:9:\"publisher\";s:18:\"Issabel Foundation\";s:7:\"license\";s:6:\"GPLv3+\";s:11:\"licenselink\";s:39:\"http://www.gnu.org/licenses/gpl-3.0.txt\";s:8:\"category\";s:5:\"Admin\";s:13:\"embedcategory\";s:8:\"Advanced\";s:11:\"description\";s:147:\"Registry to add custom extensions and destinations that may be created and used so that the Extensions and Destinations Registry can include these.\";s:9:\"menuitems\";a:2:{s:12:\"customextens\";s:17:\"Custom Extensions\";s:11:\"customdests\";s:19:\"Custom Destinations\";}s:8:\"popovers\";a:1:{s:13:\"customappsreg\";a:1:{s:7:\"display\";s:11:\"customdests\";}}s:7:\"depends\";a:1:{s:7:\"version\";s:5:\"2.4.0\";}s:9:\"supported\";a:1:{s:7:\"version\";s:4:\"2.10\";}s:11:\"displayname\";s:19:\"Custom Applications\";s:5:\"items\";a:2:{s:12:\"customextens\";a:4:{s:4:\"name\";s:17:\"Custom Extensions\";s:4:\"type\";s:5:\"setup\";s:8:\"category\";s:5:\"Admin\";s:4:\"sort\";i:0;}s:11:\"customdests\";a:4:{s:4:\"name\";s:19:\"Custom Destinations\";s:4:\"type\";s:5:\"setup\";s:8:\"category\";s:5:\"Admin\";s:4:\"sort\";i:0;}}s:6:\"status\";i:2;s:9:\"dbversion\";s:8:\"2.11.0.2\";}s:9:\"voicemail\";a:19:{s:7:\"rawname\";s:9:\"voicemail\";s:4:\"repo\";s:8:\"standard\";s:4:\"name\";s:9:\"Voicemail\";s:7:\"version\";s:8:\"2.11.1.7\";s:9:\"publisher\";s:18:\"Issabel Foundation\";s:7:\"license\";s:6:\"GPLv3+\";s:11:\"licenselink\";s:39:\"http://www.gnu.org/licenses/gpl-3.0.txt\";s:10:\"candisable\";s:2:\"no\";s:12:\"canuninstall\";s:2:\"no\";s:11:\"description\";s:69:\"This module allows you to configure Voicemail for a user or extension\";s:8:\"category\";s:8:\"Settings\";s:13:\"embedcategory\";s:8:\"Advanced\";s:9:\"menuitems\";a:1:{s:9:\"voicemail\";s:15:\"Voicemail Admin\";}s:7:\"depends\";a:2:{s:7:\"version\";s:11:\"2.5.0alpha1\";s:6:\"module\";s:22:\"framework ge 2.11.0.47\";}s:9:\"supported\";a:1:{s:7:\"version\";s:6:\"2.11.0\";}s:11:\"displayname\";s:9:\"Voicemail\";s:5:\"items\";a:1:{s:9:\"voicemail\";a:4:{s:4:\"name\";s:15:\"Voicemail Admin\";s:4:\"type\";s:5:\"setup\";s:8:\"category\";s:8:\"Settings\";s:4:\"sort\";i:0;}}s:6:\"status\";i:2;s:9:\"dbversion\";s:8:\"2.11.1.7\";}s:10:\"ringgroups\";a:18:{s:7:\"rawname\";s:10:\"ringgroups\";s:4:\"repo\";s:8:\"standard\";s:4:\"name\";s:11:\"Ring Groups\";s:7:\"version\";s:8:\"2.11.0.6\";s:9:\"publisher\";s:18:\"Issabel Foundation\";s:7:\"license\";s:6:\"GPLv3+\";s:11:\"licenselink\";s:39:\"http://www.gnu.org/licenses/gpl-3.0.txt\";s:8:\"category\";s:12:\"Applications\";s:13:\"embedcategory\";s:20:\"Inbound Call Control\";s:11:\"description\";s:317:\"Creates a group of extensions that all ring together. Extensions can be rung all at once, or in various \'hunt\' configurations. Additionally, external numbers are supported, and there is a call confirmation option where the callee has to confirm if they actually want to take the call before the caller is transferred.\";s:7:\"depends\";a:2:{s:7:\"version\";s:11:\"2.5.0alpha1\";s:6:\"module\";s:19:\"recordings ge 3.3.8\";}s:9:\"menuitems\";a:1:{s:10:\"ringgroups\";s:11:\"Ring Groups\";}s:8:\"popovers\";a:1:{s:10:\"ringgroups\";a:1:{s:7:\"display\";s:10:\"ringgroups\";}}s:9:\"supported\";a:1:{s:7:\"version\";s:4:\"2.11\";}s:11:\"displayname\";s:11:\"Ring Groups\";s:5:\"items\";a:1:{s:10:\"ringgroups\";a:4:{s:4:\"name\";s:11:\"Ring Groups\";s:4:\"type\";s:5:\"setup\";s:8:\"category\";s:12:\"Applications\";s:4:\"sort\";i:0;}}s:6:\"status\";i:2;s:9:\"dbversion\";s:8:\"2.11.0.6\";}s:12:\"announcement\";a:18:{s:7:\"rawname\";s:12:\"announcement\";s:4:\"repo\";s:8:\"standard\";s:4:\"name\";s:13:\"Announcements\";s:7:\"version\";s:8:\"2.11.0.5\";s:9:\"publisher\";s:18:\"Issabel Foundation\";s:7:\"license\";s:6:\"GPLv3+\";s:11:\"licenselink\";s:39:\"http://www.gnu.org/licenses/gpl-3.0.txt\";s:8:\"category\";s:12:\"Applications\";s:13:\"embedcategory\";s:20:\"Inbound Call Control\";s:11:\"description\";s:126:\"Plays back one of the system recordings or TTS (optionally allowing the user to skip it) and then goes to another destination.\";s:7:\"depends\";a:2:{s:7:\"version\";s:11:\"2.5.0alpha1\";s:6:\"module\";s:19:\"recordings ge 3.3.8\";}s:9:\"menuitems\";a:1:{s:12:\"announcement\";s:13:\"Announcements\";}s:8:\"popovers\";a:1:{s:12:\"announcement\";a:1:{s:7:\"display\";s:12:\"announcement\";}}s:9:\"supported\";a:1:{s:7:\"version\";s:4:\"2.10\";}s:11:\"displayname\";s:13:\"Announcements\";s:5:\"items\";a:1:{s:12:\"announcement\";a:4:{s:4:\"name\";s:13:\"Announcements\";s:4:\"type\";s:5:\"setup\";s:8:\"category\";s:12:\"Applications\";s:4:\"sort\";i:0;}}s:6:\"status\";i:2;s:9:\"dbversion\";s:8:\"2.11.0.5\";}s:10:\"phpagiconf\";a:15:{s:7:\"rawname\";s:10:\"phpagiconf\";s:4:\"repo\";s:11:\"unsupported\";s:4:\"name\";s:13:\"PHPAGI Config\";s:7:\"version\";s:8:\"2.11.0.2\";s:9:\"publisher\";s:18:\"Issabel Foundation\";s:7:\"license\";s:6:\"GPLv3+\";s:11:\"licenselink\";s:39:\"http://www.gnu.org/licenses/gpl-3.0.txt\";s:8:\"category\";s:8:\"Settings\";s:9:\"menuitems\";a:1:{s:10:\"phpagiconf\";s:13:\"PHPAGI Config\";}s:7:\"depends\";a:1:{s:6:\"module\";s:15:\"manager ge1.0.4\";}s:9:\"supported\";a:1:{s:7:\"version\";s:4:\"2.10\";}s:11:\"displayname\";s:13:\"PHPAGI Config\";s:5:\"items\";a:1:{s:10:\"phpagiconf\";a:4:{s:4:\"name\";s:13:\"PHPAGI Config\";s:4:\"type\";s:5:\"setup\";s:8:\"category\";s:8:\"Settings\";s:4:\"sort\";i:0;}}s:6:\"status\";i:2;s:9:\"dbversion\";s:8:\"2.11.0.2\";}s:9:\"framework\";a:16:{s:7:\"rawname\";s:9:\"framework\";s:7:\"modtype\";s:9:\"framework\";s:4:\"repo\";s:8:\"standard\";s:4:\"name\";s:20:\"IssabelPBX Framework\";s:7:\"version\";s:9:\"2.11.0.48\";s:9:\"publisher\";s:18:\"Issabel Foundation\";s:7:\"license\";s:6:\"GPLv3+\";s:11:\"licenselink\";s:39:\"http://www.gnu.org/licenses/gpl-3.0.txt\";s:10:\"candisable\";s:2:\"no\";s:12:\"canuninstall\";s:2:\"no\";s:11:\"description\";s:115:\"This module provides a facility to install bug fixes to the framework code that is not otherwise housed in a module\";s:9:\"supported\";a:1:{s:7:\"version\";s:4:\"2.11\";}s:8:\"category\";s:5:\"Admin\";s:11:\"displayname\";s:20:\"IssabelPBX Framework\";s:6:\"status\";i:2;s:9:\"dbversion\";s:9:\"2.11.0.48\";}s:12:\"trunkbalance\";a:17:{s:7:\"rawname\";s:12:\"trunkbalance\";s:4:\"name\";s:13:\"Trunk Balance\";s:7:\"version\";s:5:\"1.1.5\";s:9:\"publisher\";s:5:\"POSSA\";s:7:\"license\";s:6:\"GPLv2+\";s:10:\"candisable\";s:3:\"yes\";s:12:\"canuninstall\";s:3:\"yes\";s:4:\"repo\";s:8:\"extended\";s:8:\"category\";s:8:\"Advanced\";s:13:\"embedcategory\";s:8:\"Advanced\";s:7:\"depends\";a:2:{s:6:\"module\";a:2:{i:0;s:4:\"core\";i:1;s:20:\"timeconditions ge2.6\";}s:7:\"version\";s:6:\"ge 2.6\";}s:11:\"description\";s:96:\"Restrict outbound calls or balance calls over multiple trunks based on user specified parameters\";s:9:\"menuitems\";a:1:{s:12:\"trunkbalance\";s:13:\"Trunk Balance\";}s:4:\"info\";s:48:\"https://github.com/POSSA/freepbx-trunk-balancing\";s:11:\"displayname\";s:13:\"Trunk Balance\";s:5:\"items\";a:1:{s:12:\"trunkbalance\";a:4:{s:4:\"name\";s:13:\"Trunk Balance\";s:4:\"type\";s:5:\"setup\";s:8:\"category\";s:8:\"Advanced\";s:4:\"sort\";i:0;}}s:6:\"status\";i:0;}s:9:\"phonebook\";a:15:{s:7:\"rawname\";s:9:\"phonebook\";s:4:\"repo\";s:8:\"extended\";s:4:\"name\";s:9:\"Phonebook\";s:7:\"version\";s:8:\"2.11.0.2\";s:9:\"publisher\";s:18:\"Issabel Foundation\";s:7:\"license\";s:6:\"GPLv3+\";s:11:\"licenselink\";s:39:\"http://www.gnu.org/licenses/gpl-3.0.txt\";s:11:\"description\";s:95:\"Provides a phonebook for IssabelPBX, it can be used as base for Caller ID Lookup and Speed Dial\";s:8:\"category\";s:5:\"Admin\";s:9:\"menuitems\";a:1:{s:9:\"phonebook\";s:18:\"Asterisk Phonebook\";}s:9:\"supported\";a:1:{s:7:\"version\";s:4:\"2.10\";}s:11:\"displayname\";s:9:\"Phonebook\";s:5:\"items\";a:1:{s:9:\"phonebook\";a:5:{s:4:\"name\";s:18:\"Asterisk Phonebook\";s:4:\"type\";s:5:\"setup\";s:8:\"category\";s:5:\"Admin\";s:4:\"sort\";i:0;s:13:\"needsenginedb\";s:3:\"yes\";}}s:6:\"status\";i:2;s:9:\"dbversion\";s:8:\"2.11.0.2\";}s:10:\"recordings\";a:18:{s:7:\"rawname\";s:10:\"recordings\";s:4:\"repo\";s:8:\"standard\";s:4:\"name\";s:10:\"Recordings\";s:7:\"version\";s:7:\"3.4.0.4\";s:9:\"publisher\";s:18:\"Issabel Foundation\";s:7:\"license\";s:6:\"GPLv3+\";s:11:\"licenselink\";s:39:\"http://www.gnu.org/licenses/gpl-3.0.txt\";s:12:\"canuninstall\";s:2:\"no\";s:8:\"category\";s:5:\"Admin\";s:13:\"embedcategory\";s:34:\"Internal Options \n&\n Configuration\";s:11:\"description\";s:76:\"Creates and manages system recordings, used by many other modules (eg, IVR).\";s:9:\"menuitems\";a:1:{s:10:\"recordings\";s:17:\"System Recordings\";}s:7:\"depends\";a:1:{s:6:\"module\";s:22:\"framework ge 2.11.0.47\";}s:9:\"supported\";a:1:{s:7:\"version\";s:4:\"2.11\";}s:11:\"displayname\";s:10:\"Recordings\";s:5:\"items\";a:1:{s:10:\"recordings\";a:4:{s:4:\"name\";s:17:\"System Recordings\";s:4:\"type\";s:5:\"setup\";s:8:\"category\";s:5:\"Admin\";s:4:\"sort\";i:0;}}s:6:\"status\";i:2;s:9:\"dbversion\";s:7:\"3.4.0.4\";}s:7:\"phpinfo\";a:13:{s:7:\"rawname\";s:7:\"phpinfo\";s:4:\"repo\";s:8:\"extended\";s:4:\"name\";s:8:\"PHP Info\";s:7:\"version\";s:8:\"2.11.0.1\";s:9:\"publisher\";s:10:\"IssabelPBX\";s:7:\"license\";s:6:\"GPLv2+\";s:8:\"category\";s:7:\"Reports\";s:9:\"menuitems\";a:1:{s:7:\"phpinfo\";s:8:\"PHP Info\";}s:9:\"supported\";a:1:{s:7:\"version\";s:4:\"2.10\";}s:11:\"displayname\";s:8:\"PHP Info\";s:5:\"items\";a:1:{s:7:\"phpinfo\";a:4:{s:4:\"name\";s:8:\"PHP Info\";s:4:\"type\";s:5:\"setup\";s:8:\"category\";s:7:\"Reports\";s:4:\"sort\";i:0;}}s:6:\"status\";i:2;s:9:\"dbversion\";s:8:\"2.11.0.1\";}s:9:\"miscdests\";a:18:{s:7:\"rawname\";s:9:\"miscdests\";s:4:\"repo\";s:8:\"extended\";s:4:\"name\";s:17:\"Misc Destinations\";s:7:\"version\";s:8:\"2.11.0.4\";s:9:\"publisher\";s:18:\"Issabel Foundation\";s:7:\"license\";s:6:\"GPLv3+\";s:11:\"licenselink\";s:39:\"http://www.gnu.org/licenses/gpl-3.0.txt\";s:8:\"category\";s:12:\"Applications\";s:13:\"embedcategory\";s:34:\"Internal Options \n&\n Configuration\";s:11:\"description\";s:190:\"Allows creating destinations that dial any local number (extensions, feature codes, outside phone numbers) that can be used by other modules (eg, IVR, time conditions) as a call destination.\";s:7:\"depends\";a:1:{s:7:\"version\";s:11:\"2.5.0alpha1\";}s:9:\"menuitems\";a:1:{s:9:\"miscdests\";s:17:\"Misc Destinations\";}s:8:\"popovers\";a:1:{s:9:\"miscdests\";a:1:{s:7:\"display\";s:9:\"miscdests\";}}s:9:\"supported\";a:1:{s:7:\"version\";s:4:\"2.10\";}s:11:\"displayname\";s:17:\"Misc Destinations\";s:5:\"items\";a:1:{s:9:\"miscdests\";a:4:{s:4:\"name\";s:17:\"Misc Destinations\";s:4:\"type\";s:5:\"setup\";s:8:\"category\";s:12:\"Applications\";s:4:\"sort\";i:0;}}s:6:\"status\";i:2;s:9:\"dbversion\";s:8:\"2.11.0.4\";}s:7:\"vmblast\";a:18:{s:7:\"rawname\";s:7:\"vmblast\";s:4:\"repo\";s:8:\"standard\";s:4:\"name\";s:18:\"Voicemail Blasting\";s:7:\"version\";s:8:\"2.11.0.4\";s:9:\"publisher\";s:18:\"Issabel Foundation\";s:7:\"license\";s:6:\"GPLv3+\";s:11:\"licenselink\";s:39:\"http://www.gnu.org/licenses/gpl-3.0.txt\";s:8:\"category\";s:12:\"Applications\";s:13:\"embedcategory\";s:34:\"Internal Options \n&\n Configuration\";s:11:\"description\";s:123:\"Creates a group of extensions that calls a group of voicemail boxes and allows you to leave a message for them all at once.\";s:9:\"menuitems\";a:1:{s:7:\"vmblast\";s:18:\"Voicemail Blasting\";}s:8:\"popovers\";a:1:{s:7:\"vmblast\";a:1:{s:7:\"display\";s:7:\"vmblast\";}}s:7:\"depends\";a:1:{s:7:\"version\";s:5:\"2.4.0\";}s:9:\"supported\";a:1:{s:7:\"version\";s:4:\"2.10\";}s:11:\"displayname\";s:18:\"Voicemail Blasting\";s:5:\"items\";a:1:{s:7:\"vmblast\";a:4:{s:4:\"name\";s:18:\"Voicemail Blasting\";s:4:\"type\";s:5:\"setup\";s:8:\"category\";s:12:\"Applications\";s:4:\"sort\";i:0;}}s:6:\"status\";i:2;s:9:\"dbversion\";s:8:\"2.11.0.4\";}s:11:\"callforward\";a:13:{s:7:\"rawname\";s:11:\"callforward\";s:4:\"repo\";s:8:\"standard\";s:4:\"name\";s:12:\"Call Forward\";s:7:\"version\";s:6:\"2.11.5\";s:9:\"publisher\";s:18:\"Issabel Foundation\";s:7:\"license\";s:7:\"AGPLv3+\";s:11:\"licenselink\";s:40:\"http://www.gnu.org/licenses/agpl-3.0.txt\";s:11:\"description\";s:33:\"Provides callforward featurecodes\";s:8:\"category\";s:12:\"Applications\";s:9:\"supported\";a:1:{s:7:\"version\";s:4:\"2.10\";}s:11:\"displayname\";s:12:\"Call Forward\";s:6:\"status\";i:2;s:9:\"dbversion\";s:6:\"2.11.5\";}s:11:\"conferences\";a:18:{s:7:\"rawname\";s:11:\"conferences\";s:4:\"repo\";s:8:\"standard\";s:4:\"name\";s:11:\"Conferences\";s:7:\"version\";s:8:\"2.11.0.6\";s:9:\"publisher\";s:18:\"Issabel Foundation\";s:7:\"license\";s:6:\"GPLv3+\";s:11:\"licenselink\";s:39:\"http://www.gnu.org/licenses/gpl-3.0.txt\";s:8:\"category\";s:12:\"Applications\";s:13:\"embedcategory\";s:34:\"Internal Options \n&\n Configuration\";s:11:\"description\";s:85:\"Allow creation of conference rooms (meet-me) where multiple people can talk together.\";s:7:\"depends\";a:2:{s:7:\"version\";s:11:\"2.5.0alpha1\";s:6:\"module\";s:19:\"recordings ge 3.3.8\";}s:9:\"menuitems\";a:1:{s:11:\"conferences\";s:11:\"Conferences\";}s:8:\"popovers\";a:1:{s:11:\"conferences\";a:1:{s:7:\"display\";s:11:\"conferences\";}}s:9:\"supported\";a:1:{s:7:\"version\";s:4:\"2.10\";}s:11:\"displayname\";s:11:\"Conferences\";s:5:\"items\";a:1:{s:11:\"conferences\";a:4:{s:4:\"name\";s:11:\"Conferences\";s:4:\"type\";s:5:\"setup\";s:8:\"category\";s:12:\"Applications\";s:4:\"sort\";i:0;}}s:6:\"status\";i:2;s:9:\"dbversion\";s:8:\"2.11.0.6\";}s:11:\"callwaiting\";a:13:{s:7:\"rawname\";s:11:\"callwaiting\";s:4:\"repo\";s:8:\"standard\";s:4:\"name\";s:12:\"Call Waiting\";s:11:\"description\";s:46:\"Provides an option to turn on/off call waiting\";s:8:\"category\";s:12:\"Applications\";s:7:\"version\";s:8:\"2.11.0.4\";s:9:\"publisher\";s:18:\"Issabel Foundation\";s:7:\"license\";s:6:\"GPLv3+\";s:11:\"licenselink\";s:39:\"http://www.gnu.org/licenses/gpl-3.0.txt\";s:9:\"supported\";a:1:{s:7:\"version\";s:4:\"2.10\";}s:11:\"displayname\";s:12:\"Call Waiting\";s:6:\"status\";i:2;s:9:\"dbversion\";s:8:\"2.11.0.4\";}s:11:\"sipsettings\";a:19:{s:7:\"rawname\";s:11:\"sipsettings\";s:4:\"repo\";s:8:\"standard\";s:10:\"candisable\";s:2:\"no\";s:12:\"canuninstall\";s:2:\"no\";s:4:\"name\";s:21:\"Asterisk SIP Settings\";s:7:\"version\";s:8:\"2.11.0.9\";s:9:\"publisher\";s:18:\"Issabel Foundation\";s:7:\"license\";s:7:\"AGPLv3+\";s:11:\"licenselink\";s:40:\"http://www.gnu.org/licenses/agpl-3.0.txt\";s:8:\"category\";s:8:\"Settings\";s:13:\"embedcategory\";s:8:\"Advanced\";s:9:\"menuitems\";a:1:{s:11:\"sipsettings\";s:21:\"Asterisk SIP Settings\";}s:11:\"description\";s:278:\"Use to configure Various Asterisk SIP Settings in the General section of sip.conf. Also includes an auto-configuration tool to determine NAT settings. The module assumes Asterisk version 1.4 or higher. Some settings may not exist in Asterisk 1.2 and will be ignored by Asterisk.\";s:7:\"depends\";a:1:{s:6:\"module\";s:23:\"core ge 2.11.0.0beta2.4\";}s:9:\"supported\";a:1:{s:7:\"version\";s:4:\"2.11\";}s:11:\"displayname\";s:21:\"Asterisk SIP Settings\";s:5:\"items\";a:1:{s:11:\"sipsettings\";a:4:{s:4:\"name\";s:21:\"Asterisk SIP Settings\";s:4:\"type\";s:5:\"setup\";s:8:\"category\";s:8:\"Settings\";s:4:\"sort\";i:0;}}s:6:\"status\";i:2;s:9:\"dbversion\";s:8:\"2.11.0.9\";}s:13:\"callrecording\";a:19:{s:7:\"rawname\";s:13:\"callrecording\";s:4:\"repo\";s:8:\"standard\";s:4:\"name\";s:14:\"Call Recording\";s:7:\"version\";s:9:\"2.11.0.10\";s:9:\"publisher\";s:18:\"Issabel Foundation\";s:7:\"license\";s:6:\"GPLv3+\";s:11:\"licenselink\";s:39:\"http://www.gnu.org/licenses/gpl-3.0.txt\";s:10:\"candisable\";s:2:\"no\";s:12:\"canuninstall\";s:2:\"no\";s:8:\"category\";s:12:\"Applications\";s:13:\"embedcategory\";s:20:\"Inbound Call Control\";s:11:\"description\";s:50:\"Provides much of the call recording functionality.\";s:9:\"menuitems\";a:1:{s:13:\"callrecording\";s:14:\"Call Recording\";}s:8:\"popovers\";a:1:{s:13:\"callrecording\";a:1:{s:7:\"display\";s:13:\"callrecording\";}}s:9:\"supported\";a:1:{s:7:\"version\";s:4:\"2.11\";}s:11:\"displayname\";s:14:\"Call Recording\";s:5:\"items\";a:1:{s:13:\"callrecording\";a:4:{s:4:\"name\";s:14:\"Call Recording\";s:4:\"type\";s:5:\"setup\";s:8:\"category\";s:12:\"Applications\";s:4:\"sort\";i:0;}}s:6:\"status\";i:2;s:9:\"dbversion\";s:9:\"2.11.0.10\";}s:7:\"manager\";a:14:{s:7:\"rawname\";s:7:\"manager\";s:4:\"repo\";s:8:\"standard\";s:4:\"name\";s:22:\"Asterisk Manager Users\";s:7:\"version\";s:8:\"2.11.0.5\";s:9:\"publisher\";s:18:\"Issabel Foundation\";s:7:\"license\";s:6:\"GPLv3+\";s:11:\"licenselink\";s:39:\"http://www.gnu.org/licenses/gpl-3.0.txt\";s:8:\"category\";s:8:\"Settings\";s:9:\"menuitems\";a:1:{s:7:\"manager\";s:22:\"Asterisk Manager Users\";}s:9:\"supported\";a:1:{s:7:\"version\";s:4:\"2.10\";}s:11:\"displayname\";s:22:\"Asterisk Manager Users\";s:5:\"items\";a:1:{s:7:\"manager\";a:4:{s:4:\"name\";s:22:\"Asterisk Manager Users\";s:4:\"type\";s:5:\"setup\";s:8:\"category\";s:8:\"Settings\";s:4:\"sort\";i:0;}}s:6:\"status\";i:2;s:9:\"dbversion\";s:8:\"2.11.0.5\";}s:9:\"queueprio\";a:18:{s:7:\"rawname\";s:9:\"queueprio\";s:4:\"repo\";s:8:\"extended\";s:4:\"name\";s:16:\"Queue Priorities\";s:7:\"version\";s:8:\"2.11.0.2\";s:9:\"publisher\";s:18:\"Issabel Foundation\";s:7:\"license\";s:6:\"GPLv3+\";s:11:\"licenselink\";s:39:\"http://www.gnu.org/licenses/gpl-3.0.txt\";s:8:\"category\";s:12:\"Applications\";s:13:\"embedcategory\";s:20:\"Inbound Call Control\";s:11:\"description\";s:73:\"Adds the ability to set a callers priority higher before entering a queue\";s:9:\"menuitems\";a:1:{s:9:\"queueprio\";s:16:\"Queue Priorities\";}s:8:\"popovers\";a:1:{s:9:\"queueprio\";a:1:{s:7:\"display\";s:9:\"queueprio\";}}s:7:\"depends\";a:1:{s:7:\"version\";s:11:\"2.5.0alpha1\";}s:9:\"supported\";a:1:{s:7:\"version\";s:4:\"2.10\";}s:11:\"displayname\";s:16:\"Queue Priorities\";s:5:\"items\";a:1:{s:9:\"queueprio\";a:4:{s:4:\"name\";s:16:\"Queue Priorities\";s:4:\"type\";s:5:\"setup\";s:8:\"category\";s:12:\"Applications\";s:4:\"sort\";i:0;}}s:6:\"status\";i:2;s:9:\"dbversion\";s:8:\"2.11.0.2\";}s:3:\"ivr\";a:18:{s:7:\"rawname\";s:3:\"ivr\";s:4:\"repo\";s:8:\"standard\";s:4:\"name\";s:3:\"IVR\";s:7:\"version\";s:9:\"2.11.0.11\";s:9:\"publisher\";s:18:\"Issabel Foundation\";s:7:\"license\";s:6:\"GPLv3+\";s:11:\"licenselink\";s:39:\"http://www.gnu.org/licenses/gpl-3.0.txt\";s:8:\"category\";s:12:\"Applications\";s:13:\"embedcategory\";s:20:\"Inbound Call Control\";s:11:\"description\";s:219:\"Creates Digital Receptionist (aka Auto-Attendant, aka Interactive Voice Response) menus. These can be used to send callers to different locations (eg, Press 1 for sales) and/or allow direct-dialing of extension numbers.\";s:7:\"depends\";a:2:{s:7:\"version\";s:11:\"2.5.0alpha1\";s:6:\"module\";a:2:{i:0;s:19:\"recordings ge 3.3.8\";i:1;s:22:\"framework ge 2.11.0.47\";}}s:9:\"menuitems\";a:1:{s:3:\"ivr\";s:3:\"IVR\";}s:8:\"popovers\";a:1:{s:3:\"ivr\";a:2:{s:7:\"display\";s:3:\"ivr\";s:6:\"action\";s:3:\"add\";}}s:9:\"supported\";a:1:{s:7:\"version\";s:6:\"2.11.0\";}s:11:\"displayname\";s:3:\"IVR\";s:5:\"items\";a:1:{s:3:\"ivr\";a:4:{s:4:\"name\";s:3:\"IVR\";s:4:\"type\";s:5:\"setup\";s:8:\"category\";s:12:\"Applications\";s:4:\"sort\";i:0;}}s:6:\"status\";i:2;s:9:\"dbversion\";s:9:\"2.11.0.11\";}s:15:\"printextensions\";a:15:{s:7:\"rawname\";s:15:\"printextensions\";s:4:\"repo\";s:8:\"standard\";s:4:\"name\";s:16:\"Print Extensions\";s:7:\"version\";s:8:\"2.11.0.2\";s:9:\"publisher\";s:18:\"Issabel Foundation\";s:7:\"license\";s:6:\"GPLv3+\";s:11:\"licenselink\";s:39:\"http://www.gnu.org/licenses/gpl-3.0.txt\";s:8:\"category\";s:7:\"Reports\";s:11:\"description\";s:130:\"Creates a printable list of extension numbers used throughout the system from all modules that provide an internal callable number\";s:9:\"menuitems\";a:1:{s:15:\"printextensions\";s:16:\"Print Extensions\";}s:9:\"supported\";a:1:{s:7:\"version\";s:4:\"2.10\";}s:11:\"displayname\";s:16:\"Print Extensions\";s:5:\"items\";a:1:{s:15:\"printextensions\";a:4:{s:4:\"name\";s:16:\"Print Extensions\";s:4:\"type\";s:5:\"setup\";s:8:\"category\";s:7:\"Reports\";s:4:\"sort\";i:0;}}s:6:\"status\";i:2;s:9:\"dbversion\";s:8:\"2.11.0.2\";}s:9:\"languages\";a:18:{s:7:\"rawname\";s:9:\"languages\";s:4:\"repo\";s:8:\"extended\";s:4:\"name\";s:9:\"Languages\";s:7:\"version\";s:8:\"2.11.0.2\";s:9:\"publisher\";s:18:\"Issabel Foundation\";s:7:\"license\";s:6:\"GPLv3+\";s:11:\"licenselink\";s:39:\"http://www.gnu.org/licenses/gpl-3.0.txt\";s:8:\"category\";s:12:\"Applications\";s:13:\"embedcategory\";s:34:\"Internal Options \n&\n Configuration\";s:11:\"description\";s:96:\"Adds the ability to changes the language within a call flow and add language attribute to users.\";s:9:\"menuitems\";a:1:{s:9:\"languages\";s:9:\"Languages\";}s:8:\"popovers\";a:1:{s:9:\"languages\";a:1:{s:7:\"display\";s:9:\"languages\";}}s:7:\"depends\";a:1:{s:7:\"version\";s:11:\"2.5.0alpha1\";}s:9:\"supported\";a:1:{s:7:\"version\";s:4:\"2.10\";}s:11:\"displayname\";s:9:\"Languages\";s:5:\"items\";a:1:{s:9:\"languages\";a:4:{s:4:\"name\";s:9:\"Languages\";s:4:\"type\";s:5:\"setup\";s:8:\"category\";s:12:\"Applications\";s:4:\"sort\";i:0;}}s:6:\"status\";i:2;s:9:\"dbversion\";s:8:\"2.11.0.2\";}s:8:\"dynroute\";a:17:{s:7:\"rawname\";s:8:\"dynroute\";s:4:\"repo\";s:8:\"standard\";s:4:\"name\";s:14:\"Dynamic Routes\";s:7:\"version\";s:8:\"2.11.3.2\";s:9:\"publisher\";s:14:\"voipsupport.it\";s:7:\"license\";s:6:\"GPLv3+\";s:4:\"type\";s:5:\"setup\";s:8:\"category\";s:8:\"Advanced\";s:13:\"embedcategory\";s:20:\"Inbound Call Control\";s:11:\"description\";s:112:\"Allows to route call based on lookup in sql database and/or user input and to store results in channel variables\";s:7:\"depends\";a:2:{s:7:\"version\";s:6:\"ge2.11\";s:6:\"module\";b:0;}s:9:\"menuitems\";a:1:{s:8:\"dynroute\";s:14:\"Dynamic Routes\";}s:8:\"popovers\";a:1:{s:8:\"dynroute\";a:2:{s:7:\"display\";s:8:\"dynroute\";s:6:\"action\";s:3:\"add\";}}s:11:\"displayname\";s:14:\"Dynamic Routes\";s:5:\"items\";a:1:{s:8:\"dynroute\";a:4:{s:4:\"name\";s:14:\"Dynamic Routes\";s:4:\"type\";s:5:\"setup\";s:8:\"category\";s:8:\"Advanced\";s:4:\"sort\";i:0;}}s:6:\"status\";i:2;s:9:\"dbversion\";s:8:\"2.11.3.2\";}s:6:\"queues\";a:18:{s:7:\"rawname\";s:6:\"queues\";s:4:\"repo\";s:8:\"standard\";s:4:\"name\";s:6:\"Queues\";s:7:\"version\";s:9:\"2.11.0.30\";s:9:\"publisher\";s:18:\"Issabel Foundation\";s:7:\"license\";s:6:\"GPLv2+\";s:11:\"licenselink\";s:39:\"http://www.gnu.org/licenses/gpl-2.0.txt\";s:8:\"category\";s:12:\"Applications\";s:13:\"embedcategory\";s:20:\"Inbound Call Control\";s:11:\"description\";s:198:\"Creates a queue where calls are placed on hold and answered on a first-in, first-out basis. Many options are available, including ring strategy for agents, caller announcements, max wait times, etc.\";s:7:\"depends\";a:2:{s:7:\"version\";s:11:\"2.5.0alpha1\";s:6:\"module\";a:3:{i:0;s:19:\"recordings ge 3.3.8\";i:1;s:21:\"core ge 2.11.0.0rc1.2\";i:2;s:22:\"framework ge 2.11.0.47\";}}s:9:\"menuitems\";a:1:{s:6:\"queues\";s:6:\"Queues\";}s:8:\"popovers\";a:1:{s:6:\"queues\";a:1:{s:7:\"display\";s:6:\"queues\";}}s:9:\"supported\";a:1:{s:7:\"version\";s:6:\"2.11.0\";}s:11:\"displayname\";s:6:\"Queues\";s:5:\"items\";a:1:{s:6:\"queues\";a:5:{s:4:\"name\";s:6:\"Queues\";s:4:\"type\";s:5:\"setup\";s:8:\"category\";s:12:\"Applications\";s:4:\"sort\";i:0;s:13:\"needsenginedb\";s:3:\"yes\";}}s:6:\"status\";i:2;s:9:\"dbversion\";s:9:\"2.11.0.30\";}s:16:\"featurecodeadmin\";a:18:{s:7:\"rawname\";s:16:\"featurecodeadmin\";s:4:\"repo\";s:8:\"standard\";s:4:\"name\";s:18:\"Feature Code Admin\";s:7:\"version\";s:8:\"2.11.0.2\";s:9:\"publisher\";s:18:\"Issabel Foundation\";s:7:\"license\";s:6:\"GPLv3+\";s:11:\"licenselink\";s:39:\"http://www.gnu.org/licenses/gpl-3.0.txt\";s:10:\"candisable\";s:2:\"no\";s:12:\"canuninstall\";s:2:\"no\";s:8:\"category\";s:5:\"Admin\";s:13:\"embedcategory\";s:5:\"Basic\";s:9:\"menuitems\";a:1:{s:16:\"featurecodeadmin\";s:13:\"Feature Codes\";}s:7:\"depends\";a:1:{s:7:\"version\";s:11:\"2.5.0alpha1\";}s:9:\"supported\";a:1:{s:7:\"version\";s:4:\"2.10\";}s:11:\"displayname\";s:18:\"Feature Code Admin\";s:5:\"items\";a:1:{s:16:\"featurecodeadmin\";a:4:{s:4:\"name\";s:13:\"Feature Codes\";s:4:\"type\";s:5:\"setup\";s:8:\"category\";s:5:\"Admin\";s:4:\"sort\";i:0;}}s:6:\"status\";i:2;s:9:\"dbversion\";s:8:\"2.11.0.2\";}s:7:\"dictate\";a:13:{s:7:\"rawname\";s:7:\"dictate\";s:4:\"repo\";s:8:\"extended\";s:4:\"name\";s:9:\"Dictation\";s:7:\"version\";s:8:\"2.11.0.3\";s:9:\"publisher\";s:18:\"Issabel Foundation\";s:7:\"license\";s:6:\"GPLv3+\";s:11:\"licenselink\";s:39:\"http://www.gnu.org/licenses/gpl-3.0.txt\";s:8:\"category\";s:12:\"Applications\";s:11:\"description\";s:189:\"This uses the app_dictate module of Asterisk to let users record dictate into their phones. When complete, the dictations can be emailed to an email address specified in the extension page.\";s:9:\"supported\";a:1:{s:7:\"version\";s:4:\"2.10\";}s:11:\"displayname\";s:9:\"Dictation\";s:6:\"status\";i:2;s:9:\"dbversion\";s:8:\"2.11.0.3\";}s:11:\"outroutemsg\";a:17:{s:7:\"rawname\";s:11:\"outroutemsg\";s:4:\"repo\";s:8:\"standard\";s:4:\"name\";s:25:\"Route Congestion Messages\";s:7:\"version\";s:8:\"2.11.0.3\";s:9:\"publisher\";s:18:\"Issabel Foundation\";s:7:\"license\";s:6:\"GPLv3+\";s:11:\"licenselink\";s:39:\"http://www.gnu.org/licenses/gpl-3.0.txt\";s:8:\"category\";s:8:\"Settings\";s:13:\"embedcategory\";s:8:\"Advanced\";s:11:\"description\";s:154:\"Configures message or congestion tones played when all trunks are busy in a route. Allows different messages for Emergency Routes and Intra-Company Routes\";s:9:\"menuitems\";a:1:{s:11:\"outroutemsg\";s:25:\"Route Congestion Messages\";}s:7:\"depends\";a:1:{s:6:\"module\";s:19:\"recordings ge 3.3.8\";}s:9:\"supported\";a:1:{s:7:\"version\";s:4:\"2.10\";}s:11:\"displayname\";s:25:\"Route Congestion Messages\";s:5:\"items\";a:1:{s:11:\"outroutemsg\";a:4:{s:4:\"name\";s:25:\"Route Congestion Messages\";s:4:\"type\";s:5:\"setup\";s:8:\"category\";s:8:\"Settings\";s:4:\"sort\";i:0;}}s:6:\"status\";i:2;s:9:\"dbversion\";s:8:\"2.11.0.3\";}s:12:\"asteriskinfo\";a:17:{s:7:\"rawname\";s:12:\"asteriskinfo\";s:4:\"repo\";s:8:\"standard\";s:4:\"name\";s:13:\"Asterisk Info\";s:7:\"version\";s:9:\"2.11.0.89\";s:9:\"publisher\";s:18:\"Issabel Foundation\";s:7:\"license\";s:6:\"GPLv3+\";s:11:\"licenselink\";s:39:\"http://www.gnu.org/licenses/gpl-3.0.txt\";s:8:\"category\";s:7:\"Reports\";s:13:\"embedcategory\";s:8:\"Advanced\";s:11:\"description\";s:57:\"Provides a snapshot of the current Asterisk configuration\";s:9:\"menuitems\";a:1:{s:12:\"asteriskinfo\";s:13:\"Asterisk Info\";}s:7:\"depends\";a:2:{s:6:\"engine\";s:8:\"asterisk\";s:7:\"version\";s:8:\"2.5.0rc3\";}s:9:\"supported\";a:1:{s:7:\"version\";s:4:\"2.10\";}s:11:\"displayname\";s:13:\"Asterisk Info\";s:5:\"items\";a:1:{s:12:\"asteriskinfo\";a:4:{s:4:\"name\";s:13:\"Asterisk Info\";s:4:\"type\";s:5:\"setup\";s:8:\"category\";s:7:\"Reports\";s:4:\"sort\";i:0;}}s:6:\"status\";i:2;s:9:\"dbversion\";s:9:\"2.11.0.89\";}s:13:\"writequeuelog\";a:17:{s:7:\"rawname\";s:13:\"writequeuelog\";s:4:\"repo\";s:8:\"standard\";s:4:\"name\";s:27:\"Write a line into queue log\";s:7:\"version\";s:8:\"2.11.0.0\";s:8:\"category\";s:12:\"Applications\";s:13:\"embedcategory\";s:8:\"Advanced\";s:9:\"publisher\";s:18:\"Issabel Foundation\";s:7:\"license\";s:6:\"GPLv3+\";s:11:\"licenselink\";s:39:\"http://www.gnu.org/licenses/gpl-3.0.txt\";s:11:\"description\";s:40:\"Adds the ability to write into queue_log\";s:9:\"menuitems\";a:1:{s:13:\"writequeuelog\";s:18:\"Write in Queue Log\";}s:7:\"depends\";a:1:{s:7:\"version\";s:5:\"2.5.0\";}s:9:\"supported\";a:1:{s:7:\"version\";s:4:\"2.10\";}s:11:\"displayname\";s:27:\"Write a line into queue log\";s:5:\"items\";a:1:{s:13:\"writequeuelog\";a:4:{s:4:\"name\";s:18:\"Write in Queue Log\";s:4:\"type\";s:5:\"setup\";s:8:\"category\";s:12:\"Applications\";s:4:\"sort\";i:0;}}s:6:\"status\";i:2;s:9:\"dbversion\";s:8:\"2.11.0.0\";}s:15:\"managersettings\";a:16:{s:7:\"rawname\";s:15:\"managersettings\";s:4:\"repo\";s:8:\"standard\";s:4:\"name\";s:25:\"Asterisk Manager Settings\";s:7:\"version\";s:8:\"2.11.0.0\";s:9:\"publisher\";s:18:\"Issabel Foundation\";s:11:\"licenselink\";s:40:\"http://www.gnu.org/licenses/agpl-3.0.txt\";s:7:\"license\";s:6:\"AGPLv3\";s:8:\"category\";s:8:\"Settings\";s:13:\"embedcategory\";s:8:\"Advanced\";s:9:\"menuitems\";a:1:{s:15:\"managersettings\";s:25:\"Asterisk Manager Settings\";}s:11:\"description\";s:140:\"Use to configure Various Asterisk Manager Settings in the General section of manager.conf. The module assumes Asterisk version 11 or higher.\";s:9:\"supported\";a:1:{s:7:\"version\";s:4:\"2.10\";}s:11:\"displayname\";s:25:\"Asterisk Manager Settings\";s:5:\"items\";a:1:{s:15:\"managersettings\";a:4:{s:4:\"name\";s:25:\"Asterisk Manager Settings\";s:4:\"type\";s:5:\"setup\";s:8:\"category\";s:8:\"Settings\";s:4:\"sort\";i:0;}}s:6:\"status\";i:2;s:9:\"dbversion\";s:8:\"2.11.0.0\";}s:11:\"pbdirectory\";a:14:{s:7:\"rawname\";s:11:\"pbdirectory\";s:4:\"repo\";s:8:\"extended\";s:4:\"name\";s:19:\"Phonebook Directory\";s:7:\"version\";s:8:\"2.11.0.5\";s:9:\"publisher\";s:18:\"Issabel Foundation\";s:7:\"license\";s:6:\"GPLv3+\";s:11:\"licenselink\";s:39:\"http://www.gnu.org/licenses/gpl-3.0.txt\";s:8:\"category\";s:5:\"Admin\";s:11:\"description\";s:55:\"Provides a dial-by-name directory for phonebook entries\";s:7:\"depends\";a:2:{s:7:\"version\";s:5:\"2.4.0\";s:6:\"module\";a:2:{i:0;s:9:\"phonebook\";i:1;s:9:\"speeddial\";}}s:9:\"supported\";a:1:{s:7:\"version\";s:4:\"2.10\";}s:11:\"displayname\";s:19:\"Phonebook Directory\";s:6:\"status\";i:2;s:9:\"dbversion\";s:8:\"2.11.0.5\";}s:12:\"infoservices\";a:15:{s:7:\"rawname\";s:12:\"infoservices\";s:4:\"repo\";s:8:\"standard\";s:4:\"name\";s:13:\"Info Services\";s:7:\"version\";s:8:\"2.11.0.3\";s:9:\"publisher\";s:18:\"Issabel Foundation\";s:7:\"license\";s:6:\"GPLv3+\";s:11:\"licenselink\";s:39:\"http://www.gnu.org/licenses/gpl-3.0.txt\";s:10:\"candisable\";s:2:\"no\";s:12:\"canuninstall\";s:2:\"no\";s:8:\"category\";s:12:\"Applications\";s:11:\"description\";s:180:\"Provides a number of applications accessible by feature codes: company directory, call trace (last call information), echo test, speaking clock, and speak current extension number.\";s:9:\"supported\";a:1:{s:7:\"version\";s:4:\"2.11\";}s:11:\"displayname\";s:13:\"Info Services\";s:6:\"status\";i:2;s:9:\"dbversion\";s:8:\"2.11.0.3\";}s:10:\"dundicheck\";a:16:{s:7:\"rawname\";s:10:\"dundicheck\";s:4:\"repo\";s:11:\"unsupported\";s:4:\"name\";s:21:\"DUNDi Lookup Registry\";s:7:\"version\";s:8:\"2.11.0.3\";s:9:\"publisher\";s:18:\"Issabel Foundation\";s:7:\"license\";s:6:\"GPLv3+\";s:11:\"licenselink\";s:39:\"http://www.gnu.org/licenses/gpl-3.0.txt\";s:11:\"description\";s:334:\"This module will check all configured and enabled DUNDi trunks as part of the extension registry function, and report back conflicts if		other sites have the same extensions. This does not filter against the route patterns - it will take any number being created and		report a conflict if that trunk could be used to call that number.\";s:9:\"menuitems\";a:1:{s:10:\"dundicheck\";s:12:\"DUNDi Lookup\";}s:7:\"depends\";a:1:{s:7:\"version\";s:5:\"2.4.0\";}s:9:\"supported\";a:1:{s:7:\"version\";s:4:\"2.10\";}s:8:\"category\";s:5:\"Admin\";s:11:\"displayname\";s:21:\"DUNDi Lookup Registry\";s:5:\"items\";a:1:{s:10:\"dundicheck\";a:4:{s:4:\"name\";s:12:\"DUNDi Lookup\";s:4:\"type\";s:5:\"setup\";s:8:\"category\";s:5:\"Admin\";s:4:\"sort\";i:0;}}s:6:\"status\";i:2;s:9:\"dbversion\";s:8:\"2.11.0.3\";}s:13:\"bosssecretary\";a:13:{s:7:\"rawname\";s:13:\"bosssecretary\";s:4:\"name\";s:14:\"Boss Secretary\";s:7:\"version\";s:3:\"1.0\";s:4:\"repo\";s:8:\"extended\";s:9:\"publisher\";s:18:\"Issabel Foundation\";s:8:\"category\";s:12:\"Applications\";s:13:\"embedcategory\";s:34:\"Internal Options \n&\n Configuration\";s:11:\"description\";s:436:\"The boss-secretary module creates a special ring group which includesone or more \"bosses\" and one or more secretaries\". When someone callsthe boss\' extension, the secretary (or secretaries) extension will ring only, allowing the secretary to answer his or her boss\' call. Only secretary ( or secretaries ) or \'chief extensions\' are authorized to call directly to boss extension. With feature code you can turn on or off secretary group.\";s:9:\"menuitems\";a:1:{s:13:\"bosssecretary\";s:14:\"Boss Secretary\";}s:11:\"displayname\";s:14:\"Boss Secretary\";s:5:\"items\";a:1:{s:13:\"bosssecretary\";a:4:{s:4:\"name\";s:14:\"Boss Secretary\";s:4:\"type\";s:5:\"setup\";s:8:\"category\";s:12:\"Applications\";s:4:\"sort\";i:0;}}s:6:\"status\";i:0;s:7:\"license\";s:0:\"\";}s:6:\"backup\";a:16:{s:7:\"rawname\";s:6:\"backup\";s:4:\"repo\";s:8:\"standard\";s:4:\"name\";s:16:\"Backup & Restore\";s:7:\"version\";s:9:\"2.11.0.23\";s:9:\"publisher\";s:18:\"Issabel Foundation\";s:7:\"license\";s:6:\"GPLv3+\";s:11:\"licenselink\";s:39:\"http://www.gnu.org/licenses/gpl-3.0.txt\";s:8:\"category\";s:5:\"Admin\";s:11:\"description\";s:48:\"Backup & Restore for your IssabelPBX environment\";s:9:\"menuitems\";a:4:{s:6:\"backup\";s:16:\"Backup & Restore\";s:14:\"backup_servers\";s:26:\"Backup & Restore - Servers\";s:16:\"backup_templates\";s:28:\"Backup & Restore - Templates\";s:14:\"backup_restore\";s:26:\"Backup & Restore - Restore\";}s:7:\"depends\";a:1:{s:6:\"module\";s:4:\"core\";}s:9:\"supported\";a:1:{s:7:\"version\";s:4:\"2.11\";}s:11:\"displayname\";s:16:\"Backup & Restore\";s:5:\"items\";a:4:{s:6:\"backup\";a:5:{s:4:\"name\";s:16:\"Backup & Restore\";s:4:\"type\";s:5:\"setup\";s:8:\"category\";s:5:\"Admin\";s:4:\"sort\";i:0;s:13:\"needsenginedb\";s:3:\"yes\";}s:14:\"backup_servers\";a:6:{s:4:\"name\";s:26:\"Backup & Restore - Servers\";s:4:\"type\";s:5:\"setup\";s:8:\"category\";s:5:\"Admin\";s:4:\"sort\";i:0;s:13:\"needsenginedb\";s:3:\"yes\";s:6:\"hidden\";s:4:\"true\";}s:16:\"backup_templates\";a:6:{s:4:\"name\";s:28:\"Backup & Restore - Templates\";s:4:\"type\";s:5:\"setup\";s:8:\"category\";s:5:\"Admin\";s:4:\"sort\";i:0;s:13:\"needsenginedb\";s:3:\"yes\";s:6:\"hidden\";s:4:\"true\";}s:14:\"backup_restore\";a:6:{s:4:\"name\";s:26:\"Backup & Restore - Restore\";s:4:\"type\";s:5:\"setup\";s:8:\"category\";s:5:\"Admin\";s:4:\"sort\";i:0;s:13:\"needsenginedb\";s:3:\"yes\";s:6:\"hidden\";s:4:\"true\";}}s:6:\"status\";i:2;s:9:\"dbversion\";s:9:\"2.11.0.23\";}s:8:\"callback\";a:17:{s:7:\"rawname\";s:8:\"callback\";s:4:\"repo\";s:8:\"extended\";s:4:\"name\";s:8:\"Callback\";s:7:\"version\";s:8:\"2.11.0.4\";s:9:\"publisher\";s:18:\"Issabel Foundation\";s:7:\"license\";s:6:\"GPLv3+\";s:11:\"licenselink\";s:39:\"http://www.gnu.org/licenses/gpl-3.0.txt\";s:8:\"category\";s:12:\"Applications\";s:13:\"embedcategory\";s:13:\"Remote Access\";s:9:\"menuitems\";a:1:{s:8:\"callback\";s:8:\"Callback\";}s:8:\"popovers\";a:1:{s:8:\"callback\";a:1:{s:7:\"display\";s:8:\"callback\";}}s:7:\"depends\";a:1:{s:7:\"version\";s:5:\"2.4.0\";}s:9:\"supported\";a:1:{s:7:\"version\";s:4:\"2.10\";}s:11:\"displayname\";s:8:\"Callback\";s:5:\"items\";a:1:{s:8:\"callback\";a:4:{s:4:\"name\";s:8:\"Callback\";s:4:\"type\";s:5:\"setup\";s:8:\"category\";s:12:\"Applications\";s:4:\"sort\";i:0;}}s:6:\"status\";i:2;s:9:\"dbversion\";s:8:\"2.11.0.4\";}s:5:\"music\";a:18:{s:7:\"rawname\";s:5:\"music\";s:4:\"repo\";s:8:\"standard\";s:4:\"name\";s:13:\"Music on Hold\";s:7:\"version\";s:8:\"2.11.0.3\";s:9:\"publisher\";s:18:\"Issabel Foundation\";s:7:\"license\";s:6:\"GPLv3+\";s:11:\"licenselink\";s:39:\"http://www.gnu.org/licenses/gpl-3.0.txt\";s:10:\"candisable\";s:2:\"no\";s:12:\"canuninstall\";s:2:\"no\";s:8:\"category\";s:8:\"Settings\";s:13:\"embedcategory\";s:34:\"Internal Options \n&\n Configuration\";s:11:\"description\";s:80:\"Uploading and management of sound files (wav, mp3) to be used for on-hold music.\";s:9:\"menuitems\";a:1:{s:5:\"music\";s:13:\"Music on Hold\";}s:9:\"supported\";a:1:{s:7:\"version\";s:4:\"2.10\";}s:11:\"displayname\";s:13:\"Music on Hold\";s:5:\"items\";a:1:{s:5:\"music\";a:4:{s:4:\"name\";s:13:\"Music on Hold\";s:4:\"type\";s:5:\"setup\";s:8:\"category\";s:8:\"Settings\";s:4:\"sort\";i:0;}}s:6:\"status\";i:2;s:9:\"dbversion\";s:8:\"2.11.0.3\";}s:9:\"cidlookup\";a:17:{s:7:\"rawname\";s:9:\"cidlookup\";s:4:\"repo\";s:8:\"standard\";s:4:\"name\";s:15:\"CallerID Lookup\";s:7:\"version\";s:9:\"2.11.1.12\";s:9:\"publisher\";s:18:\"Issabel Foundation\";s:7:\"license\";s:6:\"GPLv3+\";s:11:\"licenselink\";s:39:\"http://www.gnu.org/licenses/gpl-3.0.txt\";s:11:\"description\";s:114:\"Allows CallerID Lookup of incoming calls against different sources (OpenCNAM, MySQL, HTTP, ENUM, Phonebook Module)\";s:8:\"category\";s:5:\"Admin\";s:13:\"embedcategory\";s:20:\"Inbound Call Control\";s:9:\"menuitems\";a:1:{s:9:\"cidlookup\";s:23:\"CallerID Lookup Sources\";}s:7:\"depends\";a:2:{s:6:\"engine\";s:12:\"asterisk 1.6\";s:6:\"module\";s:26:\"framework ge 2.11.0.0rc1.6\";}s:9:\"supported\";a:1:{s:7:\"version\";s:4:\"2.11\";}s:11:\"displayname\";s:15:\"CallerID Lookup\";s:5:\"items\";a:1:{s:9:\"cidlookup\";a:4:{s:4:\"name\";s:23:\"CallerID Lookup Sources\";s:4:\"type\";s:5:\"setup\";s:8:\"category\";s:5:\"Admin\";s:4:\"sort\";i:0;}}s:6:\"status\";i:2;s:9:\"dbversion\";s:9:\"2.11.1.12\";}s:7:\"restart\";a:16:{s:7:\"rawname\";s:7:\"restart\";s:4:\"repo\";s:11:\"unsupported\";s:4:\"name\";s:18:\"Bulk Phone Restart\";s:7:\"version\";s:8:\"2.11.0.2\";s:9:\"publisher\";s:18:\"Issabel Foundation\";s:7:\"license\";s:6:\"GPLv3+\";s:11:\"licenselink\";s:39:\"http://www.gnu.org/licenses/gpl-3.0.txt\";s:8:\"category\";s:5:\"Admin\";s:7:\"depends\";a:1:{s:7:\"version\";s:5:\"2.5.0\";}s:11:\"description\";s:147:\"This module allows users to restart one or multiple phones that support being restarted via a SIP NOTIFY command through Asterisk\'s sip_notify.conf\";s:9:\"menuitems\";a:1:{s:7:\"restart\";s:13:\"Phone Restart\";}s:9:\"supported\";a:1:{s:7:\"version\";s:4:\"2.10\";}s:11:\"displayname\";s:18:\"Bulk Phone Restart\";s:5:\"items\";a:1:{s:7:\"restart\";a:4:{s:4:\"name\";s:13:\"Phone Restart\";s:4:\"type\";s:5:\"setup\";s:8:\"category\";s:5:\"Admin\";s:4:\"sort\";i:0;}}s:6:\"status\";i:2;s:9:\"dbversion\";s:8:\"2.11.0.2\";}s:13:\"weakpasswords\";a:16:{s:7:\"rawname\";s:13:\"weakpasswords\";s:4:\"repo\";s:8:\"standard\";s:4:\"name\";s:23:\"Weak Password Detection\";s:7:\"version\";s:8:\"2.11.0.1\";s:9:\"publisher\";s:18:\"Issabel Foundation\";s:7:\"license\";s:6:\"GPLv3+\";s:11:\"licenselink\";s:39:\"http://www.gnu.org/licenses/gpl-3.0.txt\";s:8:\"category\";s:7:\"Reports\";s:7:\"depends\";a:1:{s:7:\"version\";s:5:\"2.5.0\";}s:11:\"description\";s:80:\"This module detects weak SIP secrets and sets security notifications accordingly\";s:9:\"supported\";a:1:{s:7:\"version\";s:4:\"2.10\";}s:9:\"menuitems\";a:1:{s:13:\"weakpasswords\";s:23:\"Weak Password Detection\";}s:11:\"displayname\";s:23:\"Weak Password Detection\";s:5:\"items\";a:1:{s:13:\"weakpasswords\";a:4:{s:4:\"name\";s:23:\"Weak Password Detection\";s:4:\"type\";s:5:\"setup\";s:8:\"category\";s:7:\"Reports\";s:4:\"sort\";i:0;}}s:6:\"status\";i:2;s:9:\"dbversion\";s:8:\"2.11.0.1\";}s:15:\"dynamicfeatures\";a:16:{s:7:\"rawname\";s:15:\"dynamicfeatures\";s:4:\"repo\";s:8:\"extended\";s:4:\"name\";s:16:\"Dynamic Features\";s:7:\"version\";s:8:\"2.11.0.0\";s:9:\"publisher\";s:18:\"Issabel Foundation\";s:7:\"license\";s:6:\"GPLv3+\";s:11:\"licenselink\";s:39:\"http://www.gnu.org/licenses/gpl-3.0.txt\";s:8:\"category\";s:12:\"Applications\";s:13:\"embedcategory\";s:34:\"Internal Options \n&\n Configuration\";s:11:\"description\";s:84:\"Adds the ability to configure custom dynamic features to be executed while on a call\";s:9:\"menuitems\";a:1:{s:15:\"dynamicfeatures\";s:16:\"Dynamic Features\";}s:7:\"depends\";a:1:{s:7:\"version\";s:6:\"2.11.0\";}s:9:\"supported\";a:1:{s:7:\"version\";s:4:\"2.10\";}s:11:\"displayname\";s:16:\"Dynamic Features\";s:5:\"items\";a:1:{s:15:\"dynamicfeatures\";a:4:{s:4:\"name\";s:16:\"Dynamic Features\";s:4:\"type\";s:5:\"setup\";s:8:\"category\";s:12:\"Applications\";s:4:\"sort\";i:0;}}s:6:\"status\";i:0;}s:11:\"iaxsettings\";a:16:{s:7:\"rawname\";s:11:\"iaxsettings\";s:4:\"repo\";s:8:\"standard\";s:4:\"name\";s:21:\"Asterisk IAX Settings\";s:7:\"version\";s:8:\"2.11.0.3\";s:9:\"publisher\";s:18:\"Issabel Foundation\";s:11:\"licenselink\";s:40:\"http://www.gnu.org/licenses/agpl-3.0.txt\";s:7:\"license\";s:6:\"AGPLv3\";s:8:\"category\";s:8:\"Settings\";s:13:\"embedcategory\";s:8:\"Advanced\";s:9:\"menuitems\";a:1:{s:11:\"iaxsettings\";s:21:\"Asterisk IAX Settings\";}s:11:\"description\";s:210:\"Use to configure Various Asterisk IAX Settings in the General section of iax.conf. The module assumes Asterisk version 1.4 or higher. Some settings may not exist in Asterisk 1.2 and will be ignored by Asterisk.\";s:9:\"supported\";a:1:{s:7:\"version\";s:4:\"2.10\";}s:11:\"displayname\";s:21:\"Asterisk IAX Settings\";s:5:\"items\";a:1:{s:11:\"iaxsettings\";a:4:{s:4:\"name\";s:21:\"Asterisk IAX Settings\";s:4:\"type\";s:5:\"setup\";s:8:\"category\";s:8:\"Settings\";s:4:\"sort\";i:0;}}s:6:\"status\";i:2;s:9:\"dbversion\";s:8:\"2.11.0.3\";}s:7:\"parking\";a:17:{s:7:\"rawname\";s:7:\"parking\";s:4:\"repo\";s:8:\"standard\";s:4:\"name\";s:11:\"Parking Lot\";s:7:\"version\";s:9:\"2.11.0.16\";s:9:\"publisher\";s:18:\"Issabel Foundation\";s:7:\"license\";s:6:\"GPLv3+\";s:11:\"licenselink\";s:39:\"http://www.gnu.org/licenses/gpl-3.0.txt\";s:8:\"category\";s:12:\"Applications\";s:13:\"embedcategory\";s:34:\"Internal Options \n&\n Configuration\";s:11:\"description\";s:142:\"Manages parking lot extensions and other options.    Parking is a way of putting calls \"on hold\", and then picking them up from any extension.\";s:9:\"menuitems\";a:1:{s:7:\"parking\";s:7:\"Parking\";}s:7:\"depends\";a:3:{s:6:\"engine\";s:15:\"asterisk ge 1.8\";s:7:\"version\";s:4:\"2.11\";s:6:\"module\";s:17:\"core ge 2.11.0.48\";}s:9:\"supported\";a:1:{s:7:\"version\";s:4:\"2.11\";}s:11:\"displayname\";s:11:\"Parking Lot\";s:5:\"items\";a:1:{s:7:\"parking\";a:4:{s:4:\"name\";s:7:\"Parking\";s:4:\"type\";s:5:\"setup\";s:8:\"category\";s:12:\"Applications\";s:4:\"sort\";i:0;}}s:6:\"status\";i:2;s:9:\"dbversion\";s:9:\"2.11.0.16\";}s:3:\"cdr\";a:16:{s:7:\"rawname\";s:3:\"cdr\";s:4:\"repo\";s:8:\"standard\";s:11:\"description\";s:63:\"Call Data Record report tools for viewing reports of your calls\";s:4:\"name\";s:11:\"CDR Reports\";s:7:\"version\";s:9:\"2.11.0.12\";s:9:\"publisher\";s:18:\"Issabel Foundation\";s:7:\"license\";s:6:\"GPLv3+\";s:11:\"licenselink\";s:39:\"http://www.gnu.org/licenses/gpl-3.0.txt\";s:8:\"category\";s:7:\"Reports\";s:9:\"menuitems\";a:1:{s:3:\"cdr\";s:11:\"CDR Reports\";}s:7:\"depends\";a:1:{s:6:\"module\";s:13:\"core ge 2.6.0\";}s:9:\"supported\";a:1:{s:7:\"version\";s:4:\"2.11\";}s:11:\"displayname\";s:11:\"CDR Reports\";s:5:\"items\";a:1:{s:3:\"cdr\";a:4:{s:4:\"name\";s:11:\"CDR Reports\";s:4:\"type\";s:5:\"setup\";s:8:\"category\";s:7:\"Reports\";s:4:\"sort\";i:0;}}s:6:\"status\";i:2;s:9:\"dbversion\";s:9:\"2.11.0.12\";}s:12:\"fw_langpacks\";a:14:{s:7:\"rawname\";s:12:\"fw_langpacks\";s:7:\"modtype\";s:9:\"framework\";s:4:\"repo\";s:8:\"extended\";s:4:\"name\";s:31:\"IssabelPBX Localization Updates\";s:7:\"version\";s:6:\"2.11.2\";s:9:\"publisher\";s:18:\"Issabel Foundation\";s:7:\"license\";s:6:\"GPLv3+\";s:11:\"licenselink\";s:39:\"http://www.gnu.org/licenses/gpl-3.0.txt\";s:11:\"description\";s:505:\"This module provides a facility to install new and updated localization translations for all components in IssabelPBX. Localization i18n translations are still kept with each module and other components such as the User Portal (ARI). This provides an easy ability to bring all components up-to-date without the need of publishing dozens of modules for every minor change. The localization updates used will be the latest available for all modules and will not consider the current version you are running.\";s:8:\"category\";s:5:\"Admin\";s:9:\"supported\";a:1:{s:7:\"version\";s:4:\"2.11\";}s:11:\"displayname\";s:31:\"IssabelPBX Localization Updates\";s:6:\"status\";i:2;s:9:\"dbversion\";s:6:\"2.11.2\";}s:10:\"customerdb\";a:12:{s:7:\"rawname\";s:10:\"customerdb\";s:4:\"name\";s:11:\"Customer DB\";s:7:\"version\";s:7:\"2.5.0.4\";s:4:\"type\";s:4:\"tool\";s:8:\"category\";s:17:\"Third Party Addon\";s:9:\"menuitems\";a:1:{s:10:\"customerdb\";s:11:\"Customer DB\";}s:11:\"displayname\";s:11:\"Customer DB\";s:5:\"items\";a:1:{s:10:\"customerdb\";a:4:{s:4:\"name\";s:11:\"Customer DB\";s:4:\"type\";s:4:\"tool\";s:8:\"category\";s:17:\"Third Party Addon\";s:4:\"sort\";i:0;}}s:6:\"status\";i:2;s:4:\"repo\";s:5:\"local\";s:9:\"dbversion\";s:7:\"2.5.0.4\";s:7:\"license\";s:0:\"\";}s:8:\"daynight\";a:18:{s:7:\"rawname\";s:8:\"daynight\";s:4:\"repo\";s:8:\"standard\";s:4:\"name\";s:17:\"Call Flow Control\";s:7:\"version\";s:8:\"2.11.0.6\";s:9:\"publisher\";s:18:\"Issabel Foundation\";s:7:\"license\";s:6:\"GPLv3+\";s:11:\"licenselink\";s:39:\"http://www.gnu.org/licenses/gpl-3.0.txt\";s:8:\"category\";s:12:\"Applications\";s:13:\"embedcategory\";s:20:\"Inbound Call Control\";s:11:\"description\";s:146:\"Call Flow manual toggle control - allows for two destinations to be chosen and provides a feature code		that toggles between the two destinations.\";s:7:\"depends\";a:1:{s:7:\"version\";s:11:\"2.5.0alpha1\";}s:9:\"menuitems\";a:1:{s:8:\"daynight\";s:17:\"Call Flow Control\";}s:8:\"popovers\";a:1:{s:8:\"daynight\";a:1:{s:7:\"display\";s:8:\"daynight\";}}s:9:\"supported\";a:1:{s:7:\"version\";s:4:\"2.10\";}s:11:\"displayname\";s:17:\"Call Flow Control\";s:5:\"items\";a:1:{s:8:\"daynight\";a:5:{s:4:\"name\";s:17:\"Call Flow Control\";s:4:\"type\";s:5:\"setup\";s:8:\"category\";s:12:\"Applications\";s:4:\"sort\";i:0;s:13:\"needsenginedb\";s:3:\"yes\";}}s:6:\"status\";i:2;s:9:\"dbversion\";s:8:\"2.11.0.6\";}s:4:\"disa\";a:18:{s:7:\"rawname\";s:4:\"disa\";s:4:\"repo\";s:8:\"extended\";s:4:\"name\";s:4:\"DISA\";s:7:\"version\";s:8:\"2.11.0.6\";s:9:\"publisher\";s:18:\"Issabel Foundation\";s:7:\"license\";s:6:\"GPLv3+\";s:11:\"licenselink\";s:39:\"http://www.gnu.org/licenses/gpl-3.0.txt\";s:8:\"category\";s:12:\"Applications\";s:13:\"embedcategory\";s:13:\"Remote Access\";s:9:\"menuitems\";a:1:{s:4:\"disa\";s:4:\"DISA\";}s:8:\"popovers\";a:1:{s:4:\"disa\";a:1:{s:7:\"display\";s:4:\"disa\";}}s:11:\"description\";s:264:\"DISA Allows you \'Direct Inward System Access\'. This gives you the ability to have an option on an IVR that gives you a dial tone, and you\'re able to dial out from the IssabelPBX machine as if you were connected to a standard extension. It appears as a Destination.\";s:7:\"depends\";a:1:{s:7:\"version\";s:5:\"2.4.0\";}s:9:\"supported\";a:1:{s:7:\"version\";s:4:\"2.10\";}s:11:\"displayname\";s:4:\"DISA\";s:5:\"items\";a:1:{s:4:\"disa\";a:4:{s:4:\"name\";s:4:\"DISA\";s:4:\"type\";s:5:\"setup\";s:8:\"category\";s:12:\"Applications\";s:4:\"sort\";i:0;}}s:6:\"status\";i:2;s:9:\"dbversion\";s:8:\"2.11.0.6\";}s:12:\"donotdisturb\";a:13:{s:7:\"rawname\";s:12:\"donotdisturb\";s:4:\"repo\";s:8:\"standard\";s:4:\"name\";s:20:\"Do-Not-Disturb (DND)\";s:7:\"version\";s:8:\"2.11.0.3\";s:9:\"publisher\";s:18:\"Issabel Foundation\";s:7:\"license\";s:6:\"GPLv3+\";s:11:\"licenselink\";s:39:\"http://www.gnu.org/licenses/gpl-3.0.txt\";s:11:\"description\";s:34:\"Provides donotdisturb featurecodes\";s:8:\"category\";s:12:\"Applications\";s:9:\"supported\";a:1:{s:7:\"version\";s:4:\"2.10\";}s:11:\"displayname\";s:20:\"Do-Not-Disturb (DND)\";s:6:\"status\";i:2;s:9:\"dbversion\";s:8:\"2.11.0.3\";}s:9:\"dashboard\";a:18:{s:7:\"rawname\";s:9:\"dashboard\";s:4:\"repo\";s:8:\"standard\";s:4:\"name\";s:16:\"System Dashboard\";s:7:\"version\";s:8:\"2.11.0.5\";s:9:\"publisher\";s:18:\"Issabel Foundation\";s:7:\"license\";s:6:\"GPLv3+\";s:11:\"licenselink\";s:39:\"http://www.gnu.org/licenses/gpl-3.0.txt\";s:10:\"candisable\";s:2:\"no\";s:12:\"canuninstall\";s:2:\"no\";s:8:\"category\";s:7:\"Reports\";s:11:\"description\";s:117:\"Provides a system information dashboard, showing information about Calls, CPU, Memory, Disks, Network, and processes.\";s:9:\"menuitems\";a:1:{s:9:\"dashboard\";s:24:\"IssabelPBX System Status\";}s:7:\"depends\";a:1:{s:7:\"version\";s:10:\"2.3.0beta2\";}s:9:\"supported\";a:1:{s:7:\"version\";s:4:\"2.10\";}s:11:\"displayname\";s:16:\"System Dashboard\";s:5:\"items\";a:1:{s:9:\"dashboard\";a:6:{s:4:\"name\";s:24:\"IssabelPBX System Status\";s:4:\"type\";s:5:\"setup\";s:8:\"category\";s:7:\"Reports\";s:4:\"sort\";i:0;s:7:\"display\";s:5:\"index\";s:6:\"access\";s:3:\"all\";}}s:6:\"status\";i:2;s:9:\"dbversion\";s:8:\"2.11.0.5\";}s:12:\"findmefollow\";a:17:{s:7:\"rawname\";s:12:\"findmefollow\";s:4:\"repo\";s:8:\"standard\";s:4:\"name\";s:9:\"Follow Me\";s:7:\"version\";s:8:\"2.11.0.6\";s:9:\"publisher\";s:18:\"Issabel Foundation\";s:7:\"license\";s:6:\"GPLv3+\";s:11:\"licenselink\";s:39:\"http://www.gnu.org/licenses/gpl-3.0.txt\";s:7:\"depends\";a:2:{s:7:\"version\";s:11:\"2.5.0alpha1\";s:6:\"module\";s:19:\"recordings ge 3.3.8\";}s:8:\"category\";s:12:\"Applications\";s:13:\"embedcategory\";s:20:\"Inbound Call Control\";s:11:\"description\";s:358:\"Much like a ring group, but works on individual extensions. When someone calls the extension, it can be setup to ring for a number of seconds before trying to ring other extensions and/or external numbers, or to ring all at once, or in other various \'hunt\' configurations. Most commonly used to ring someone\'s cell phone if they don\'t answer their extension.\";s:9:\"menuitems\";a:1:{s:12:\"findmefollow\";s:9:\"Follow Me\";}s:9:\"supported\";a:1:{s:7:\"version\";s:4:\"2.10\";}s:11:\"displayname\";s:9:\"Follow Me\";s:5:\"items\";a:1:{s:12:\"findmefollow\";a:5:{s:4:\"name\";s:9:\"Follow Me\";s:4:\"type\";s:5:\"setup\";s:8:\"category\";s:12:\"Applications\";s:4:\"sort\";i:0;s:13:\"needsenginedb\";s:3:\"yes\";}}s:6:\"status\";i:2;s:9:\"dbversion\";s:8:\"2.11.0.6\";}s:6:\"paging\";a:19:{s:7:\"rawname\";s:6:\"paging\";s:4:\"repo\";s:8:\"standard\";s:4:\"name\";s:19:\"Paging and Intercom\";s:7:\"version\";s:9:\"2.11.0.10\";s:9:\"publisher\";s:18:\"Issabel Foundation\";s:7:\"license\";s:6:\"GPLv3+\";s:11:\"licenselink\";s:39:\"http://www.gnu.org/licenses/gpl-3.0.txt\";s:8:\"category\";s:12:\"Applications\";s:13:\"embedcategory\";s:34:\"Internal Options \n&\n Configuration\";s:7:\"depends\";a:2:{s:7:\"version\";s:6:\"2.11.0\";s:6:\"module\";s:22:\"framework ge 2.11.0.47\";}s:11:\"description\";s:352:\"Allows creation of paging groups to make announcements using the speaker built into most SIP phones.         Also creates an Intercom feature code that can be used as a prefix to talk directly to one person, as well as optional feature codes to block/allow intercom calls to all users as well as blocking specific users or only allowing specific users.\";s:9:\"menuitems\";a:1:{s:6:\"paging\";s:19:\"Paging and Intercom\";}s:12:\"requirements\";a:1:{s:6:\"module\";s:11:\"conferences\";}s:8:\"popovers\";a:1:{s:6:\"paging\";a:2:{s:7:\"display\";s:6:\"paging\";s:6:\"action\";s:3:\"add\";}}s:9:\"supported\";a:1:{s:7:\"version\";s:6:\"2.11.0\";}s:11:\"displayname\";s:19:\"Paging and Intercom\";s:5:\"items\";a:1:{s:6:\"paging\";a:4:{s:4:\"name\";s:19:\"Paging and Intercom\";s:4:\"type\";s:5:\"setup\";s:8:\"category\";s:12:\"Applications\";s:4:\"sort\";i:0;}}s:6:\"status\";i:2;s:9:\"dbversion\";s:9:\"2.11.0.10\";}s:7:\"pinsets\";a:18:{s:7:\"rawname\";s:7:\"pinsets\";s:4:\"repo\";s:8:\"standard\";s:4:\"name\";s:8:\"PIN Sets\";s:7:\"version\";s:8:\"2.11.0.9\";s:9:\"publisher\";s:18:\"Issabel Foundation\";s:7:\"license\";s:6:\"GPLv3+\";s:11:\"licenselink\";s:39:\"http://www.gnu.org/licenses/gpl-3.0.txt\";s:8:\"category\";s:8:\"Settings\";s:13:\"embedcategory\";s:34:\"Internal Options \n&\n Configuration\";s:11:\"description\";s:103:\"Allow creation of lists of PINs (numbers for passwords) that can be used by other modules (eg, trunks).\";s:9:\"menuitems\";a:1:{s:7:\"pinsets\";s:8:\"PIN Sets\";}s:9:\"supported\";a:1:{s:7:\"version\";s:4:\"2.10\";}s:7:\"depends\";a:1:{s:6:\"module\";s:4:\"core\";}s:11:\"displayname\";s:8:\"PIN Sets\";s:7:\"methods\";a:1:{s:10:\"get_config\";a:1:{i:481;a:1:{i:0;s:18:\"pinsets_get_config\";}}}s:5:\"items\";a:1:{s:7:\"pinsets\";a:4:{s:4:\"name\";s:8:\"PIN Sets\";s:4:\"type\";s:5:\"setup\";s:8:\"category\";s:8:\"Settings\";s:4:\"sort\";i:0;}}s:6:\"status\";i:2;s:9:\"dbversion\";s:8:\"2.11.0.9\";}s:9:\"speeddial\";a:13:{s:7:\"rawname\";s:9:\"speeddial\";s:4:\"repo\";s:8:\"extended\";s:4:\"name\";s:20:\"Speed Dial Functions\";s:7:\"version\";s:8:\"2.11.0.4\";s:9:\"publisher\";s:18:\"Issabel Foundation\";s:7:\"license\";s:6:\"GPLv3+\";s:11:\"licenselink\";s:39:\"http://www.gnu.org/licenses/gpl-3.0.txt\";s:8:\"category\";s:8:\"Settings\";s:7:\"depends\";a:1:{s:6:\"module\";s:9:\"phonebook\";}s:9:\"supported\";a:1:{s:7:\"version\";s:4:\"2.10\";}s:11:\"displayname\";s:20:\"Speed Dial Functions\";s:6:\"status\";i:2;s:9:\"dbversion\";s:8:\"2.11.0.4\";}s:14:\"timeconditions\";a:18:{s:7:\"rawname\";s:14:\"timeconditions\";s:4:\"repo\";s:8:\"standard\";s:4:\"name\";s:15:\"Time Conditions\";s:7:\"version\";s:8:\"2.11.1.2\";s:9:\"publisher\";s:18:\"Issabel Foundation\";s:7:\"license\";s:6:\"GPLv3+\";s:11:\"licenselink\";s:39:\"http://www.gnu.org/licenses/gpl-3.0.txt\";s:8:\"category\";s:12:\"Applications\";s:13:\"embedcategory\";s:20:\"Inbound Call Control\";s:11:\"description\";s:238:\"Creates a condition where calls will go to one of two destinations (eg, an extension, IVR, ring group..) based on the time and/or date. This can be used for example to ring a receptionist during the day, or go directly to an IVR at night.\";s:7:\"depends\";a:1:{s:7:\"version\";s:11:\"2.5.0alpha1\";}s:9:\"menuitems\";a:2:{s:14:\"timeconditions\";s:15:\"Time Conditions\";s:10:\"timegroups\";s:11:\"Time Groups\";}s:8:\"popovers\";a:1:{s:14:\"timeconditions\";a:1:{s:7:\"display\";s:14:\"timeconditions\";}}s:9:\"supported\";a:1:{s:7:\"version\";s:4:\"2.10\";}s:11:\"displayname\";s:15:\"Time Conditions\";s:5:\"items\";a:2:{s:14:\"timeconditions\";a:4:{s:4:\"name\";s:15:\"Time Conditions\";s:4:\"type\";s:5:\"setup\";s:8:\"category\";s:12:\"Applications\";s:4:\"sort\";i:0;}s:10:\"timegroups\";a:4:{s:4:\"name\";s:11:\"Time Groups\";s:4:\"type\";s:5:\"setup\";s:8:\"category\";s:12:\"Applications\";s:4:\"sort\";i:0;}}s:6:\"status\";i:2;s:9:\"dbversion\";s:8:\"2.11.1.2\";}s:17:\"dialplaninjection\";a:16:{s:7:\"rawname\";s:17:\"dialplaninjection\";s:4:\"name\";s:18:\"Dialplan Injection\";s:7:\"version\";s:6:\"0.1.1n\";s:4:\"type\";s:5:\"setup\";s:9:\"publisher\";s:5:\"POSSA\";s:8:\"category\";s:8:\"Advanced\";s:13:\"embedcategory\";s:8:\"Advanced\";s:11:\"description\";s:77:\"Acts as a dialplan destination and can execute a variety of Asterisk commands\";s:9:\"menuitems\";a:1:{s:17:\"dialplaninjection\";s:18:\"Dialplan Injection\";}s:7:\"depends\";a:1:{s:6:\"module\";s:4:\"core\";}s:11:\"displayname\";s:18:\"Dialplan Injection\";s:5:\"items\";a:1:{s:17:\"dialplaninjection\";a:4:{s:4:\"name\";s:18:\"Dialplan Injection\";s:4:\"type\";s:5:\"setup\";s:8:\"category\";s:8:\"Advanced\";s:4:\"sort\";i:0;}}s:6:\"status\";i:2;s:4:\"repo\";s:5:\"local\";s:9:\"dbversion\";s:6:\"0.1.1n\";s:7:\"license\";s:0:\"\";}s:9:\"blacklist\";a:16:{s:7:\"rawname\";s:9:\"blacklist\";s:4:\"repo\";s:8:\"standard\";s:4:\"name\";s:9:\"Blacklist\";s:7:\"version\";s:8:\"2.11.0.6\";s:9:\"publisher\";s:18:\"Issabel Foundation\";s:7:\"license\";s:6:\"GPLv3+\";s:11:\"licenselink\";s:39:\"http://www.gnu.org/licenses/gpl-3.0.txt\";s:8:\"category\";s:5:\"Admin\";s:13:\"embedcategory\";s:20:\"Inbound Call Control\";s:9:\"menuitems\";a:1:{s:9:\"blacklist\";s:9:\"Blacklist\";}s:7:\"depends\";a:1:{s:6:\"module\";s:15:\"core ge 2.5.1.2\";}s:9:\"supported\";a:1:{s:7:\"version\";s:4:\"2.10\";}s:11:\"displayname\";s:9:\"Blacklist\";s:5:\"items\";a:1:{s:9:\"blacklist\";a:5:{s:4:\"name\";s:9:\"Blacklist\";s:4:\"type\";s:5:\"setup\";s:8:\"category\";s:5:\"Admin\";s:4:\"sort\";i:0;s:13:\"needsenginedb\";s:3:\"yes\";}}s:6:\"status\";i:2;s:9:\"dbversion\";s:8:\"2.11.0.6\";}s:12:\"asterisk-cli\";a:16:{s:7:\"rawname\";s:12:\"asterisk-cli\";s:4:\"repo\";s:8:\"extended\";s:4:\"name\";s:12:\"Asterisk CLI\";s:7:\"version\";s:8:\"2.11.0.3\";s:9:\"publisher\";s:18:\"Issabel Foundation\";s:7:\"license\";s:6:\"GPLv3+\";s:11:\"licenselink\";s:39:\"http://www.gnu.org/licenses/gpl-3.0.txt\";s:8:\"category\";s:5:\"Admin\";s:11:\"description\";s:88:\"Provides an interface allowing you to run a command as if it was typed into Asterisk CLI\";s:9:\"menuitems\";a:1:{s:3:\"cli\";s:12:\"Asterisk CLI\";}s:7:\"depends\";a:1:{s:6:\"engine\";s:8:\"asterisk\";}s:9:\"supported\";a:1:{s:7:\"version\";s:4:\"2.10\";}s:11:\"displayname\";s:12:\"Asterisk CLI\";s:5:\"items\";a:1:{s:3:\"cli\";a:4:{s:4:\"name\";s:12:\"Asterisk CLI\";s:4:\"type\";s:5:\"setup\";s:8:\"category\";s:5:\"Admin\";s:4:\"sort\";i:0;}}s:6:\"status\";i:2;s:9:\"dbversion\";s:8:\"2.11.0.3\";}s:11:\"inventorydb\";a:12:{s:7:\"rawname\";s:11:\"inventorydb\";s:4:\"name\";s:9:\"Inventory\";s:7:\"version\";s:7:\"2.5.0.2\";s:4:\"type\";s:4:\"tool\";s:8:\"category\";s:17:\"Third Party Addon\";s:9:\"menuitems\";a:1:{s:11:\"inventorydb\";s:9:\"Inventory\";}s:11:\"displayname\";s:9:\"Inventory\";s:5:\"items\";a:1:{s:11:\"inventorydb\";a:4:{s:4:\"name\";s:9:\"Inventory\";s:4:\"type\";s:4:\"tool\";s:8:\"category\";s:17:\"Third Party Addon\";s:4:\"sort\";i:0;}}s:6:\"status\";i:2;s:4:\"repo\";s:5:\"local\";s:9:\"dbversion\";s:7:\"2.5.0.2\";s:7:\"license\";s:0:\"\";}s:4:\"core\";a:21:{s:7:\"rawname\";s:4:\"core\";s:4:\"repo\";s:8:\"standard\";s:8:\"category\";s:12:\"Applications\";s:13:\"embedcategory\";s:5:\"Basic\";s:4:\"name\";s:4:\"Core\";s:7:\"version\";s:9:\"2.11.0.48\";s:9:\"publisher\";s:18:\"Issabel Foundation\";s:7:\"license\";s:6:\"GPLv3+\";s:11:\"licenselink\";s:39:\"http://www.gnu.org/licenses/gpl-3.0.txt\";s:10:\"candisable\";s:2:\"no\";s:12:\"canuninstall\";s:2:\"no\";s:7:\"depends\";a:2:{s:6:\"module\";s:22:\"framework ge 2.11.0.30\";s:7:\"version\";s:12:\"2.11.0alpha0\";}s:12:\"requirements\";a:1:{s:4:\"file\";s:18:\"/usr/sbin/asterisk\";}s:9:\"menuitems\";a:10:{s:10:\"extensions\";s:10:\"Extensions\";s:5:\"users\";s:5:\"Users\";s:7:\"devices\";s:7:\"Devices\";s:3:\"did\";s:14:\"Inbound Routes\";s:13:\"dahdichandids\";s:18:\"DAHDI Channel DIDs\";s:7:\"routing\";s:15:\"Outbound Routes\";s:6:\"trunks\";s:6:\"Trunks\";s:16:\"advancedsettings\";s:17:\"Advanced Settings\";s:8:\"ampusers\";s:14:\"Administrators\";s:4:\"wiki\";s:18:\"IssabelPBX Support\";}s:8:\"popovers\";a:2:{s:10:\"extensions\";a:1:{s:7:\"display\";s:10:\"extensions\";}s:5:\"users\";a:1:{s:7:\"display\";s:5:\"users\";}}s:9:\"supported\";a:1:{s:7:\"version\";s:4:\"2.11\";}s:11:\"displayname\";s:4:\"Core\";s:7:\"methods\";a:1:{s:10:\"get_config\";a:1:{i:480;a:1:{i:0;s:18:\"core_do_get_config\";}}}s:5:\"items\";a:10:{s:10:\"extensions\";a:5:{s:4:\"name\";s:10:\"Extensions\";s:4:\"type\";s:5:\"setup\";s:8:\"category\";s:12:\"Applications\";s:4:\"sort\";i:0;s:13:\"needsenginedb\";s:3:\"yes\";}s:5:\"users\";a:5:{s:4:\"name\";s:5:\"Users\";s:4:\"type\";s:5:\"setup\";s:8:\"category\";s:12:\"Applications\";s:4:\"sort\";i:0;s:13:\"needsenginedb\";s:3:\"yes\";}s:7:\"devices\";a:5:{s:4:\"name\";s:7:\"Devices\";s:4:\"type\";s:5:\"setup\";s:8:\"category\";s:12:\"Applications\";s:4:\"sort\";i:0;s:13:\"needsenginedb\";s:3:\"yes\";}s:3:\"did\";a:4:{s:4:\"name\";s:14:\"Inbound Routes\";s:4:\"type\";s:5:\"setup\";s:8:\"category\";s:12:\"Connectivity\";s:4:\"sort\";i:0;}s:13:\"dahdichandids\";a:4:{s:4:\"name\";s:18:\"DAHDI Channel DIDs\";s:4:\"type\";s:5:\"setup\";s:8:\"category\";s:12:\"Connectivity\";s:4:\"sort\";i:0;}s:7:\"routing\";a:4:{s:4:\"name\";s:15:\"Outbound Routes\";s:4:\"type\";s:5:\"setup\";s:8:\"category\";s:12:\"Connectivity\";s:4:\"sort\";i:0;}s:6:\"trunks\";a:4:{s:4:\"name\";s:6:\"Trunks\";s:4:\"type\";s:5:\"setup\";s:8:\"category\";s:12:\"Connectivity\";s:4:\"sort\";i:0;}s:16:\"advancedsettings\";a:4:{s:4:\"name\";s:17:\"Advanced Settings\";s:4:\"type\";s:5:\"setup\";s:8:\"category\";s:8:\"Settings\";s:4:\"sort\";i:0;}s:8:\"ampusers\";a:4:{s:4:\"name\";s:14:\"Administrators\";s:4:\"type\";s:5:\"setup\";s:8:\"category\";s:5:\"Admin\";s:4:\"sort\";i:0;}s:4:\"wiki\";a:8:{s:4:\"name\";s:18:\"IssabelPBX Support\";s:4:\"type\";s:5:\"setup\";s:8:\"category\";s:5:\"Admin\";s:4:\"sort\";i:0;s:4:\"href\";s:22:\"http://www.issabel.com\";s:6:\"target\";s:6:\"_blank\";s:6:\"access\";s:3:\"all\";s:13:\"requires_auth\";s:5:\"false\";}}s:6:\"status\";i:2;s:9:\"dbversion\";s:9:\"2.11.0.48\";}s:7:\"gabcast\";a:13:{s:7:\"rawname\";s:7:\"gabcast\";s:4:\"name\";s:7:\"Gabcast\";s:7:\"version\";s:7:\"2.5.0.2\";s:4:\"type\";s:4:\"tool\";s:8:\"category\";s:17:\"Third Party Addon\";s:9:\"menuitems\";a:1:{s:7:\"gabcast\";s:7:\"Gabcast\";}s:7:\"depends\";a:1:{s:7:\"version\";s:5:\"2.4.0\";}s:11:\"displayname\";s:7:\"Gabcast\";s:5:\"items\";a:1:{s:7:\"gabcast\";a:4:{s:4:\"name\";s:7:\"Gabcast\";s:4:\"type\";s:4:\"tool\";s:8:\"category\";s:17:\"Third Party Addon\";s:4:\"sort\";i:0;}}s:6:\"status\";i:2;s:4:\"repo\";s:5:\"local\";s:9:\"dbversion\";s:7:\"2.5.0.2\";s:7:\"license\";s:0:\"\";}s:8:\"logfiles\";a:17:{s:7:\"rawname\";s:8:\"logfiles\";s:4:\"repo\";s:8:\"standard\";s:4:\"name\";s:17:\"Asterisk Logfiles\";s:12:\"canuninstall\";s:2:\"no\";s:7:\"version\";s:8:\"2.11.1.4\";s:9:\"publisher\";s:18:\"Issabel Foundation\";s:7:\"license\";s:6:\"GPLv3+\";s:11:\"licenselink\";s:39:\"http://www.gnu.org/licenses/gpl-3.0.txt\";s:8:\"category\";s:7:\"Reports\";s:13:\"embedcategory\";s:8:\"Advanced\";s:9:\"menuitems\";a:2:{s:8:\"logfiles\";s:17:\"Asterisk Logfiles\";s:17:\"logfiles_settings\";s:25:\"Asterisk Logfile Settings\";}s:9:\"supported\";a:1:{s:7:\"version\";s:6:\"2.11.0\";}s:7:\"depends\";a:1:{s:6:\"module\";s:22:\"framework ge 2.11.0.47\";}s:11:\"displayname\";s:17:\"Asterisk Logfiles\";s:5:\"items\";a:2:{s:8:\"logfiles\";a:4:{s:4:\"name\";s:17:\"Asterisk Logfiles\";s:4:\"type\";s:5:\"setup\";s:8:\"category\";s:7:\"Reports\";s:4:\"sort\";i:0;}s:17:\"logfiles_settings\";a:4:{s:4:\"name\";s:25:\"Asterisk Logfile Settings\";s:4:\"type\";s:5:\"setup\";s:8:\"category\";s:8:\"Settings\";s:4:\"sort\";i:0;}}s:6:\"status\";i:2;s:9:\"dbversion\";s:8:\"2.11.1.4\";}s:3:\"fax\";a:16:{s:7:\"rawname\";s:3:\"fax\";s:4:\"repo\";s:8:\"standard\";s:4:\"name\";s:17:\"Fax Configuration\";s:7:\"version\";s:9:\"2.11.0.10\";s:9:\"publisher\";s:18:\"Issabel Foundation\";s:7:\"license\";s:6:\"GPLv3+\";s:11:\"licenselink\";s:39:\"http://www.gnu.org/licenses/gpl-3.0.txt\";s:8:\"category\";s:8:\"Settings\";s:9:\"menuitems\";a:1:{s:3:\"fax\";s:17:\"Fax Configuration\";}s:11:\"description\";s:55:\"Adds configurations, options and GUI for inbound faxing\";s:7:\"depends\";a:1:{s:6:\"module\";s:22:\"framework ge 2.11.0.47\";}s:9:\"supported\";a:1:{s:7:\"version\";s:6:\"2.11.0\";}s:11:\"displayname\";s:17:\"Fax Configuration\";s:5:\"items\";a:1:{s:3:\"fax\";a:4:{s:4:\"name\";s:17:\"Fax Configuration\";s:4:\"type\";s:5:\"setup\";s:8:\"category\";s:8:\"Settings\";s:4:\"sort\";i:0;}}s:6:\"status\";i:2;s:9:\"dbversion\";s:9:\"2.11.0.10\";}s:7:\"javassh\";a:15:{s:7:\"rawname\";s:7:\"javassh\";s:4:\"repo\";s:8:\"extended\";s:4:\"name\";s:8:\"Java SSH\";s:7:\"version\";s:6:\"2.11.2\";s:9:\"publisher\";s:18:\"Issabel Foundation\";s:7:\"license\";s:7:\"AGPLv3+\";s:11:\"licenselink\";s:40:\"http://www.gnu.org/licenses/agpl-3.0.txt\";s:8:\"category\";s:5:\"Admin\";s:11:\"description\";s:60:\"Provides a Java applet to access the system shell using SSH.\";s:9:\"menuitems\";a:1:{s:7:\"javassh\";s:8:\"Java SSH\";}s:9:\"supported\";a:1:{s:7:\"version\";s:4:\"2.10\";}s:11:\"displayname\";s:8:\"Java SSH\";s:5:\"items\";a:1:{s:7:\"javassh\";a:4:{s:4:\"name\";s:8:\"Java SSH\";s:4:\"type\";s:5:\"setup\";s:8:\"category\";s:5:\"Admin\";s:4:\"sort\";i:0;}}s:6:\"status\";i:2;s:9:\"dbversion\";s:6:\"2.11.2\";}}'),('extmap_serialized',1781091904,'a:154:{i:800;s:19:\"Queue: GR-TELEFONIA\";i:801;s:25:\"Queue: GR-RECEP-PRINCIPAL\";i:802;s:26:\"Queue: GR-TELEFONIA-SABADO\";i:803;s:21:\"Queue: GR-LABORATORIO\";i:804;s:20:\"Queue: GR-FINANCEIRO\";i:805;s:21:\"Queue: GR-RECEP-ANEXO\";i:806;s:22:\"Queue: GR-SEG-TRABALHO\";i:807;s:27:\"Queue: GR-RECEP-RESSONANCIA\";i:808;s:21:\"Queue: GR-CARDIOLOGIA\";s:3:\"*30\";s:57:\"Featurecode: blacklist_add (blacklist:Blacklist a number)\";s:3:\"*32\";s:65:\"Featurecode: blacklist_last (blacklist:Blacklist the last caller)\";s:3:\"*31\";s:76:\"Featurecode: blacklist_remove (blacklist:Remove a number from the blacklist)\";s:3:\"*72\";s:57:\"Featurecode: cfon (callforward:Call Forward All Activate)\";s:3:\"*73\";s:60:\"Featurecode: cfoff (callforward:Call Forward All Deactivate)\";s:4:\"*720\";s:68:\"Featurecode: cfpon (callforward:Call Forward All Prompting Activate)\";s:3:\"*74\";s:74:\"Featurecode: cfoff_any (callforward:Call Forward All Prompting Deactivate)\";s:3:\"*90\";s:59:\"Featurecode: cfbon (callforward:Call Forward Busy Activate)\";s:3:\"*91\";s:62:\"Featurecode: cfboff (callforward:Call Forward Busy Deactivate)\";s:4:\"*900\";s:70:\"Featurecode: cfbpon (callforward:Call Forward Busy Prompting Activate)\";s:3:\"*92\";s:76:\"Featurecode: cfboff_any (callforward:Call Forward Busy Prompting Deactivate)\";s:3:\"*52\";s:76:\"Featurecode: cfuon (callforward:Call Forward No Answer/Unavailable Activate)\";s:3:\"*53\";s:79:\"Featurecode: cfuoff (callforward:Call Forward No Answer/Unavailable Deactivate)\";s:4:\"*520\";s:87:\"Featurecode: cfupon (callforward:Call Forward No Answer/Unavailable Prompting Activate)\";s:4:\"*740\";s:56:\"Featurecode: cf_toggle (callforward:Call Forward Toggle)\";s:3:\"*70\";s:55:\"Featurecode: cwon (callwaiting:Call Waiting - Activate)\";s:3:\"*71\";s:58:\"Featurecode: cwoff (callwaiting:Call Waiting - Deactivate)\";s:3:\"*87\";s:56:\"Featurecode: conf_status (conferences:Conference Status)\";i:55;s:60:\"Featurecode: pickupexten (core:Asterisk General Call Pickup)\";i:555;s:35:\"Featurecode: chanspy (core:ChanSpy)\";s:2:\"**\";s:63:\"Featurecode: disconnect (core:In-Call Asterisk Disconnect Code)\";s:2:\"*2\";s:61:\"Featurecode: atxfer (core:In-Call Asterisk Attended Transfer)\";s:2:\"##\";s:61:\"Featurecode: blindxfer (core:In-Call Asterisk Blind Transfer)\";s:2:\"*1\";s:66:\"Featurecode: automon (core:In-Call Asterisk Toggle Call Recording)\";i:7777;s:52:\"Featurecode: simu_pstn (core:Simulate Incoming Call)\";s:3:\"*12\";s:42:\"Featurecode: userlogoff (core:User Logoff)\";s:3:\"*11\";s:40:\"Featurecode: userlogon (core:User Logon)\";i:888;s:37:\"Featurecode: zapbarge (core:ZapBarge)\";s:3:\"*28\";s:61:\"Featurecode: toggle-mode-all (daynight:All: Call Flow Toggle)\";s:3:\"*35\";s:60:\"Featurecode: senddictate (dictate:Email completed dictation)\";s:3:\"*34\";s:50:\"Featurecode: dodictate (dictate:Perform dictation)\";s:3:\"*78\";s:47:\"Featurecode: dnd_on (donotdisturb:DND Activate)\";s:3:\"*79\";s:50:\"Featurecode: dnd_off (donotdisturb:DND Deactivate)\";s:3:\"*76\";s:49:\"Featurecode: dnd_toggle (donotdisturb:DND Toggle)\";i:666;s:43:\"Featurecode: simu_fax (fax:Dial System FAX)\";s:3:\"*21\";s:59:\"Featurecode: fmf_toggle (findmefollow:Findme Follow Toggle)\";s:4:\"*422\";s:49:\"Featurecode: gabdial (gabcast:Connect to Gabcast)\";s:3:\"*69\";s:48:\"Featurecode: calltrace (infoservices:Call Trace)\";s:3:\"*43\";s:46:\"Featurecode: echotest (infoservices:Echo Test)\";s:3:\"*65\";s:65:\"Featurecode: speakextennum (infoservices:Speak Your Exten Number)\";s:3:\"*60\";s:56:\"Featurecode: speakingclock (infoservices:Speaking Clock)\";s:3:\"*85\";s:58:\"Featurecode: parkedcall (parking:Pickup ParkedCall Prefix)\";i:411;s:75:\"Featurecode: app-pbdirectory (pbdirectory:Phonebook dial-by-name directory)\";s:3:\"*47\";s:47:\"Featurecode: que_callers (queues:Queue Callers)\";s:3:\"*46\";s:57:\"Featurecode: que_pause_toggle (queues:Queue Pause Toggle)\";s:3:\"*45\";s:45:\"Featurecode: que_toggle (queues:Queue Toggle)\";s:3:\"*99\";s:54:\"Featurecode: record_check (recordings:Check Recording)\";s:3:\"*77\";s:52:\"Featurecode: record_save (recordings:Save Recording)\";s:3:\"*75\";s:57:\"Featurecode: setspeeddial (speeddial:Set user speed dial)\";s:2:\"*0\";s:55:\"Featurecode: callspeeddial (speeddial:Speeddial prefix)\";s:4:\"*271\";s:58:\"Featurecode: toggle-mode-1 (timeconditions:1: 1 - FERIADO)\";s:4:\"*272\";s:70:\"Featurecode: toggle-mode-2 (timeconditions:2: 2 - HR-EXPEDIENTE-ANEXO)\";s:4:\"*273\";s:68:\"Featurecode: toggle-mode-3 (timeconditions:3: 3 - HR-COMERCIAL-SEDE)\";s:4:\"*274\";s:72:\"Featurecode: toggle-mode-4 (timeconditions:4: 4 - HR-EXEPEDIENTE-SABADO)\";s:4:\"*275\";s:70:\"Featurecode: toggle-mode-5 (timeconditions:5: 5 - HR-INICIO-TELEFONIA)\";s:3:\"*27\";s:74:\"Featurecode: toggle-mode-all (timeconditions:All: Time Condition Override)\";s:3:\"*98\";s:53:\"Featurecode: dialvoicemail (voicemail:Dial Voicemail)\";s:1:\"*\";s:63:\"Featurecode: directdialvoicemail (voicemail:Direct Dial Prefix)\";s:3:\"*97\";s:49:\"Featurecode: myvoicemail (voicemail:My Voicemail)\";i:700;s:30:\"ParkPlus: ParkCall Default Lot\";i:701;s:32:\"ParkPlus: PickupSlot Default Lot\";i:702;s:32:\"ParkPlus: PickupSlot Default Lot\";i:703;s:32:\"ParkPlus: PickupSlot Default Lot\";i:704;s:32:\"ParkPlus: PickupSlot Default Lot\";i:200;s:19:\"User Extension: 200\";i:201;s:19:\"User Extension: 201\";i:202;s:19:\"User Extension: 202\";i:203;s:19:\"User Extension: 203\";i:204;s:32:\"User Extension: RECEP ENDOSCOPIA\";i:205;s:28:\"User Extension: ANA CRISTINA\";i:206;s:34:\"User Extension: ACUNPUTURA/PH/MANO\";i:207;s:30:\"User Extension: CONSULTORIO 11\";i:208;s:19:\"User Extension: ELY\";i:209;s:27:\"User Extension: FATURAMENTO\";i:210;s:19:\"User Extension: 210\";i:211;s:19:\"User Extension: 211\";i:212;s:27:\"User Extension: FATURAMENTO\";i:213;s:31:\"User Extension: RECEP PRINCIPAL\";i:214;s:31:\"User Extension: RECEP PRINCIPAL\";i:215;s:31:\"User Extension: RECEP PRINCIPAL\";i:216;s:26:\"User Extension: LINDINALVA\";i:217;s:29:\"User Extension: CONSULTORIO 2\";i:218;s:30:\"User Extension: RODRIGO RANGEL\";i:219;s:19:\"User Extension: 219\";i:220;s:22:\"User Extension: RONALD\";i:221;s:28:\"User Extension: SALA POS EDA\";i:222;s:19:\"User Extension: 222\";i:223;s:44:\"User Extension: SALA CR (REVELACAO E LAUDOS)\";i:224;s:22:\"User Extension: MEDLAB\";i:225;s:24:\"User Extension: PEDIATRA\";i:226;s:33:\"User Extension: SALA EVELYN FISIO\";i:227;s:28:\"User Extension: MARIA ELIANE\";i:228;s:20:\"User Extension: NANA\";i:229;s:22:\"User Extension: MARCIA\";i:230;s:30:\"User Extension: CARDIO/OFTALMO\";i:231;s:36:\"User Extension: OFTALMO/OFTALMOLOGIA\";i:232;s:24:\"User Extension: SALA ECG\";i:233;s:21:\"User Extension: FABIO\";i:234;s:38:\"User Extension: MARCACAO PELO TELEFONE\";i:235;s:35:\"User Extension: RECEP RX/MAMOGRAFIA\";i:236;s:19:\"User Extension: 236\";i:237;s:19:\"User Extension: 237\";i:238;s:19:\"User Extension: 238\";i:239;s:26:\"User Extension: TELEFONIA \";i:240;s:27:\"User Extension: RECEP ANEXO\";i:241;s:27:\"User Extension: RECEP ANEXO\";i:242;s:23:\"User Extension: ARICLES\";i:243;s:28:\"User Extension: FISIOTERAPIA\";i:244;s:24:\"User Extension: DRª EVA\";i:245;s:20:\"User Extension: ELOA\";i:246;s:22:\"User Extension: VICTOR\";i:247;s:21:\"User Extension: ERICA\";i:248;s:31:\"User Extension: ALINE/ANA PAULA\";i:249;s:33:\"User Extension: SAUDE OCUPACIONAL\";i:250;s:25:\"User Extension: TELEFONIA\";i:251;s:25:\"User Extension: TELEFONIA\";i:252;s:27:\"User Extension: RECEP RM/TC\";i:253;s:22:\"User Extension: RONALD\";i:254;s:31:\"User Extension: SALA DE COMANDO\";i:255;s:27:\"User Extension: RECEP RM/TC\";i:256;s:19:\"User Extension: 256\";i:257;s:31:\"User Extension: SALA DE TRIAGEM\";i:258;s:19:\"User Extension: 258\";i:259;s:24:\"User Extension: DR FABIO\";i:260;s:19:\"User Extension: 260\";i:261;s:31:\"User Extension: DR RONALD FILHO\";i:262;s:24:\"User Extension: UROLOGIA\";i:263;s:36:\"User Extension: SALA DE LAUDOS RM/TC\";i:264;s:37:\"User Extension: RECEP DA OFTALMOLOGIA\";i:265;s:29:\"User Extension: RECEP SUBSOLO\";i:266;s:19:\"User Extension: 266\";i:267;s:35:\"User Extension: RECEP DA ENDOSCOPIA\";i:268;s:26:\"User Extension: DR KLECIUS\";i:269;s:32:\"User Extension: RECEP PEDIATRIA \";i:270;s:19:\"User Extension: DTI\";i:271;s:31:\"User Extension: SALA DE REPOUSO\";i:272;s:25:\"User Extension: DRª NANA\";i:273;s:42:\"User Extension: DRª ANA - ENDOSCOPIA NOVO\";i:274;s:19:\"User Extension: 274\";i:275;s:19:\"User Extension: 275\";i:276;s:19:\"User Extension: 276\";i:277;s:19:\"User Extension: 277\";i:278;s:19:\"User Extension: 278\";i:279;s:19:\"User Extension: 279\";i:280;s:19:\"User Extension: 280\";}'),('repos_serialized',1752874202,'a:1:{s:8:\"standard\";i:1;}'),('module_repo',1752874202,'http://cloud.issabel.org,http://cloud2.issabel.org'),('installid',1752874202,'7ee8bc768985a8ee0c77424c72d81a2d'),('type',1752874202,''),('xml',1781178062,'<xml>\n<module>\n	<rawname>daynight</rawname>\n	<repo>standard</repo>\n	<name>Call Flow Control</name>\n	<version>2.11.0.6</version>\n	<publisher>Issabel Foundation</publisher>\n	<license>GPLv3+</license>\n	<licenselink>http://www.gnu.org/licenses/gpl-3.0.txt</licenselink>\n    <category>Applications</category>\n    <embedcategory>Inbound Call Control</embedcategory>\n	<description>\n		Call Flow manual toggle control - allows for two destinations to be chosen and provides a feature code\n		that toggles between the two destinations.\n	</description>\n	<changelog>\n		*2.11.0.6* Initial Issabel Foundation release\n	</changelog>\n	<depends>\n		<version>2.5.0alpha1</version>\n	</depends>\n	<menuitems>\n		<daynight needsenginedb=\"yes\">Call Flow Control</daynight>\n	</menuitems>\n	<popovers>\n		<daynight>\n			<display>daynight</display>\n		</daynight>\n 	</popovers>\n	<supported>\n		<version>2.10</version>\n	</supported>\n        <location>release/2.11/daynight-2.11.0.6.tgz</location>\n        <md5sum>d9b951444150e1edd9454a2b165c714f</md5sum>\n</module>\n<module>\n	<rawname>trunkbalance</rawname>\n	<name>Trunk Balance</name>\n	<version>1.1.5</version>\n	<publisher>POSSA</publisher>\n	<license>GPLv2+</license>\n	<candisable>yes</candisable>\n	<canuninstall>yes</canuninstall>\n    <repo>extended</repo>\n	<category>Advanced</category>\n	<changelog>\n		*1.1.5* Accept Self Signed Certs in URL\n		*1.1.4* Remove auto check for updates\n		*1.1.2* Added trunk disable toggle\n		*1.1.1* Allow multiple matching and non-matching rules\n		*1.1.0* Additional flexibility for billing periods\n		*1.0.2* pass dialed number directly to dialout macro\n		*1.0.1* fixed max unique call logic\n		*1.0.0* revised to work with FreePBX 2.10\n		*0.0.4.3* Allow balance of DAHDI trunks and move to Github\n		*0.0.4.2* bug fix\n		*0.0.4.1* added timeconditions module dependency\n		*0.0.4* added time condition\n		*0.0.3.3* bug fix\n		*0.0.3.2* bug fix\n		*0.0.3* freePBX 2.6 dependency\n		*0.0.2* display bug with Freepbx 2.5; improved uninstall.\n		*0.0.1* alpha release\n	</changelog>\n	<embedcategory>Advanced</embedcategory>\n	<depends>\n		<module>core</module>\n		<version>ge 2.6</version>\n		<module>timeconditions ge2.6</module>\n	</depends>\n	<description>Restrict outbound calls or balance calls over multiple trunks based on user specified parameters</description>\n	<menuitems>\n		<trunkbalance>Trunk Balance</trunkbalance>\n	</menuitems>\n	<info>https://github.com/POSSA/freepbx-trunk-balancing</info>\n        <location>release/2.11/trunkbalance-1.1.5.tgz</location>\n</module>\n<module>\n  <rawname>pbdirectory</rawname>\n  <repo>extended</repo>\n  <name>Phonebook Directory</name>\n  <version>2.11.0.5</version>\n	<publisher>Issabel Foundation</publisher>\n	<license>GPLv3+</license>\n	<licenselink>http://www.gnu.org/licenses/gpl-3.0.txt</licenselink>\n  <category>Admin</category>\n        <location>release/2.11/pbdirectory-2.11.0.5.tgz</location>\n  <description>Provides a dial-by-name directory for phonebook entries</description>\n	<changelog>\n		*2.11.0.5* Issabel Foundation release\n		*2.9.0.0* Forked from FreePBX modules, original publisher Sangoma Technologies\n	</changelog>\n  <depends>\n    <version>2.4.0</version>\n    <module>phonebook</module>\n    <module>speeddial</module>\n  </depends>\n        <md5sum>c7bfe1d64db5ca90988f520294bfa218</md5sum>\n  <supported>\n    <version>2.10</version>\n  </supported>\n</module>\n<module>\n	<rawname>callwaiting</rawname>\n	<repo>standard</repo>\n	<name>Call Waiting</name>\n	<description>Provides an option to turn on/off call waiting</description>\n	<category>Applications</category>\n	<version>2.11.0.4</version>\n	<publisher>Issabel Foundation</publisher>\n	<license>GPLv3+</license>\n	<licenselink>http://www.gnu.org/licenses/gpl-3.0.txt</licenselink>\n	<changelog>\n		*2.11.0.4* Initial Issabel Foundation release\n		*1.1* First release for 2.2\n	</changelog>\n	<supported>\n		<version>2.10</version>\n	</supported>\n        <location>release/2.11/callwaiting-2.11.0.4.tgz</location>\n        <md5sum>aa1e288a433366b7dd032e5024f87f28</md5sum>\n</module>\n<module>\n	<rawname>queues</rawname>\n	<repo>standard</repo>\n	<name>Queues</name>\n	<version>2.11.0.30</version>\n	<publisher>Issabel Foundation</publisher>\n	<license>GPLv2+</license>\n	<licenselink>http://www.gnu.org/licenses/gpl-2.0.txt</licenselink>\n    <category>Applications</category>\n    <embedcategory>Inbound Call Control</embedcategory>\n	<description>\n		Creates a queue where calls are placed on hold and answered on a first-in, first-out basis. Many options are available, including ring strategy for agents, caller announcements, max wait times, etc.\n	</description>\n	<changelog>\n        *2.11.0.30* Fix recordings being deleted when queue continue is selected\n        *2.11.0.29* Rebranding\n        *2.11.0.28* Set url parameter to variable QURL\n		*2.11.0.26* Initial Issabel Foundation release\n	</changelog>\n	<depends>\n		<version>2.5.0alpha1</version>\n		<module>recordings ge 3.3.8</module>\n        <module>core ge 2.11.0.0rc1.2</module>\n        <module>framework ge 2.11.0.47</module>\n	</depends>\n	<menuitems>\n		<queues needsenginedb=\"yes\">Queues</queues>\n	</menuitems>\n	<popovers>\n		<queues>\n			<display>queues</display>\n		</queues>\n	</popovers>\n	<supported>\n		<version>2.11.0</version>\n	</supported>\n        <location>release/2.11/queues-2.11.0.30.tgz</location>\n        <md5sum>a524c7984991a3739729c2469db1d33a</md5sum>\n</module>\n<module>\n    <rawname>dynamicfeatures</rawname>\n    <repo>extended</repo>\n    <name>Dynamic Features</name>\n    <version>2.11.0.0</version>\n    <publisher>Issabel Foundation</publisher>\n    <license>GPLv3+</license>\n    <licenselink>http://www.gnu.org/licenses/gpl-3.0.txt</licenselink>\n    <category>Applications</category>\n    <embedcategory>Internal Options &amp; Configuration</embedcategory>\n    <description>\n        Adds the ability to configure custom dynamic features to be executed while on a call\n    </description>\n    <menuitems>\n        <dynamicfeatures>Dynamic Features</dynamicfeatures>\n    </menuitems>\n    <changelog>\n        *2.11.0.0* Initial Issabel Foundation release\n    </changelog>\n    <depends>\n        <version>2.11.0</version>\n    </depends>\n        <location>release/2.11/dynamicfeatures-2.11.0.0.tgz</location>\n        <md5sum>047d2271bfed7396ed6173b379d3b83b</md5sum>\n    <supported>\n        <version>2.10</version>\n    </supported>\n</module>\n<module>\n    <rawname>music</rawname>\n    <repo>standard</repo>\n    <name>Music on Hold</name>\n    <version>2.11.0.3</version>\n    <publisher>Issabel Foundation</publisher>\n    <license>GPLv3+</license>\n    <licenselink>http://www.gnu.org/licenses/gpl-3.0.txt</licenselink>\n    <candisable>no</candisable>\n    <canuninstall>no</canuninstall>\n    <category>Settings</category>\n    <embedcategory>Internal Options &amp; Configuration</embedcategory>\n    <description>Uploading and management of sound files (wav, mp3) to be used for on-hold music.</description>\n    <changelog>\n        *2.11.0.3* Initial Issabel Foundation release\n    </changelog>\n    <menuitems>\n        <music>Music on Hold</music>\n    </menuitems>\n        <location>release/2.11/music-2.11.0.3.tgz</location>\n        <md5sum>8bc39e892baab56322553f3f56b2577e</md5sum>\n    <supported>\n        <version>2.10</version>\n    </supported>\n</module>\n<module>\n    <rawname>ivr</rawname>\n    <repo>standard</repo>\n    <name>IVR</name>\n    <version>2.11.0.12</version>\n    <publisher>Issabel Foundation</publisher>\n    <license>GPLv3+</license>\n    <licenselink>http://www.gnu.org/licenses/gpl-3.0.txt</licenselink>\n    <category>Applications</category>\n    <embedcategory>Inbound Call Control</embedcategory>\n    <description>\n        Creates Digital Receptionist (aka Auto-Attendant, aka Interactive Voice Response) menus. These can be used to send callers to different locations (eg, Press 1 for sales) and/or allow direct-dialing of extension numbers.\n    </description>\n    <changelog>\n        *2.11.0.12* Added spoken options support using Asterisk 16 ppeech functions\n        *2.11.0.11* Rebranding\n        *2.11.0.10* Initial Issabel Foundation release\n    </changelog>\n    <depends>\n        <version>2.5.0alpha1</version>\n        <module>recordings ge 3.3.8</module>\n        <module>framework ge 2.11.0.47</module>\n    </depends>\n    <menuitems>\n        <ivr>IVR</ivr>\n    </menuitems>\n    <popovers>\n        <ivr>\n            <display>ivr</display>\n            <action>add</action>\n        </ivr>\n    </popovers>\n    <supported>\n        <version>2.11.0</version>\n    </supported>\n        <location>release/2.11/ivr-2.11.0.12.tgz</location>\n        <md5sum>bdf52ef9550bf93e46f4a3946d79d458</md5sum>\n</module>\n<module>\n	<rawname>weakpasswords</rawname>\n	<repo>standard</repo>\n	<name>Weak Password Detection</name>\n	<version>2.11.0.1</version>\n	<publisher>Issabel Foundation</publisher>\n	<license>GPLv3+</license>\n	<licenselink>http://www.gnu.org/licenses/gpl-3.0.txt</licenselink>\n	<category>Reports</category>\n	<changelog>\n		*2.11.0.1* Initial Issabel Foundation release\n	</changelog>\n	<depends>\n		<version>2.5.0</version>\n	</depends>\n	<description>This module detects weak SIP secrets and sets security notifications accordingly\n	</description>\n	<supported>\n		<version>2.10</version>\n	</supported>\n	<menuitems>\n		<weakpasswords>Weak Password Detection</weakpasswords>\n	</menuitems>\n        <location>release/2.11/weakpasswords-2.11.0.1.tgz</location>\n        <md5sum>7ed5e01ef3516d3d3b99c2116f3a71ec</md5sum>\n</module>\n<module>\n    <rawname>dialplaninjection</rawname>\n    <name>Dialplan Injection</name>\n    <version>0.1.1n</version>\n    <type>setup</type>\n    <publisher>POSSA</publisher>\n    <category>Advanced</category>\n    <embedcategory>Advanced</embedcategory>\n    <description>Acts as a dialplan destination and can execute a variety of Asterisk commands</description>\n    <menuitems>\n        <dialplaninjection>Dialplan Injection</dialplaninjection>\n    </menuitems>\n        <depends>\n                <module>core</module>\n        </depends>\n        <changelog>\n            Lorne Gaetz: Initial commit\n    </changelog>\n    <attention>\n        This is an advanced module, and you should not use it without understanding asterisk dialplans!\n        This is meant as a convenience tool for someone who would have had to resort to config editing.\n        If you experience problems with it, just disable it and no harm done.\n    </attention>\n</module>\n<module>\n	<rawname>javassh</rawname>\n	<repo>extended</repo>\n	<name>Java SSH</name>\n	<version>2.11.2</version>\n	<publisher>Issabel Foundation</publisher>\n	<license>AGPLv3+</license>\n	<licenselink>http://www.gnu.org/licenses/agpl-3.0.txt</licenselink>\n	<category>Admin</category>\n	<description>Provides a Java applet to access the system shell using SSH.</description>\n	<menuitems>\n		<javassh>Java SSH</javassh>\n	</menuitems>\n	<changelog>\n		*2.11.2* Initial Issabel Foundation release\n	</changelog>\n        <location>release/2.11/javassh-2.11.2.tgz</location>\n        <md5sum>51b90ffd23d4456af91928733019119c</md5sum>\n  <supported>\n    <version>2.10</version>\n  </supported>\n</module>\n<module>\n  <rawname>timeconditions</rawname>\n  <repo>standard</repo>\n  <name>Time Conditions</name>\n  <version>2.11.1.2</version>\n  <publisher>Issabel Foundation</publisher>\n  <license>GPLv3+</license>\n  <licenselink>http://www.gnu.org/licenses/gpl-3.0.txt</licenselink>\n  <category>Applications</category>\n  <embedcategory>Inbound Call Control</embedcategory>\n  <description>\n    Creates a condition where calls will go to one of two destinations (eg, an extension, IVR, ring group..) based on the time and/or date. This can be used for example to ring a receptionist during the day, or go directly to an IVR at night.\n  </description>\n  <changelog>\n    *2.11.1.2* Add autofill holidays function\n    *2.11.1.1* Initial Issabel Foundation release\n  </changelog>\n  <depends>\n    <version>2.5.0alpha1</version>\n  </depends>\n  <menuitems>\n    <timeconditions>Time Conditions</timeconditions>\n    <timegroups>Time Groups</timegroups>\n  </menuitems>\n  <popovers>\n    <timeconditions>\n      <display>timeconditions</display>\n    </timeconditions>\n  </popovers>\n        <location>release/2.11/timeconditions-2.11.1.2.tgz</location>\n        <md5sum>abb6b77e4a82799f83475f7af34f64d1</md5sum>\n  <supported>\n    <version>2.10</version>\n  </supported>\n</module>\n<module>\n	<rawname>queuemetrics</rawname>\n	<name>QueueMetrics</name>\n	<version>2.11.0.3</version>\n	<repo>unsupported</repo>\n	<publisher>Issabel Foundation</publisher>\n	<license>GPLv3+</license>\n	<licenselink>http://www.gnu.org/licenses/gpl-3.0.txt</licenselink>\n	<category>Settings</category>\n	<description>A module for QueueMetrics, that allows you to set if IVR selections should be logged to the queue logs.</description>\n	<depends>\n		<module>ivr ge 2.11.0.1</module>\n		<version>2.11.0alpha1</version>\n		<phpversion>5.3.0</phpversion>\n	</depends>\n	<menuitems>\n		<queuemetrics>QueueMetrics</queuemetrics>\n	</menuitems>\n	<changelog>\n		*2.11.0.3* Initial Issabel Foundation release\n		*2.11.0.2* Include license file\n		*2.11.0.1* Packaging of ver 2.11.0.1\n		*2.11.0.0* Move from contributed to 2.11 branch\n		*2.10.0.3* Fix QueueMetrics naming\n		*2.10.0.2* Need to log to NONE for queuename for QueueMetrics\n		*2.10.0.1* Change the way data is logged for QueueMetrics\n		*2.10.0.0* First Implementation\n	</changelog>\n	<supported>\n		<version>2.11</version>\n	</supported>\n        <location>release/2.11/queuemetrics-2.11.0.3.tgz</location>\n        <md5sum>015d4ea6921769da33354107fde1afb4</md5sum>\n</module>\n<module>\n	<rawname>infoservices</rawname>\n	<repo>standard</repo>\n	<name>Info Services</name>\n	<version>2.11.0.3</version>\n	<publisher>Issabel Foundation</publisher>\n	<license>GPLv3+</license>\n	<licenselink>http://www.gnu.org/licenses/gpl-3.0.txt</licenselink>\n	<candisable>no</candisable>\n	<canuninstall>no</canuninstall>\n	<category>Applications</category>\n	<description>Provides a number of applications accessible by feature codes: company directory, call trace (last call information), echo test, speaking clock, and speak current extension number.</description>\n	<changelog>\n		*2.11.0.3* Initial Issabel Foundation release\n	</changelog>\n	<supported>\n		<version>2.11</version>\n	</supported>\n        <location>release/2.11/infoservices-2.11.0.3.tgz</location>\n        <md5sum>62751bc58a996583b3fe95f1c493c94a</md5sum>\n</module>\n<module>\n	<rawname>iaxsettings</rawname>\n	<repo>standard</repo>\n	<name>Asterisk IAX Settings</name>\n	<version>2.11.0.3</version>\n	<publisher>Issabel Foundation</publisher>\n	<licenselink>http://www.gnu.org/licenses/agpl-3.0.txt</licenselink>\n	<license>AGPLv3</license>\n    <category>Settings</category>\n    <embedcategory>Advanced</embedcategory>\n	<menuitems>\n		<iaxsettings>Asterisk IAX Settings</iaxsettings>\n	</menuitems>\n	<description>\n		Use to configure Various Asterisk IAX Settings in the General section of iax.conf. The module assumes Asterisk version 1.4 or higher. Some settings may not exist in Asterisk 1.2 and will be ignored by Asterisk.\n	</description>\n	<changelog>\n		*2.11.0.3* Initial Issabel Foundation release\n	</changelog>\n	<supported>\n		<version>2.10</version>\n	</supported>\n        <location>release/2.11/iaxsettings-2.11.0.3.tgz</location>\n        <md5sum>9af6b5391200627e9c7dceaed5ac6a65</md5sum>\n</module>\n<module>\n	<rawname>conferences</rawname>\n	<repo>standard</repo>\n	<name>Conferences</name>\n	<version>2.11.0.6</version>\n	<publisher>Issabel Foundation</publisher>\n	<license>GPLv3+</license>\n	<licenselink>http://www.gnu.org/licenses/gpl-3.0.txt</licenselink>\n    <category>Applications</category>\n    <embedcategory>Internal Options &amp; Configuration</embedcategory>\n	<description>Allow creation of conference rooms (meet-me) where multiple people can talk together.</description>\n	<changelog>\n		*2.11.0.6* Initial Issabel Foundation release\n	</changelog>\n	<depends>\n		<version>2.5.0alpha1</version>\n		<module>recordings ge 3.3.8</module>\n	</depends>\n	<menuitems>\n		<conferences>Conferences</conferences>\n	</menuitems>\n	<popovers>\n		<conferences>\n			<display>conferences</display>\n		</conferences>\n 	</popovers>\n	<supported>\n		<version>2.10</version>\n	</supported>\n        <location>release/2.11/conferences-2.11.0.6.tgz</location>\n        <md5sum>b7b33ea0ab781d8e165b533dd72d852b</md5sum>\n</module>\n<module>\n	<rawname>asterisk-cli</rawname>\n	<repo>extended</repo>\n	<name>Asterisk CLI</name>\n	<version>2.11.0.3</version>\n	<publisher>Issabel Foundation</publisher>\n	<license>GPLv3+</license>\n	<licenselink>http://www.gnu.org/licenses/gpl-3.0.txt</licenselink>\n	<category>Admin</category>\n	<description>Provides an interface allowing you to run a command as if it was typed into Asterisk CLI</description>\n	<menuitems>\n		<cli>Asterisk CLI</cli>\n	</menuitems>\n	<depends>\n		<engine>asterisk</engine>\n	</depends>\n        <location>release/2.11/asterisk-cli-2.11.0.3.tgz</location>\n        <md5sum>ba056c7eed0a3543eb7f3461e4dd7e5a</md5sum>\n	<changelog>\n		*2.11.0.3* Initial Issabel Foundation release\n	</changelog>\n	<supported>\n		<version>2.10</version>\n	</supported>\n</module>\n<module>\n	<rawname>dundicheck</rawname>\n	<repo>unsupported</repo>\n	<name>DUNDi Lookup Registry</name>\n	<version>2.11.0.3</version>\n	<publisher>Issabel Foundation</publisher>\n	<license>GPLv3+</license>\n	<licenselink>http://www.gnu.org/licenses/gpl-3.0.txt</licenselink>\n	<changelog>\n		*2.11.0.3* Initial Issabel Foundation release\n	</changelog>\n	<description>\n		This module will check all configured and enabled DUNDi trunks as part of the extension registry function, and report back conflicts if\n		other sites have the same extensions. This does not filter against the route patterns - it will take any number being created and\n		report a conflict if that trunk could be used to call that number.\n	</description>\n	<menuitems>\n		<dundicheck>DUNDi Lookup</dundicheck>\n	</menuitems>\n	<depends>\n		<version>2.4.0</version>\n	</depends>\n	<supported>\n		<version>2.10</version>\n	</supported>\n	<category>Admin</category>\n        <location>release/2.11/dundicheck-2.11.0.3.tgz</location>\n        <md5sum>c898abf4f81bb48b0c5ae341570422ca</md5sum>\n</module>\n<module>\n        <rawname>writequeuelog</rawname>\n        <repo>standard</repo>\n        <name>Write a line into queue log</name>\n        <version>2.11.0.0</version>\n        <category>Applications</category>\n        <embedcategory>Advanced</embedcategory>\n        <publisher>Issabel Foundation</publisher>\n        <license>GPLv3+</license>\n        <licenselink>http://www.gnu.org/licenses/gpl-3.0.txt</licenselink>\n        <description>\n            Adds the ability to write into queue_log\n        </description>\n        <menuitems>\n                <writequeuelog>Write in Queue Log</writequeuelog>\n        </menuitems>\n        <changelog>\n                *2.11.1.0*  Initial Release\n        </changelog>\n        <depends>\n                <version>2.5.0</version>\n        </depends>\n        <supported>\n                <version>2.10</version>\n        </supported>\n        <location>release/2.11/writequeuelog-2.11.0.0.tgz</location>\n        <md5sum>f1897339d16dbed9a28e20c36623e5bf</md5sum>\n</module>\n<module>\n	<rawname>backup</rawname>\n	<repo>standard</repo>\n	<name>Backup &amp; Restore</name>\n	<version>2.11.0.23</version>\n	<publisher>Issabel Foundation</publisher>\n	<license>GPLv3+</license>\n	<licenselink>http://www.gnu.org/licenses/gpl-3.0.txt</licenselink>\n	<category>Admin</category>\n	<description>Backup &amp; Restore for your IssabelPBX environment</description>\n	<menuitems>\n		<backup needsenginedb=\"yes\">Backup &amp; Restore</backup>\n		<backup_servers needsenginedb=\"yes\" hidden=\"true\">Backup &amp; Restore - Servers</backup_servers>\n		<backup_templates needsenginedb=\"yes\" hidden=\"true\">Backup &amp; Restore - Templates</backup_templates>\n		<backup_restore needsenginedb=\"yes\" hidden=\"true\">Backup &amp; Restore - Restore</backup_restore>\n	</menuitems>\n	<depends>\n		<module>core</module>\n	</depends>\n	<changelog>\n        *2.11.0.23* Rebranding\n		*2.11.0.22* Initial Issabel Foundation release\n	</changelog>\n	<supported>\n		<version>2.11</version>\n	</supported>\n        <location>release/2.11/backup-2.11.0.23.tgz</location>\n</module>\n<module>\n	<rawname>donotdisturb</rawname>\n	<repo>standard</repo>\n	<name>Do-Not-Disturb (DND)</name>\n	<version>2.11.0.3</version>\n	<publisher>Issabel Foundation</publisher>\n	<license>GPLv3+</license>\n	<licenselink>http://www.gnu.org/licenses/gpl-3.0.txt</licenselink>\n	<changelog>\n		*2.11.0.3* Initial Issabel Foundation release\n	</changelog>\n	<description>Provides donotdisturb featurecodes</description>\n	<category>Applications</category>\n	<supported>\n		<version>2.10</version>\n	</supported>\n        <location>release/2.11/donotdisturb-2.11.0.3.tgz</location>\n        <md5sum>b006e556a1729682ffef7a6d70350cde</md5sum>\n</module>\n<module>\n	<rawname>featurecodeadmin</rawname>\n	<repo>standard</repo>\n	<name>Feature Code Admin</name>\n	<version>2.11.0.2</version>\n	<publisher>Issabel Foundation</publisher>\n	<license>GPLv3+</license>\n	<licenselink>http://www.gnu.org/licenses/gpl-3.0.txt</licenselink>\n	<candisable>no</candisable>\n	<canuninstall>no</canuninstall>\n    <category>Admin</category>\n    <embedcategory>Basic</embedcategory>\n	<menuitems>\n		<featurecodeadmin>Feature Codes</featurecodeadmin>\n	</menuitems>\n        <location>release/2.11/featurecodeadmin-2.11.0.2.tgz</location>\n	<changelog>\n		*2.11.0.2* Initial Issabel Foundation release\n	</changelog>\n	<depends>\n		<version>2.5.0alpha1</version>\n	</depends>\n	<supported>\n		<version>2.10</version>\n	</supported>\n        <md5sum>32e039a754c68c399e567da0408ae2b1</md5sum>\n</module>\n<module>\n	<rawname>accountcodepreserve</rawname>\n	<repo>extended</repo>\n	<name>Preserve Accountcode</name>\n	<version>2.11.0.0</version>\n	<publisher>Issabel Foundation</publisher>\n	<license>GPLv2</license>\n	<type>setup</type>\n	<category>Admin</category>\n	<description>This module preservers the first callee\'s account code, that has an accountcode, that it encounters. This preserved accoutcode will be used to set the CDR(accountcode) for any outbound calls that result from any type of redirected call (CF, VmX, Follow-Me, etc.). The account code for each user is pulled out of their associated device settings, which means this is only supported in extension mode and would have to be updated for deviceanduser mode, requiring a new accountcode field to be defined for the user on the extension/user screen.\n	</description>\n	<changelog>\n		*2.11.0.0* Initial Issabel Foundation release\n		*2.5.0* Initial Release\n	</changelog>\n	<supported>\n		<version>2.10</version>\n	</supported>\n        <location>release/2.11/accountcodepreserve-2.11.0.0.tgz</location>\n        <md5sum>95d237021fdedfe3ffb86b6287c01ec5</md5sum>\n</module>\n<module>\n    <rawname>queueprio</rawname>\n    <repo>extended</repo>\n    <name>Queue Priorities</name>\n    <version>2.11.0.2</version>\n    <publisher>Issabel Foundation</publisher>\n    <license>GPLv3+</license>\n    <licenselink>http://www.gnu.org/licenses/gpl-3.0.txt</licenselink>\n    <category>Applications</category>\n    <embedcategory>Inbound Call Control</embedcategory>\n    <description>\n        Adds the ability to set a callers priority higher before entering a queue\n    </description>\n    <menuitems>\n        <queueprio>Queue Priorities</queueprio>\n    </menuitems>\n    <popovers>\n        <queueprio>\n            <display>queueprio</display>\n        </queueprio>\n    </popovers>\n    <changelog>\n        *2.11.0.2* Initial Issabel Foundation release\n    </changelog>\n    <depends>\n        <version>2.5.0alpha1</version>\n    </depends>\n        <location>release/2.11/queueprio-2.11.0.2.tgz</location>\n        <md5sum>f3f8a5b94fb0a0fe9a27a83f6621132e</md5sum>\n    <supported>\n        <version>2.10</version>\n    </supported>\n</module>\n<module>\n	<rawname>blacklist</rawname>\n	<repo>standard</repo>\n	<name>Blacklist</name>\n	<version>2.11.0.6</version>\n	<publisher>Issabel Foundation</publisher>\n	<license>GPLv3+</license>\n	<licenselink>http://www.gnu.org/licenses/gpl-3.0.txt</licenselink>\n    <category>Admin</category>\n    <embedcategory>Inbound Call Control</embedcategory>\n	<menuitems>\n		<blacklist needsenginedb=\"yes\">Blacklist</blacklist>\n	</menuitems>\n	<changelog>\n		*2.11.0.6* Initial Issabel Foundation release\n	</changelog>\n	<depends>\n		<module>core ge 2.5.1.2</module>\n	</depends>\n	<supported>\n		<version>2.10</version>\n	</supported>\n        <location>release/2.11/blacklist-2.11.0.6.tgz</location>\n        <md5sum>3638160171d4ebfb692c11a2f88c9b10</md5sum>\n</module>\n<module>\n	<rawname>inventorydb</rawname>\n	<name>Inventory</name>\n	<version>2.5.0.2</version>\n	<type>tool</type>\n	<category>Third Party Addon</category>\n	<menuitems>\n		<inventorydb>Inventory</inventorydb>\n	</menuitems>\n	<changelog>\n		*2.5.0.2* localization updates\n		*2.5.0.1* localization, Swedish\n		*2.5.0* #2845 tabindex\n		*2.4.0.1* #2645 API error - NOTICE: This module will be removed from future versions\n		*2.4.0* bumped for 2.4\n		*1.1.0* Added SQLite3 support. Fixes ticket:1783, bump for rc1\n		*1.0.3* Add he_IL translation\n	</changelog>\n        <location>release/2.11/inventorydb-2.5.0.2.tgz</location>\n        <md5sum>6c4e97b7bdfbad905f83c29d129b1bbc</md5sum>\n</module>\n\n<module>\n	<rawname>fax</rawname>\n	<repo>standard</repo>\n	<name>Fax Configuration</name>\n	<version>2.11.0.10</version>\n	<publisher>Issabel Foundation</publisher>\n	<license>GPLv3+</license>\n	<licenselink>http://www.gnu.org/licenses/gpl-3.0.txt</licenselink>\n	<category>Settings</category>\n	<menuitems>\n		<fax>Fax Configuration</fax>\n	</menuitems>\n	<description>Adds configurations, options and GUI for inbound faxing</description>\n	<changelog>\n        *2.11.0.10* Rebranding\n		*2.11.0.9* Initial Issabel Foundation release\n	</changelog>\n	<depends>\n        <module>framework ge 2.11.0.47</module>\n	</depends>\n	<supported>\n        <version>2.11.0</version>\n	</supported>\n        <location>release/2.11/fax-2.11.0.10.tgz</location>\n        <md5sum>11a918dc1f4e163fb56ee17d903e85db</md5sum>\n</module>\n<module>\n	<rawname>voicemail</rawname>\n	<repo>standard</repo>\n	<name>Voicemail</name>\n	<version>2.11.1.7</version>\n	<publisher>Issabel Foundation</publisher>\n	<license>GPLv3+</license>\n	<licenselink>http://www.gnu.org/licenses/gpl-3.0.txt</licenselink>\n	<candisable>no</candisable>\n	<canuninstall>no</canuninstall>\n	<changelog>\n        *2.11.1.7* Rebranding\n		*2.11.1.6* Initial Issabel Foundation release\n	</changelog>\n	<description>This module allows you to configure Voicemail for a user or extension</description>\n    <category>Settings</category>\n    <embedcategory>Advanced</embedcategory>\n	<menuitems>\n		<voicemail>Voicemail Admin</voicemail>\n	</menuitems>\n	<depends>\n        <version>2.5.0alpha1</version>\n        <module>framework ge 2.11.0.47</module>\n	</depends>\n	<supported>\n		<version>2.11.0</version>\n	</supported>\n        <location>release/2.11/voicemail-2.11.1.7.tgz</location>\n        <md5sum>fcb6cb5b1d82faa62a0993edd9c06393</md5sum>\n</module>\n<module>\n	<rawname>manager</rawname>\n	<repo>standard</repo>\n	<name>Asterisk Manager Users</name>\n	<version>2.11.0.5</version>\n	<publisher>Issabel Foundation</publisher>\n	<license>GPLv3+</license>\n	<licenselink>http://www.gnu.org/licenses/gpl-3.0.txt</licenselink>\n	<category>Settings</category>\n	<menuitems>\n		<manager>Asterisk Manager Users</manager>\n	</menuitems>\n	<changelog>\n		*2.11.0.5* Initial Issabel Foundation release\n	</changelog>\n	<supported>\n		<version>2.10</version>\n	</supported>\n        <location>release/2.11/manager-2.11.0.5.tgz</location>\n        <md5sum>d1443f8aa5bc98afae791ce4392b0835</md5sum>\n</module>\n<module>\n    <rawname>core</rawname>\n    <repo>standard</repo>\n    <category>Applications</category>\n    <embedcategory>Basic</embedcategory>\n    <name>Core</name>\n    <version>2.11.0.48</version>\n    <publisher>Issabel Foundation</publisher>\n    <license>GPLv3+</license>\n    <licenselink>http://www.gnu.org/licenses/gpl-3.0.txt</licenselink>\n    <candisable>no</candisable>\n    <canuninstall>no</canuninstall>\n    <changelog>\n        *2.11.0.48* Multi Park support\n        *2.11.0.47* Bump release for Aug 2018 .iso and rebranding\n        *2.11.0.45* Added options for features and manager settings\n        *2.11.0.35* Initial Issabel Foundation release\n    </changelog>\n    <depends>\n        <module>framework ge 2.11.0.30</module>\n        <version>2.11.0alpha0</version>\n    </depends>\n    <requirements>\n        <file>/usr/sbin/asterisk</file>\n    </requirements>\n    <menuitems>\n        <extensions needsenginedb=\"yes\">Extensions</extensions>\n        <users needsenginedb=\"yes\">Users</users>\n        <devices needsenginedb=\"yes\">Devices</devices>\n        <did category=\"Connectivity\">Inbound Routes</did>\n        <dahdichandids category=\"Connectivity\">DAHDI Channel DIDs</dahdichandids>\n        <routing category=\"Connectivity\">Outbound Routes</routing>\n        <trunks category=\"Connectivity\">Trunks</trunks>\n        <advancedsettings category=\"Settings\">Advanced Settings</advancedsettings>\n        <ampusers category=\"Admin\">Administrators</ampusers>\n        <wiki category=\"Admin\" requires_auth=\"false\" href=\"http://www.issabel.com\" target=\"_blank\" access=\"all\">IssabelPBX Support</wiki>\n    </menuitems>\n    <popovers>\n        <extensions>\n            <display>extensions</display>\n        </extensions>\n        <users>\n            <display>users</display>\n        </users>\n     </popovers>\n    <methods>\n        <get_config pri=\"480\">core_do_get_config</get_config>\n    </methods>\n     <supported>\n         <version>2.11</version>\n    </supported>\n        <location>release/2.11/core-2.11.0.48.tgz</location>\n        <md5sum>77d54670bcdf36e2f540d304df5461d9</md5sum>\n</module>\n<module>\n	<rawname>customcontexts</rawname>\n	<repo>unsupported</repo>\n	<name>Class of Service</name>\n	<version>2.11.0.2</version>\n    <category>Connectivity</category>\n    <embedcategory>Basic</embedcategory>\n	<license>GPLv2+</license>\n	<licenselink>http://www.gnu.org/licenses/gpl-2.0.txt</licenselink>\n	<description>\n		Creates custom contexts which can be used to allow limited access to dialplan applications. Allows for time restrictions on any dialplan access. Allows for pattern matching to allow/deny. Allows for failover destinations, and PIN protected failover. This can be very useful for multi-tennant systems. Inbound routing can be done using DID or zap channel routing, this module allows for selective outbound routing. House/public phones can be placed in a restricted context allowing them only internal calls.\n	</description>\n	<menuitems>\n		<customcontexts>Class of Service</customcontexts>\n		<customcontextsadmin>Class of Service Admin</customcontextsadmin>\n	</menuitems>\n	<depends>\n		<version>2.8.0alpha1</version>\n		<module>core</module>\n		<module>timeconditions</module>\n	</depends>\n	<changelog>\n		*2.11.0.2* Initial Issabel Foundation release\n	</changelog>\n	<attention>\n		This is an advanced module, and you should not use it without understanding asterisk dialplans! This is meant as a convenience tool for someone who would have had to resort to config editing. If you experience problems with it, just disable it and no harm done. REMEMBER! Any device placed in a restricted context will have no access to the dialplan if this module is disabled until it is placed in a normal context!\n	</attention>\n	<supported>\n		<version>2.10</version>\n	</supported>\n        <location>release/2.11/customcontexts-2.11.0.2.tgz</location>\n        <md5sum>30f4673ac6ccb235b8194de47e15dd5d</md5sum>\n</module>\n<module>\n	<rawname>cdr</rawname>\n	<repo>standard</repo>\n	<description>Call Data Record report tools for viewing reports of your calls</description>\n	<name>CDR Reports</name>\n	<version>2.11.0.12</version>\n	<publisher>Issabel Foundation</publisher>\n	<license>GPLv3+</license>\n	<licenselink>http://www.gnu.org/licenses/gpl-3.0.txt</licenselink>\n	<category>Reports</category>\n	<menuitems>\n		<cdr>CDR Reports</cdr>\n	</menuitems>\n	<changelog>\n		*2.11.0.12* Initial Issabel Foundation release\n	</changelog>\n	<depends>\n		<module>core ge 2.6.0</module>\n	</depends>\n	<supported>\n		<version>2.11</version>\n	</supported>\n        <location>release/2.11/cdr-2.11.0.12.tgz</location>\n        <md5sum>d8eb6038194c491a7899aa62fcef412f</md5sum>\n</module>\n<module>\n    <rawname>announcement</rawname>\n    <repo>standard</repo>\n    <name>Announcements</name>\n    <version>2.11.0.5</version>\n    <publisher>Issabel Foundation</publisher>\n    <license>GPLv3+</license>\n    <licenselink>http://www.gnu.org/licenses/gpl-3.0.txt</licenselink>\n    <changelog>\n        *2.11.0.5* Adds Text to Speech support via PicoTTS\n        *2.11.0.4* Initial Issabel Foundation release\n    </changelog>\n    <category>Applications</category>\n    <embedcategory>Inbound Call Control</embedcategory>\n    <description>\n        Plays back one of the system recordings or TTS (optionally allowing the user to skip it) and then goes to another destination.\n    </description>\n    <depends>\n        <version>2.5.0alpha1</version>\n        <module>recordings ge 3.3.8</module>\n    </depends>\n    <menuitems>\n        <announcement>Announcements</announcement>\n    </menuitems>\n    <popovers>\n        <announcement>\n            <display>announcement</display>\n        </announcement>\n     </popovers>\n    <supported>\n        <version>2.10</version>\n    </supported>\n        <location>release/2.11/announcement-2.11.0.5.tgz</location>\n        <md5sum>98f99ffb3aca6b5ff409c03830181494</md5sum>\n</module>\n<module>\n  <rawname>speeddial</rawname>\n  <repo>extended</repo>\n  <name>Speed Dial Functions</name>\n  <version>2.11.0.4</version>\n	<publisher>Issabel Foundation</publisher>\n	<license>GPLv3+</license>\n	<licenselink>http://www.gnu.org/licenses/gpl-3.0.txt</licenselink>\n	<changelog>\n		*2.11.0.4* Initial Issabel Foundation release\n	</changelog>\n  <category>Settings</category>\n  <depends>\n    <module>phonebook</module>\n  </depends>\n        <location>release/2.11/speeddial-2.11.0.4.tgz</location>\n        <md5sum>39c2ad1c77fd4ab8a263360d1626aea9</md5sum>\n  <supported>\n    <version>2.10</version>\n  </supported>\n</module>\n<module>\n  <rawname>phpinfo</rawname>\n  <repo>extended</repo>\n  <name>PHP Info</name>\n  <version>2.11.0.1</version>\n  <publisher>IssabelPBX</publisher>\n  <license>GPLv2+</license>\n  <changelog>\n	*2.11.0.1* Initial Issabel Foundation release\n  </changelog>\n  <category>Reports</category>\n  <menuitems>\n    <phpinfo>PHP Info</phpinfo>\n  </menuitems>\n        <location>release/2.11/phpinfo-2.11.0.1.tgz</location>\n        <md5sum>000ec68e16dd39753e04c9bb9d2154db</md5sum>\n  <supported>\n    <version>2.10</version>\n  </supported>\n</module>\n<module>\n	<rawname>asteriskinfo</rawname>\n	<repo>standard</repo>\n	<name>Asterisk Info</name>\n	<version>2.11.0.89</version>\n	<publisher>Issabel Foundation</publisher>\n	<license>GPLv3+</license>\n	<licenselink>http://www.gnu.org/licenses/gpl-3.0.txt</licenselink>\n    <category>Reports</category>\n    <embedcategory>Advanced</embedcategory>\n	<description>\n		Provides a snapshot of the current Asterisk configuration\n	</description>\n	<menuitems>\n		<asteriskinfo>Asterisk Info</asteriskinfo>\n	</menuitems>\n	<depends>\n		<engine>asterisk</engine>\n		<version>2.5.0rc3</version>\n	</depends>\n	<changelog>\n		*2.11.0.9* Initial Issabel Foundation release\n		*0.1.0* Initial release\n	</changelog>\n	<supported>\n		<version>2.10</version>\n	</supported>\n        <location>release/2.11/asteriskinfo-2.11.0.89.tgz</location>\n        <md5sum>78be9997f6eea8d7b3252a46a1160dc6</md5sum>\n</module>\n<module>\n  <rawname>printextensions</rawname>\n  <repo>standard</repo>\n  <name>Print Extensions</name>\n  <version>2.11.0.2</version>\n	<publisher>Issabel Foundation</publisher>\n	<license>GPLv3+</license>\n	<licenselink>http://www.gnu.org/licenses/gpl-3.0.txt</licenselink>\n  <category>Reports</category>\n  <description>Creates a printable list of extension numbers used throughout the system from all modules that provide an internal callable number</description>\n  <menuitems>\n    <printextensions>Print Extensions</printextensions>\n  </menuitems>\n	<changelog>\n		*2.11.0.2* Initial Issabel Foundation release\n	</changelog>\n        <location>release/2.11/printextensions-2.11.0.2.tgz</location>\n        <md5sum>fd26be22d1c75a2bc4a4828beb2e0e8d</md5sum>\n  <supported>\n    <version>2.10</version>\n  </supported>\n</module>\n<module>\n	<rawname>tts</rawname>\n	<name>Text To Speech</name>\n	<version>2.11.0.10</version>\n	<repo>extended</repo>\n	<publisher>Issabel Foundation</publisher>\n	<license>GPLv3+</license>\n	<licenselink>http://www.gnu.org/licenses/gpl-3.0.txt</licenselink>\n	<type>setup</type>\n	<description>Allows you to configure text to speech, and is derived from texttospeech provided in contributed modules.</description>\n	<category>Applications</category>\n	<menuitems>\n		<tts>Text To Speech</tts>\n	</menuitems>\n	<depends>\n		<engine>asterisk ge 1.6</engine>\n		<module>ttsengines</module>\n	</depends>\n        <location>release/2.11/tts-2.11.0.10.tgz</location>\n	<changelog>\n		2.11.0.10 Initial Issabel Foundation release\n	</changelog>\n	<popovers>\n		<tts>\n			<display>tts</display>\n		</tts>\n	</popovers>\n	<supported>\n		<version>2.11</version>\n	</supported>\n        <md5sum>981fea779c6b6eebe4ebfb3c1461a279</md5sum>\n</module>\n<module>\n	<rawname>dahdiconfig</rawname>\n	<repo>extended</repo>\n	<category>Connectivity</category>\n	<name>DAHDi Config</name>\n	<version>2.11.53</version>\n	<publisher>Issabel Foundation</publisher>\n	<license>GPLv3+</license>\n	<licenselink>http://www.gnu.org/licenses/gpl-3.0.txt</licenselink>\n	<candisable>yes</candisable>\n	<canuninstall>yes</canuninstall>\n	<changelog>\n			*2.11.53* Initial Issabel Foundation release\n	</changelog>\n	<supported>\n		<version>2.10</version>\n	</supported>\n	<depends>\n		<phpversion>5.3.0</phpversion>\n		<version>2.10</version>\n	</depends>\n	<menuitems>\n		<dahdi needsenginedb=\"yes\">DAHDi Config</dahdi>\n	</menuitems>\n        <location>release/2.11/dahdiconfig-2.11.53.tgz</location>\n        <md5sum>87b7955672749e699de808be10df68e4</md5sum>\n</module>\n<module>\n	<rawname>framework</rawname>\n	<modtype>framework</modtype>\n	<repo>standard</repo>\n	<name>IssabelPBX Framework</name>\n	<version>2.11.0.48</version>\n	<publisher>Issabel Foundation</publisher>\n	<license>GPLv3+</license>\n	<licenselink>http://www.gnu.org/licenses/gpl-3.0.txt</licenselink>\n	<candisable>no</candisable>\n	<canuninstall>no</canuninstall>\n	<changelog>\n        *2.11.0.48* Multi Park, ODBC functions, Supports for Asterisk 16\n        *2.11.0.47* Bump release for Aug 2018 iso and rebranding\n        *2.11.0.46* Add default res_parking.conf used in asterisk 13\n		*2.11.0.45* Update release\n		*2.11.0.44* GitHub release\n		*2.11.0.43* Initial Issabel Foundation release\n	</changelog>\n	<description>\n		This module provides a facility to install bug fixes to the framework code that is not otherwise housed in a module\n	</description>\n	<supported>\n		<version>2.11</version>\n	</supported>\n	<category>Admin</category>\n        <location>release/2.11/framework-2.11.0.48.tgz</location>\n        <md5sum>ad1fa0310893be1148ceab7bd7edc32f</md5sum>\n</module>\n<module>\n	<rawname>cidlookup</rawname>\n	<repo>standard</repo>\n	<name>CallerID Lookup</name>\n	<version>2.11.1.12</version>\n	<publisher>Issabel Foundation</publisher>\n	<license>GPLv3+</license>\n	<licenselink>http://www.gnu.org/licenses/gpl-3.0.txt</licenselink>\n	<description>Allows CallerID Lookup of incoming calls against different sources (OpenCNAM, MySQL, HTTP, ENUM, Phonebook Module)</description>\n    <category>Admin</category>\n    <embedcategory>Inbound Call Control</embedcategory>\n	<changelog>\n		*2.11.1.12* Initial Issabel Foundation release\n	</changelog>\n	<menuitems>\n		<cidlookup>CallerID Lookup Sources</cidlookup>\n	</menuitems>\n	<depends>\n		<engine>asterisk 1.6</engine>\n		<module>framework ge 2.11.0.0rc1.6</module>\n	</depends>\n	<supported>\n		<version>2.11</version>\n	</supported>\n        <location>release/2.11/cidlookup-2.11.1.12.tgz</location>\n        <md5sum>e17efc84bf3813c84b92a925eec7a2c5</md5sum>\n</module>\n<module>\n	<rawname>vmblast</rawname>\n	<repo>standard</repo>\n	<name>Voicemail Blasting</name>\n	<version>2.11.0.4</version>\n	<publisher>Issabel Foundation</publisher>\n	<license>GPLv3+</license>\n	<licenselink>http://www.gnu.org/licenses/gpl-3.0.txt</licenselink>\n    <category>Applications</category>\n    <embedcategory>Internal Options &amp; Configuration</embedcategory>\n	<description>\n		Creates a group of extensions that calls a group of voicemail boxes and allows you to leave a message for them all at once.\n	</description>\n	<changelog>\n		*2.11.0.4* Initial Issabel Foundation release\n	</changelog>\n	<menuitems>\n		<vmblast>Voicemail Blasting</vmblast>\n	</menuitems>\n	<popovers>\n		<vmblast>\n			<display>vmblast</display>\n		</vmblast>\n 	</popovers>\n	<depends>\n		<version>2.4.0</version>\n	</depends>\n	<supported>\n		<version>2.10</version>\n	</supported>\n        <location>release/2.11/vmblast-2.11.0.4.tgz</location>\n        <md5sum>9c2a9300c603b4dccd6e6272e9082d7a</md5sum>\n</module>\n<module>\n    <rawname>dynroute</rawname>\n    <repo>standard</repo>\n    <name>Dynamic Routes</name>\n    <version>2.11.3.2</version>\n    <publisher>voipsupport.it</publisher>\n    <license>GPLv3+</license>\n    <type>setup</type>\n    <category>Advanced</category>\n    <embedcategory>Inbound Call Control</embedcategory>\n    <description>\n        Allows to route call based on lookup in sql database and/or user input and to store results in channel variables\n    </description>\n    <changelog>\n        See CHANGES.txt file in module directory for full details.\n        *2.11.3.2* Bug fix\n        *2.11.3.1* Bug fix\n        *2.11.3.0* Asterisk variable source type\n        *2.11.2.0* AGI support\n        *2.11.1.0* Web service support\n        *2.11.0.0* ODBC support, popover compatibility, GUI cleanup, Updated Italian, Dutch translations\n        *2.10.0.2* Bug fix for db server name that was not saved, cleanups, dutch translations\n        *2.10.0.1* Security: prevent scripts from being called directly.\n        Updated uninstall from sql to php script, cosmetic and tooltip corrections.\n        *2.10.0.0* Only update is to change Category to be compatible with new menu categories (now under Applications instead of Inbound Call Control)\n        *2.8.0.0* Added ability to get dtmf input (with optional announcement) and storage of input and/or sql result in channel variables for use in further dynamic routes or custom extensions.\n        *2.6.0.2* First Release\n    </changelog>\n    <depends>\n        <version>ge2.11</version>\n        <module></module>\n    </depends>\n    <menuitems>\n        <dynroute>Dynamic Routes</dynroute>\n    </menuitems>\n        <popovers>\n                <dynroute>\n                        <display>dynroute</display>\n            <action>add</action>\n                </dynroute>\n        </popovers>\n        <location>release/2.11/dynroute-2.11.3.2.tgz</location>\n        <md5sum>0c7e3e6c0cf0e0ecad604e26af634878</md5sum>\n</module>\n<module>\n	<rawname>dashboard</rawname>\n	<repo>standard</repo>\n	<name>System Dashboard</name>\n	<version>2.11.0.5</version>\n	<publisher>Issabel Foundation</publisher>\n	<license>GPLv3+</license>\n	<licenselink>http://www.gnu.org/licenses/gpl-3.0.txt</licenselink>\n	<candisable>no</candisable>\n	<canuninstall>no</canuninstall>\n	<category>Reports</category>\n	<description>\n		Provides a system information dashboard, showing information about Calls, CPU, Memory, Disks, Network, and processes.\n	</description>\n	<menuitems>\n		<dashboard display=\"index\" access=\"all\">IssabelPBX System Status</dashboard>\n	</menuitems>\n	<depends>\n		<version>2.3.0beta2</version>\n	</depends>\n	<changelog>\n		*2.11.0.5* Initial Issabel Foundation release\n	</changelog>\n	<supported>\n		<version>2.10</version>\n	</supported>\n        <location>release/2.11/dashboard-2.11.0.5.tgz</location>\n        <md5sum>f9746dda13e9df9adff71700fbcab253</md5sum>\n</module>\n<module>\n	<rawname>callforward</rawname>\n	<repo>standard</repo>\n	<name>Call Forward</name>\n	<version>2.11.5</version>\n	<publisher>Issabel Foundation</publisher>\n	<license>AGPLv3+</license>\n	<licenselink>http://www.gnu.org/licenses/agpl-3.0.txt</licenselink>\n	<changelog>\n		*2.11.5* Initial Issabel Foundation release\n	</changelog>\n	<description>Provides callforward featurecodes</description>\n	<category>Applications</category>\n	<supported>\n		<version>2.10</version>\n	</supported>\n        <location>release/2.11/callforward-2.11.5.tgz</location>\n        <md5sum>6248a13b89e9c9345799096347b3f8bf</md5sum>\n</module>\n<module>\n	<rawname>miscdests</rawname>\n	<repo>extended</repo>\n	<name>Misc Destinations</name>\n	<version>2.11.0.4</version>\n	<publisher>Issabel Foundation</publisher>\n	<license>GPLv3+</license>\n	<licenselink>http://www.gnu.org/licenses/gpl-3.0.txt</licenselink>\n    <category>Applications</category>\n    <embedcategory>Internal Options &amp; Configuration</embedcategory>\n	<description>Allows creating destinations that dial any local number (extensions, feature codes, outside phone numbers) that can be used by other modules (eg, IVR, time conditions) as a call destination.</description>\n	<changelog>\n		*2.11.0.4* Initial Issabel Foundation release\n	</changelog>\n	<depends>\n		<version>2.5.0alpha1</version>\n	</depends>\n	<menuitems>\n		<miscdests>Misc Destinations</miscdests>\n	</menuitems>\n	<popovers>\n		<miscdests>\n			<display>miscdests</display>\n		</miscdests>\n	</popovers>\n        <location>release/2.11/miscdests-2.11.0.4.tgz</location>\n        <md5sum>6736d35eb781351534e7dc348f49d8e6</md5sum>\n	<supported>\n		<version>2.10</version>\n	</supported>\n</module>\n<module>\n  <rawname>restart</rawname>\n  <repo>unsupported</repo>\n  <name>Bulk Phone Restart</name>\n  <version>2.11.0.2</version>\n	<publisher>Issabel Foundation</publisher>\n	<license>GPLv3+</license>\n	<licenselink>http://www.gnu.org/licenses/gpl-3.0.txt</licenselink>\n  <category>Admin</category>\n	<changelog>\n		*2.11.0.2* Initial Issabel Foundation release\n		*2.6.0.0* Initial release\n	</changelog>\n  <depends>\n    <version>2.5.0</version>\n  </depends>\n  <description>This module allows users to restart one or multiple phones that support being restarted via a SIP NOTIFY command through Asterisk\'s sip_notify.conf\n	</description>\n  <menuitems>\n    <restart>Phone Restart</restart>\n  </menuitems>\n        <location>release/2.11/restart-2.11.0.2.tgz</location>\n        <md5sum>3dd2a9e0253544c662c94648d2021bb5</md5sum>\n  <supported>\n    <version>2.10</version>\n  </supported>\n</module>\n<module>\n	<rawname>bosssecretary</rawname>\n	<name>Boss Secretary</name>\n	<version>1.0</version>\n	<changelog>\n		*1.0* Module changed to new dialpan. Module is now compatible with Asterisk 1.6X and newer with all BLF functionality.\n	</changelog>\n    <repo>extended</repo>\n	<publisher>Issabel Foundation</publisher>\n	<category>Applications</category>\n    <embedcategory>Internal Options &amp; Configuration</embedcategory>\n	<description>\n		The boss-secretary module creates a special ring group which includes\none or more \"bosses\" and one or more secretaries\". When someone calls\nthe boss\' extension, the secretary (or secretaries) extension will ring only, allowing the secretary to answer his or her boss\' call. Only secretary ( or secretaries ) or \'chief extensions\' are authorized to call directly to boss extension. With feature code you can turn on or off secretary group.\n	</description>\n	<menuitems>\n		<bosssecretary>Boss Secretary</bosssecretary>\n	</menuitems>\n</module>\n<module>\n	<rawname>fw_fop</rawname>\n	<repo>unsupported</repo>\n	<name>IssabelPBX FOP Framework</name>\n	<version>2.10.0.3</version>\n	<publisher>IssabelPBX</publisher>\n	<license>GPLv2+</license>\n	<menuitems>\n		<fw_fop href=\"modules/fw_fop/\" target=\"_fop\" access=\"all\">FOP Panel</fw_fop>\n	</menuitems>\n	<changelog>\n		*2.10.0.3* #5818\n		*2.10.0.2* #5496\n		*2.10.0.1* fix for fw_fop_parse_zapata\n		*2.10.0.0* upgrade xml info, category, support info\n		*2.10.0beta2.0* moving FOP to full module\n		*2.10.0beta1.0* beta1 release, see svn log\n		*2.9.0.1* #4401, #4914, #4404\n		*2.9.0.0* 2.9 Update\n	</changelog>\n	<description>\n		This module provides the original FOP (Flash Operator Panel) which is known to have issues on Asterisk 1.8 and is no longer supported in favor of FOP2.\n	</description>\n	<category>Admin</category>\n	<depends>\n		<version>2.9.0beta2</version>\n	</depends>\n        <location>release/2.11/fw_fop-2.10.0.3.tgz</location>\n        <md5sum>85af7e6568ec89f8cd31a27dda42fc01</md5sum>\n</module>\n<module>\n	<rawname>dictate</rawname>\n	<repo>extended</repo>\n	<name>Dictation</name>\n	<version>2.11.0.3</version>\n	<publisher>Issabel Foundation</publisher>\n	<license>GPLv3+</license>\n	<licenselink>http://www.gnu.org/licenses/gpl-3.0.txt</licenselink>\n	<category>Applications</category>\n	<changelog>\n		*2.11.0.3* Initial Issabel Foundation release\n	</changelog>\n	<description>This uses the app_dictate module of Asterisk to let users record dictate into their phones. When complete, the dictations can be emailed to an email address specified in the extension page.</description>\n	<supported>\n		<version>2.10</version>\n	</supported>\n        <location>release/2.11/dictate-2.11.0.3.tgz</location>\n        <md5sum>967c00998438a7f0cee9863101ace629</md5sum>\n</module>\n<module>\n	<rawname>asternic</rawname>\n	<name>Asternic</name>\n	<version>2.11.0.0</version>\n	<repo>unsupported</repo>\n	<publisher>Issabel Foundation</publisher>\n	<license>GPLv3+</license>\n	<licenselink>http://www.gnu.org/licenses/gpl-3.0.txt</licenselink>\n	<category>Settings</category>\n	<description>A module for Asternic Call Center Stats PRO, that allows you to set if IVR selections should be logged to the queue logs.</description>\n	<depends>\n		<module>ivr ge 2.11.0.1</module>\n		<version>2.11.0alpha1</version>\n		<phpversion>5.3.0</phpversion>\n	</depends>\n	<menuitems>\n		<asternic>Asternic</asternic>\n	</menuitems>\n	<changelog>\n		*2.11.0.0* Initial Issabel Foundation release\n	</changelog>\n	<supported>\n		<version>2.11</version>\n	</supported>\n        <location>release/2.11/asternic-2.11.0.0.tgz</location>\n        <md5sum>e1fb9c4d68eecfca3a4da98fc85ce66d</md5sum>\n</module>\n<module>\n	<rawname>bulkextensions</rawname>\n	<repo>extended</repo>\n    <name>Bulk Extensions</name>\n	<description>Bulk Extensions uses CSV files to import and export extensions.</description>\n	<version>2.11.0.7</version>\n	<publisher>Issabel Foundation</publisher>\n	<license>GPLv3+</license>\n	<licenselink>http://www.gnu.org/licenses/gpl-3.0.txt</licenselink>\n	<category>Applications</category>\n	<menuitems>\n		<bulkextensions>Bulk Extensions</bulkextensions>\n	</menuitems>\n	<depends>\n		<version>ge2.10</version>\n	</depends>\n        <location>release/2.11/bulkextensions-2.11.0.7.tgz</location>\n	<info/>\n	<changelog>\n		*2.11.0.7* Initial Issabel Foundation release\n		*2.5.0.5* Add permit/deny fields provided by 4Colo. Fixed a small bug in table.csv. Fixed spelling error in template.csv. Added localization for table.csv. See CHANGES for how-to.\n		*0.1*	First release\n	</changelog>\n	<supported>\n		<version>2.10</version>\n	</supported>\n        <md5sum>2e53632661bc4824f7cf2935cefe75a0</md5sum>\n</module>\n<module>\n	<rawname>campon</rawname>\n	<repo>standard</repo>\n	<name>Camp-On</name>\n	<version>2.11.0.2</version>\n	<publisher>Issabel Foundation</publisher>\n	<license>GPLv3+</license>\n	<licenselink>http://www.gnu.org/licenses/gpl-3.0.txt</licenselink>\n	<category>Settings</category>\n	<changelog>\n		*2.11.0.3* Initial Issabel Foundation release\n	</changelog>\n	<description>This module implements the Call Completion Supplemental Services (CCSS) often referred to as Call Camping or Camp-On. It allows a caller to request the system call them back when a busy or non-responding extension becomes available. Requires Asterisk 1.8 or higher.\n	</description>\n	<depends>\n		<engine>asterisk 1.8</engine>\n	</depends>\n	<supported>\n		<version>2.9</version>\n	</supported>\n        <location>release/2.11/campon-2.11.0.2.tgz</location>\n        <md5sum>7f2488575d81239ff3e58a6fa626d543</md5sum>\n</module>\n<module>\n	<rawname>sipsettings</rawname>\n	<repo>standard</repo>\n	<candisable>no</candisable>\n	<canuninstall>no</canuninstall>\n	<name>Asterisk SIP Settings</name>\n	<version>2.11.0.9</version>\n	<publisher>Issabel Foundation</publisher>\n	<license>AGPLv3+</license>\n	<licenselink>http://www.gnu.org/licenses/agpl-3.0.txt</licenselink>\n    <category>Settings</category>\n    <embedcategory>Advanced</embedcategory>\n	<menuitems>\n		<sipsettings>Asterisk SIP Settings</sipsettings>\n	</menuitems>\n	<description>\n		Use to configure Various Asterisk SIP Settings in the General section of sip.conf. Also includes an auto-configuration tool to determine NAT settings. The module assumes Asterisk version 1.4 or higher. Some settings may not exist in Asterisk 1.2 and will be ignored by Asterisk.\n	</description>\n	<changelog>\n		*2.11.0.9* Initial Issabel Foundation release\n	</changelog>\n    <depends>\n        <module>core ge 2.11.0.0beta2.4</module>\n    </depends>\n	<supported>\n		<version>2.11</version>\n	</supported>\n        <location>release/2.11/sipsettings-2.11.0.9.tgz</location>\n        <md5sum>ce4cd15d926ae9276e86e4d72d57accf</md5sum>\n</module>\n<module>\n  <rawname>phpagiconf</rawname>\n  <repo>unsupported</repo>\n  <name>PHPAGI Config</name>\n  <version>2.11.0.2</version>\n  <publisher>Issabel Foundation</publisher>\n  <license>GPLv3+</license>\n	<licenselink>http://www.gnu.org/licenses/gpl-3.0.txt</licenselink>\n  <category>Settings</category>\n  <menuitems>\n    <phpagiconf>PHPAGI Config</phpagiconf>\n  </menuitems>\n  <depends>\n    <module>manager ge1.0.4</module>\n  </depends>\n  <changelog>\n    *2.11.0.2* Initial Issabel Foundation release\n  </changelog>\n        <location>release/2.11/phpagiconf-2.11.0.2.tgz</location>\n        <md5sum>df37b454a9396ba53f1f5df81b25ada1</md5sum>\n  <supported>\n    <version>2.10</version>\n  </supported>\n</module>\n<module>\n	<rawname>fw_langpacks</rawname>\n	<modtype>framework</modtype>\n	<repo>extended</repo>\n	<name>IssabelPBX Localization Updates</name>\n	<version>2.11.2</version>\n	<publisher>Issabel Foundation</publisher>\n	<license>GPLv3+</license>\n	<licenselink>http://www.gnu.org/licenses/gpl-3.0.txt</licenselink>\n	<changelog>\n		*2.11.2* Initial Issabel Foundation release\n	</changelog>\n	<description>\n		This module provides a facility to install new and updated localization translations for all components in IssabelPBX. Localization i18n translations are still kept with each module and other components such as the User Portal (ARI). This provides an easy ability to bring all components up-to-date without the need of publishing dozens of modules for every minor change. The localization updates used will be the latest available for all modules and will not consider the current version you are running.\n	</description>\n	<category>Admin</category>\n        <location>release/2.11/fw_langpacks-2.11.2.tgz</location>\n        <md5sum>35fdd36e3cb134bd3462cd5808207120</md5sum>\n	<supported>\n		<version>2.11</version>\n	</supported>\n</module>\n<module>\n	<rawname>findmefollow</rawname>\n	<repo>standard</repo>\n	<name>Follow Me</name>\n	<version>2.11.0.6</version>\n	<publisher>Issabel Foundation</publisher>\n	<license>GPLv3+</license>\n	<licenselink>http://www.gnu.org/licenses/gpl-3.0.txt</licenselink>\n	<changelog>\n		*2.11.0.6* Initial Issabel Foundation release\n	</changelog>\n	<depends>\n		<version>2.5.0alpha1</version>\n		<module>recordings ge 3.3.8</module>\n	</depends>\n    <category>Applications</category>\n    <embedcategory>Inbound Call Control</embedcategory>\n	<description>\n		Much like a ring group, but works on individual extensions. When someone calls the extension, it can be setup to ring for a number of seconds before trying to ring other extensions and/or external numbers, or to ring all at once, or in other various \'hunt\' configurations. Most commonly used to ring someone\'s cell phone if they don\'t answer their extension.\n	</description>\n	<menuitems>\n		<findmefollow needsenginedb=\"yes\">Follow Me</findmefollow>\n	</menuitems>\n	<supported>\n		<version>2.10</version>\n	</supported>\n        <location>release/2.11/findmefollow-2.11.0.6.tgz</location>\n        <md5sum>a7df4c8450760ea9e21b3437bb86206d</md5sum>\n</module>\n<module>\n	<rawname>digium_phones</rawname>\n	<repo>standard</repo>\n	<type>setup</type>\n	<category>Connectivity</category>\n	<name>Digium Phones Config</name>\n	<version>2.11.3.3</version>\n	<publisher>Digium</publisher>\n	<license>GPLv2</license>\n	<licenselink>http://www.gnu.org/licenses/gpl-3.0.txt</licenselink>\n	<candisable>yes</candisable>\n	<canuninstall>yes</canuninstall>\n	<changelog>\n        *2.11.3.3* Rebranding\n		*2.11.3.2* IssabelPBX initial release\n		*2.11.0.1* FreePBX/Schmoozecom Release\n		*0.1* initial commit\n	</changelog>\n	<depends>\n		<phpversion>5.2.0</phpversion>\n		<version>2.10</version>\n        <module>framework ge 2.11.0.47</module>\n    </depends>\n	<menuitems>\n		<digium_phones needsenginedb=\"yes\">Digium Phones</digium_phones>\n	</menuitems>\n	<supported>\n		<version>2.11.0</version>\n	</supported>\n        <location>release/2.11/digium_phones-2.11.3.3.tgz</location>\n        <md5sum>f1dbf298e09c54ef69078e79104f6997</md5sum>\n</module>\n<module>\n    <rawname>recordings</rawname>\n    <repo>standard</repo>\n    <name>Recordings</name>\n    <version>3.4.0.4</version>\n    <publisher>Issabel Foundation</publisher>\n    <license>GPLv3+</license>\n    <licenselink>http://www.gnu.org/licenses/gpl-3.0.txt</licenselink>\n    <canuninstall>no</canuninstall>\n    <category>Admin</category>\n    <embedcategory>Internal Options &amp; Configuration</embedcategory>\n    <description>Creates and manages system recordings, used by many other modules (eg, IVR).</description>\n    <changelog>\n        *3.4.0.4* Adds recording from browser\n        *3.4.0.3* Initial Issabel Foundation release\n    </changelog>\n    <menuitems>\n        <recordings>System Recordings</recordings>\n    </menuitems>\n    <depends>\n       <module>framework ge 2.11.0.47</module>\n    </depends>\n    <supported>\n        <version>2.11</version>\n    </supported>\n        <location>release/2.11/recordings-3.4.0.4.tgz</location>\n        <md5sum>f7f1dc5521bdcddc444620a81d300176</md5sum>\n</module>\n<module>\n    <rawname>motif</rawname>\n    <name>Google Voice/Chan Motif</name>\n	<publisher>Issabel Foundation</publisher>\n	<license>GPLv3+</license>\n	<licenselink>http://www.gnu.org/licenses/gpl-3.0.txt</licenselink>\n    <type>setup</type>\n    <repo>standard</repo>\n    <category>Connectivity</category>\n	<version>2.11.17</version>\n    <description>\n        Manage Google Voice Trunks with Chan Motif\n    </description>\n    <changelog>\n	*2.11.17* Initial Issabel Foundation release\n    </changelog>\n    <depends>\n        <engine>asterisk 11</engine>\n        <module>core ge 2.11.0.0beta2.4</module>\n    </depends>\n    <menuitems>\n        <motif>Google Voice (Motif)</motif>\n    </menuitems>\n	<supported>\n		<version>2.11</version>\n	</supported>\n        <location>release/2.11/motif-2.11.17.tgz</location>\n        <md5sum>b9b9eff259a0d7918e77abba78c1eda5</md5sum>\n</module>\n<module>\n	<rawname>pinsets</rawname>\n	<repo>standard</repo>\n	<name>PIN Sets</name>\n	<version>2.11.0.9</version>\n	<publisher>Issabel Foundation</publisher>\n	<license>GPLv3+</license>\n	<licenselink>http://www.gnu.org/licenses/gpl-3.0.txt</licenselink>\n    <category>Settings</category>\n    <embedcategory>Internal Options &amp; Configuration</embedcategory>\n	<description>Allow creation of lists of PINs (numbers for passwords) that can be used by other modules (eg, trunks).</description>\n	<changelog>\n		*2.11.0.9* Initial Issabel Foundation release\n	</changelog>\n	<menuitems>\n		<pinsets>PIN Sets</pinsets>\n	</menuitems>\n	<supported>\n		<version>2.10</version>\n	</supported>\n	<depends>\n		<module>core</module>\n	</depends>\n        <location>release/2.11/pinsets-2.11.0.9.tgz</location>\n	<methods>\n		<get_config pri=\"481\">pinsets_get_config</get_config>\n	</methods>\n        <md5sum>f1fc09766e4373bafd7ea553f82b90fe</md5sum>\n</module>\n<module>\n  <rawname>phonebook</rawname>\n  <repo>extended</repo>\n  <name>Phonebook</name>\n  <version>2.11.0.2</version>\n	<publisher>Issabel Foundation</publisher>\n	<license>GPLv3+</license>\n	<licenselink>http://www.gnu.org/licenses/gpl-3.0.txt</licenselink>\n  <description>Provides a phonebook for IssabelPBX, it can be used as base for Caller ID Lookup and Speed Dial</description>\n  <category>Admin</category>\n  <menuitems>\n    <phonebook needsenginedb=\"yes\">Asterisk Phonebook</phonebook>\n  </menuitems>\n        <location>release/2.11/phonebook-2.11.0.2.tgz</location>\n        <md5sum>667c2f1d7a490e55ae54b23db1194ac7</md5sum>\n  <changelog>\n  		*2.11.0.2* Initial Issabel Foundation release\n	</changelog>\n  <supported>\n    <version>2.10</version>\n  </supported>\n</module>\n<module>\n        <rawname>setcid</rawname>\n        <repo>standard</repo>\n        <name>Set CallerID</name>\n        <version>2.11.1.0</version>\n        <category>Applications</category>\n        <embedcategory>Inbound Call Control</embedcategory>\n        <publisher>Issabel Foundation</publisher>\n        <license>GPLv3+</license>\n        <licenselink>http://www.gnu.org/licenses/gpl-3.0.txt</licenselink>\n        <description>\n                Adds the ability to change the CallerID within a call flow.\n        </description>\n        <menuitems>\n                <setcid>Set CallerID</setcid>\n        </menuitems>\n        <changelog>\n                *2.11.1.0* Add custom Variables support\n                *2.11.0.4* Initial Issabel Foundation release\n        </changelog>\n        <depends>\n                <version>2.5.0</version>\n        </depends>\n        <supported>\n                <version>2.10</version>\n        </supported>\n        <location>release/2.11/setcid-2.11.1.0.tgz</location>\n        <md5sum>3877aaaef9cd3348ee5903c68a7f7a8b</md5sum>\n</module>\n<module>\n	<rawname>managersettings</rawname>\n	<repo>standard</repo>\n	<name>Asterisk Manager Settings</name>\n	<version>2.11.0.0</version>\n	<publisher>Issabel Foundation</publisher>\n	<licenselink>http://www.gnu.org/licenses/agpl-3.0.txt</licenselink>\n	<license>AGPLv3</license>\n    <category>Settings</category>\n    <embedcategory>Advanced</embedcategory>\n	<menuitems>\n		<managersettings>Asterisk Manager Settings</managersettings>\n	</menuitems>\n	<description>\n		Use to configure Various Asterisk Manager Settings in the General section of manager.conf. The module assumes Asterisk version 11 or higher.\n	</description>\n	<changelog>\n		*2.11.0.0* Initial Issabel Foundation release\n	</changelog>\n	<supported>\n		<version>2.10</version>\n	</supported>\n        <location>release/2.11/managersettings-2.11.0.0.tgz</location>\n        <md5sum>548af5d87d3efd79cf77431fa713a66e</md5sum>\n</module>\n<module>\n	<rawname>logfiles</rawname>\n	<repo>standard</repo>\n	<name>Asterisk Logfiles</name>\n	<canuninstall>no</canuninstall>\n	<version>2.11.1.4</version>\n	<publisher>Issabel Foundation</publisher>\n	<license>GPLv3+</license>\n	<licenselink>http://www.gnu.org/licenses/gpl-3.0.txt</licenselink>\n	<changelog>\n        *2.11.1.4* Rebranding\n		*2.11.1.3* Initial Issabel Foundation release\n	</changelog>\n	<category>Reports</category>\n	<embedcategory>Advanced</embedcategory>\n	<menuitems>\n		<logfiles>Asterisk Logfiles</logfiles>\n		<logfiles_settings category=\"Settings\">Asterisk Logfile Settings</logfiles_settings>\n	</menuitems>\n	<supported>\n		<version>2.11.0</version>\n    </supported>\n    <depends>\n       <module>framework ge 2.11.0.47</module>\n    </depends>\n        <location>release/2.11/logfiles-2.11.1.4.tgz</location>\n        <md5sum>c69dbe1de5481980a8c67c0d59d82229</md5sum>\n</module>\n<module>\n	<rawname>disa</rawname>\n	<repo>extended</repo>\n	<name>DISA</name>\n	<version>2.11.0.6</version>\n	<publisher>Issabel Foundation</publisher>\n	<license>GPLv3+</license>\n	<licenselink>http://www.gnu.org/licenses/gpl-3.0.txt</licenselink>\n    <category>Applications</category>\n    <embedcategory>Remote Access</embedcategory>\n	<menuitems>\n		<disa>DISA</disa>\n	</menuitems>\n	<popovers>\n		<disa>\n			<display>disa</display>\n		</disa>\n 	</popovers>\n	<description>DISA Allows you \'Direct Inward System Access\'. This gives you the ability to have an option on an IVR that gives you a dial tone, and you\'re able to dial out from the IssabelPBX machine as if you were connected to a standard extension. It appears as a Destination.</description>\n	<changelog>\n		*2.11.0.6* Initial Issabel Foundation release\n	</changelog>\n	<depends>\n		<version>2.4.0</version>\n	</depends>\n	<supported>\n		<version>2.10</version>\n	</supported>\n        <location>release/2.11/disa-2.11.0.6.tgz</location>\n        <md5sum>bf9ccaa4f81925748b63ab0fcbf50912</md5sum>\n</module>\n<module>\n    <rawname>outroutemsg</rawname>\n    <repo>standard</repo>\n    <name>Route Congestion Messages</name>\n    <version>2.11.0.3</version>\n    <publisher>Issabel Foundation</publisher>\n    <license>GPLv3+</license>\n    <licenselink>http://www.gnu.org/licenses/gpl-3.0.txt</licenselink>\n    <category>Settings</category>\n    <embedcategory>Advanced</embedcategory>\n    <description>Configures message or congestion tones played when all trunks are busy in a route. Allows different messages for Emergency Routes and Intra-Company Routes\n    </description>\n    <menuitems>\n        <outroutemsg>Route Congestion Messages</outroutemsg>\n    </menuitems>\n    <changelog>\n        *2.11.0.3* Add HangupCause check for unallocated numbers and info tone\n        *2.11.0.2* Initial Issabel Foundation release\n    </changelog>\n    <depends>\n        <module>recordings ge 3.3.8</module>\n    </depends>\n        <location>release/2.11/outroutemsg-2.11.0.3.tgz</location>\n        <md5sum>279f092d2132d8b427cb371f3336e757</md5sum>\n    <supported>\n        <version>2.10</version>\n    </supported>\n</module>\n<module>\n	<rawname>ringgroups</rawname>\n	<repo>standard</repo>\n	<name>Ring Groups</name>\n	<version>2.11.0.6</version>\n	<publisher>Issabel Foundation</publisher>\n	<license>GPLv3+</license>\n	<licenselink>http://www.gnu.org/licenses/gpl-3.0.txt</licenselink>\n    <category>Applications</category>\n    <embedcategory>Inbound Call Control</embedcategory>\n	<description>\n		Creates a group of extensions that all ring together. Extensions can be rung all at once, or in various \'hunt\' configurations. Additionally, external numbers are supported, and there is a call confirmation option where the callee has to confirm if they actually want to take the call before the caller is transferred.\n	</description>\n	<changelog>\n		*2.11.0.6* Initial Issabel Foundation release\n	</changelog>\n	<depends>\n		<version>2.5.0alpha1</version>\n		<module>recordings ge 3.3.8</module>\n	</depends>\n	<menuitems>\n		<ringgroups>Ring Groups</ringgroups>\n	</menuitems>\n	<popovers>\n		<ringgroups>\n			<display>ringgroups</display>\n		</ringgroups>\n 	</popovers>\n	<supported>\n		<version>2.11</version>\n	</supported>\n        <location>release/2.11/ringgroups-2.11.0.6.tgz</location>\n        <md5sum>24b4c2743d49b49c888405b36d70d641</md5sum>\n</module>\n<module>\n	<rawname>customerdb</rawname>\n	<name>Customer DB</name>\n	<version>2.5.0.4</version>\n	<type>tool</type>\n	<category>Third Party Addon</category>\n	<menuitems>\n		<customerdb>Customer DB</customerdb>\n	</menuitems>\n	<changelog>\n		*2.5.0.4* localization updates\n		*2.5.0.3* localization enclosures\n		*2.5.0.2* #2987 sqlite3 install script changes\n		*2.5.0.1* #2781 allow sqlite table creation\n		*2.5.0* #2845 tabindex\n		*2.4.0* it translations, bump for 2.4\n		*1.2.3.1* bump for rc1\n		*1.2.3* Add he_IL translation\n	</changelog>\n        <location>release/2.11/customerdb-2.5.0.4.tgz</location>\n        <md5sum>4cd70ff6e38632bc0a9aa2d1dcc37745</md5sum>\n</module>\n\n<module>\n	<rawname>hotelwakeup</rawname>\n	<name>Wake Up Calls</name>\n	<repo>standard</repo>\n	<version>2.11.3</version>\n	<license>GPLv2</license>\n	<publisher>POSSA</publisher>\n	<category>Applications</category>\n		<description>IssabelPBX module for generating reminder and wakeup calls</description>\n	<info>https://github.com/POSSA/Hotel-Style-Wakeup-Calls</info>\n	 <changelog>\n		 *2.11.3* Initial Issabel Foundation release\n	</changelog>\n	<menuitems>\n		<hotelwakeup>Wake Up Calls</hotelwakeup>\n	</menuitems>\n	<depends>\n		<module>ivr gt1.0</module>\n		<version>ge 2.9</version>\n		<engine>asterisk 1.2</engine>\n	</depends>\n	<supported>\n		<version>2.11</version>\n	</supported>\n        <location>release/2.11/hotelwakeup-2.11.3.tgz</location>\n        <md5sum>8cc536cd850013c65c55ce85d8ce94f8</md5sum>\n</module>\n<module>\n    <rawname>paging</rawname>\n    <repo>standard</repo>\n    <name>Paging and Intercom</name>\n    <version>2.11.0.10</version>\n    <publisher>Issabel Foundation</publisher>\n    <license>GPLv3+</license>\n    <licenselink>http://www.gnu.org/licenses/gpl-3.0.txt</licenselink>\n    <category>Applications</category>\n    <embedcategory>Internal Options &amp; Configuration</embedcategory>\n    <changelog>\n        *2.11.0.10* Rebranding\n        *2.11.0.9* Initial Issabel Foundation release\n    </changelog>\n    <depends>\n        <version>2.11.0</version>\n        <module>framework ge 2.11.0.47</module>\n    </depends>\n    <description>Allows creation of paging groups to make announcements using the speaker built into most SIP phones.\n        Also creates an Intercom feature code that can be used as a prefix to talk directly to one person, as well as optional feature codes to block/allow intercom calls to all users as well as blocking specific users or only allowing specific users.</description>\n    <menuitems>\n        <paging>Paging and Intercom</paging>\n    </menuitems>\n    <requirements>\n        <module>conferences</module>\n    </requirements>\n    <popovers>\n        <paging>\n            <display>paging</display>\n            <action>add</action>\n        </paging>\n    </popovers>\n        <location>release/2.11/paging-2.11.0.10.tgz</location>\n        <md5sum>154ed1f3baff828a67f2bad663e81e6d</md5sum>\n    <supported>\n		<version>2.11.0</version>\n    </supported>\n</module>\n<module>\n  <rawname>extensionsettings</rawname>\n  <repo>unsupported</repo>\n  <name>Extension Settings</name>\n  <version>2.11.0.2</version>\n  <publisher>Mikael Carlsson</publisher>\n  <license>GPLv2</license>\n  <category>Settings</category>\n  <description>Creates a list of all extensions and their current settings for CW, CF, CFB, CFU, VMXB and VMXU</description>\n  <menuitems>\n    <extensionsettings>Extension Settings</extensionsettings>\n  </menuitems>\n  <changelog>\n		*2.11.0.2* Initial Issabel Foundation release\n	</changelog>\n        <md5sum>c2253809614e923ad16126c38cb81258</md5sum>\n        <location>release/2.11/extensionsettings-2.11.0.2.tgz</location>\n  <supported>\n    <version>2.10</version>\n  </supported>\n</module>\n<module>\n    <rawname>miscapps</rawname>\n    <repo>extended</repo>\n    <name>Misc Applications</name>\n    <version>2.11.0.2</version>\n	<publisher>Issabel Foundation</publisher>\n	<license>GPLv3+</license>\n	<licenselink>http://www.gnu.org/licenses/gpl-3.0.txt</licenselink>\n    <category>Applications</category>\n    <embedcategory>Internal Options &amp; Configuration</embedcategory>\n    <description>\n		Adds the ability to create feature codes that can go to any IssabelPBX destination (such as an IVR or queue)\n	</description>\n    <menuitems>\n        <miscapps>Misc Applications</miscapps>\n    </menuitems>\n    <changelog>\n  		*2.11.0.2* Initial Issabel Foundation release\n	</changelog>\n    <depends>\n        <version>2.4.0</version>\n    </depends>\n        <location>release/2.11/miscapps-2.11.0.2.tgz</location>\n        <md5sum>8c88bb73e52fd41cebc86a30c5d60bd2</md5sum>\n    <supported>\n        <version>2.10</version>\n    </supported>\n</module>\n<module>\n	<rawname>bulkdids</rawname>\n	<repo>extended</repo>\n	<name>Bulk DIDs</name>\n	<description>Bulk DIDs uses CSV files to import bulk DIDs with a destination.</description>\n	<version>2.11.1.4</version>\n	<publisher>Issabel Foundation</publisher>\n	<license>GPLv3+</license>\n	<licenselink>http://www.gnu.org/licenses/gpl-3.0.txt</licenselink>\n	<category>Applications</category>\n	<menuitems>\n		<bulkdids>Bulk DIDs</bulkdids>\n	</menuitems>\n	<depends>\n		<version>ge2.10alpha0</version>\n	</depends>\n        <location>release/2.11/bulkdids-2.11.1.4.tgz</location>\n	<info/>\n	<changelog>\n		*2.11.1.4* Initial Issabel Foundation release\n	</changelog>\n	<supported>\n		<version>2.10</version>\n	</supported>\n        <md5sum>61813f3b3e96d0677b93520fadfbc5b9</md5sum>\n</module>\n<module>\n	<rawname>directory</rawname>\n	<repo>standard</repo>\n	<name>Directory</name>\n	<version>2.11.0.5</version>\n	<publisher>Issabel Foundation</publisher>\n	<license>GPLv3+</license>\n	<licenselink>http://www.gnu.org/licenses/gpl-3.0.txt</licenselink>\n	<type>setup</type>\n	<category>Applications</category>\n	<menuitems>\n		<directory>Directory</directory>\n	</menuitems>\n	<popovers>\n		<directory>\n			<display>directory</display>\n			<action>add</action>\n		</directory>\n 	</popovers>\n	<depends>\n		<version>2.8.0alpha1</version>\n		<module>recordings ge 3.3.8</module>\n	</depends>\n	<changelog>\n		*2.11.0.5* Initial Issabel Foundation release\n	</changelog>\n	<supported>\n		<version>2.11</version>\n	</supported>\n        <location>release/2.11/directory-2.11.0.5.tgz</location>\n        <md5sum>fcdf1f60efd15ab2a611dcf77f6c946c</md5sum>\n</module>\n<module>\n	<rawname>customappsreg</rawname>\n	<repo>standard</repo>\n	<name>Custom Applications</name>\n	<version>2.11.0.2</version>\n	<publisher>Issabel Foundation</publisher>\n	<license>GPLv3+</license>\n	<licenselink>http://www.gnu.org/licenses/gpl-3.0.txt</licenselink>\n    <category>Admin</category>\n    <embedcategory>Advanced</embedcategory>\n	<description>\n		Registry to add custom extensions and destinations that may be created and used so that the Extensions and Destinations Registry can include these.\n	</description>\n	<menuitems>\n		<customextens>Custom Extensions</customextens>\n		<customdests>Custom Destinations</customdests>\n	</menuitems>\n	<popovers>\n		<customappsreg>\n			<display>customdests</display>\n		</customappsreg>\n 	</popovers>\n	<changelog>\n		*2.11.0.2* Initial Issabel Foundation release\n	</changelog>\n  <depends>\n    <version>2.4.0</version>\n  </depends>\n        <location>release/2.11/customappsreg-2.11.0.2.tgz</location>\n        <md5sum>16bec09eafa00acc3f6f21deadb0480a</md5sum>\n  <supported>\n    <version>2.10</version>\n  </supported>\n</module>\n<module>\n    <rawname>parking</rawname>\n    <repo>standard</repo>\n    <name>Parking Lot</name>\n    <version>2.11.0.16</version>\n    <publisher>Issabel Foundation</publisher>\n    <license>GPLv3+</license>\n    <licenselink>http://www.gnu.org/licenses/gpl-3.0.txt</licenselink>\n    <category>Applications</category>\n    <embedcategory>Internal Options &amp; Configuration</embedcategory>\n    <description>Manages parking lot extensions and other options.\n    Parking is a way of putting calls \"on hold\", and then picking them up from any extension.\n    </description>\n    <changelog>\n        *2.11.0.16* Add support for mutiple parking lots\n        *2.11.0.15* Initial Issabel Foundation release\n    </changelog>\n    <menuitems>\n        <parking>Parking</parking>\n    </menuitems>\n    <depends>\n        <engine>asterisk ge 1.8</engine>\n        <version>2.11</version>\n        <module>core ge 2.11.0.48</module>\n    </depends>\n    <supported>\n        <version>2.11</version>\n    </supported>\n        <location>release/2.11/parking-2.11.0.16.tgz</location>\n        <md5sum>c755d0a3723a95e05e610c1b368d4cec</md5sum>\n</module>\n<module>\n	<rawname>superfecta</rawname>\n	<repo>extended</repo>\n	<name>CID Superfecta</name>\n	<version>2.11.18</version>\n	<type>setup</type>\n	<category>Admin</category>\n	<publisher>Issabel Foundation</publisher>\n	<license>GPLv2+</license>\n	<licenselink>http://www.gnu.org/licenses/gpl-2.0.txt</licenselink>\n	<description>\n		Provides simultaneous use of, and complete control over multiple caller id data sources.\n	</description>\n	<changelog>\n        *2.11.18* Rebranding Changes\n		*2.11.17* Initial Issabel Foundation release\n	</changelog>\n	<menuitems>\n		<superfecta>CID Superfecta</superfecta>\n	</menuitems>\n	<info>https://github.com/POSSA/Caller-ID-Superfecta/wiki</info>\n	<supported>\n		<version>2.11.0</version>\n    </supported>\n	<depends>\n        <module>framework ge 2.11.0.47</module>\n	</depends>\n        <location>release/2.11/superfecta-2.11.18.tgz</location>\n        <md5sum>c52858e1a33f4697f223ec2cd26d21f3</md5sum>\n</module>\n<module>\n	<rawname>callrecording</rawname>\n	<repo>standard</repo>\n	<name>Call Recording</name>\n	<version>2.11.0.10</version>\n	<publisher>Issabel Foundation</publisher>\n	<license>GPLv3+</license>\n	<licenselink>http://www.gnu.org/licenses/gpl-3.0.txt</licenselink>\n	<candisable>no</candisable>\n	<canuninstall>no</canuninstall>\n	<category>Applications</category>\n    <embedcategory>Inbound Call Control</embedcategory>\n	<description>\n		Provides much of the call recording functionality.\n	</description>\n	<menuitems>\n		<callrecording>Call Recording</callrecording>\n	</menuitems>\n 	<popovers>\n		<callrecording>\n			<display>callrecording</display>\n		</callrecording>\n 	</popovers>\n	<changelog>\n		*2.11.0.10* Embed in Issabel Menu\n		*2.11.0.9* Initial Issabel Foundation release\n	</changelog>\n	<supported>\n		<version>2.11</version>\n	</supported>\n        <location>release/2.11/callrecording-2.11.0.10.tgz</location>\n        <md5sum>f04b934f672c1e1ee462d50fbdf68ba7</md5sum>\n</module>\n<module>\n    <rawname>gabcast</rawname>\n    <name>Gabcast</name>\n    <version>2.5.0.2</version>\n    <type>tool</type>\n    <category>Third Party Addon</category>\n    <menuitems>\n        <gabcast>Gabcast</gabcast>\n    </menuitems>\n    <changelog>\n        *2.5.0.2* localization updates\n        *2.5.0.1* added localization ability\n        *2.5.0* localization fixes\n        *2.4.0.1* added depends on 2.4.0\n        *2.4.0* add dest registry, fix rnav formating\n        *1.2.5.1* bump for rc1\n        *1.2.5* #2070 fix proper use of script tags\n        *1.2.4* changed ${CALLERID(number)} to ${AMPUSER} to accomodate CID number masquerading\n        *1.2.3* Add he_IL translation\n        *1.2.2* Fix issue where you were unable to add a channel\n    </changelog>\n    <depends>\n        <version>2.4.0</version>\n    </depends>\n        <location>release/2.11/gabcast-2.5.0.2.tgz</location>\n        <md5sum>1bfb8f2e901a3c241c5073c9f6467d0d</md5sum>\n</module>\n<module>\n	<rawname>callback</rawname>\n	<repo>extended</repo>\n	<name>Callback</name>\n	<version>2.11.0.4</version>\n	<publisher>Issabel Foundation</publisher>\n	<license>GPLv3+</license>\n	<licenselink>http://www.gnu.org/licenses/gpl-3.0.txt</licenselink>\n    <category>Applications</category>\n    <embedcategory>Remote Access</embedcategory>\n	<menuitems>\n		<callback>Callback</callback>\n	</menuitems>\n	<popovers>\n		<callback>\n			<display>callback</display>\n		</callback>\n 	</popovers>\n	<changelog>\n		*2.11.0.4* Initial Issabel Foundation release\n	</changelog>\n	<depends>\n		<version>2.4.0</version>\n	</depends>\n	<supported>\n		<version>2.10</version>\n	</supported>\n        <location>release/2.11/callback-2.11.0.4.tgz</location>\n        <md5sum>24cbbf1f49918d9319511406251ed5b2</md5sum>\n</module>\n<module>\n    <rawname>languages</rawname>\n    <repo>extended</repo>\n    <name>Languages</name>\n    <version>2.11.0.2</version>\n    <publisher>Issabel Foundation</publisher>\n    <license>GPLv3+</license>\n    <licenselink>http://www.gnu.org/licenses/gpl-3.0.txt</licenselink>\n    <category>Applications</category>\n    <embedcategory>Internal Options &amp; Configuration</embedcategory>\n    <description>\n        Adds the ability to changes the language within a call flow and add language attribute to users.\n    </description>\n    <menuitems>\n        <languages>Languages</languages>\n    </menuitems>\n    <popovers>\n        <languages>\n            <display>languages</display>\n        </languages>\n    </popovers>\n    <changelog>\n        *2.11.0.2* Initial Issabel Foundation release\n    </changelog>\n    <depends>\n        <version>2.5.0alpha1</version>\n    </depends>\n        <location>release/2.11/languages-2.11.0.2.tgz</location>\n        <md5sum>c1ebf0621cfd27e584637693a712a495</md5sum>\n    <supported>\n        <version>2.10</version>\n    </supported>\n</module>\n</xml>\n');
INSERT INTO `modules` VALUES (59,'core','2.11.0.48',1),(60,'iaxsettings','2.11.0.3',1),(61,'paging','2.11.0.10',1),(62,'featurecodeadmin','2.11.0.2',1),(63,'asteriskinfo','2.11.0.89',1),(64,'callwaiting','2.11.0.4',1),(65,'restart','2.11.0.2',1),(66,'phpagiconf','2.11.0.2',1),(67,'music','2.11.0.3',1),(68,'dictate','2.11.0.3',1);
INSERT INTO `notifications` VALUES ('issabelpbx','NOEMAIL',600,'No email address for online update checks','You are automatically checking for online updates nightly but you have no email address setup to send the results. This can be set in Module Admin. They will continue to show up here.','',0,0,1781199661),('issabelpbx','NEWUPDATES',300,'There is 1 module available for online upgrade','ivr 2.11.0.12 (current: 2.11.0.11)\n','',0,0,1781178062),('retrieve_conf','BADDEST',400,'There are 8 bad destinations','DEST STATUS: EMPTY\n   Queue: GR-TELEFONIA (800)\n   Queue: GR-RECEP-PRINCIPAL (801)\n   Queue: GR-TELEFONIA-SABADO (802)\n   Queue: GR-LABORATORIO (803)\n   Queue: GR-FINANCEIRO (804)\n   Queue: GR-SEG-TRABALHO (806)\n   Queue: GR-RECEP-RESSONANCIA (807)\n   Queue: GR-CARDIOLOGIA (808)\n','',0,0,1781091904),('issabelpbx','MODULEADMINWGET',500,'Forced MODULEADMINWGET to true','The system detected a problem trying to access external server data and changed internal setting MODULEADMINWGET (Use wget For Module Admin) to true, see the tooltip in Advanced Settings for more details.','',0,1,1765158109);
INSERT INTO `outbound_route_patterns` VALUES (2,'','7[1-4][2-4]XXXXXXX','','015'),(3,'','[2-4]XXXXXXX','',''),(3,'','ZZ[2-4]XXXXXXX','','015'),(3,'031','ZZ[2-4]XXXXXXX','','015'),(4,'','9XXXXXXXX','',''),(4,'','ZZ9XXXXXXXX','','015'),(4,'0','ZZ9XXXXXXXX','','015'),(4,'075','9XXXXXXXX','','01575'),(4,'75','9XXXXXXXX','',''),(5,'','0800.','','');
INSERT INTO `outbound_route_sequence` VALUES (2,0),(3,1),(4,2),(5,3),(6,4),(7,5),(8,6);
INSERT INTO `outbound_route_trunks` VALUES (2,2,0),(2,6,1),(2,7,2),(3,2,0),(3,6,1),(3,7,2),(4,2,0),(4,6,1),(4,7,2),(5,2,0);
INSERT INTO `outbound_routes` VALUES (4,'NUMEROS-MOVEIS','','','','','','default',NULL,''),(2,'FIXOS-71-72-73','','','','','','default',NULL,''),(3,'NUMEROS-FIXOS','','','','','','default',NULL,''),(5,'SERVICOS-E-0800','','','','','','default',NULL,''),(6,'NUMEROS-0300','','','','','','default',NULL,''),(7,'NUMEROS-EMERGENCIA','','','','','','default',NULL,''),(8,'TESTE','','','','','','default',NULL,'');
INSERT INTO `paging_autoanswer` VALUES ('default','CALLINFO','Call-Info: <uri>\\;answer-after=0'),('default','ALERTINFO','Alert-Info: Ring Answer'),('default','SIPURI','intercom=true'),('Mitel','CALLINFO','Call-Info: <sip:broadworks.net>\\;answer-after=0'),('Panasonic','ALERTINFO','Alert-Info: Intercom'),('Polycom','ALERTINFO','Alert-Info: info=Auto Answer'),('Digium','ALERTINFO','Alert-Info: ring-answer');
INSERT INTO `parkplus` VALUES (1,'yes','public','Default Lot','700','701',4,45,'default','yes','yes','first','both','caller','caller','','','none',NULL,'yes','app-blackhole,hangup,1');
INSERT INTO `queues_config` VALUES ('800','GR-TELEFONIA','','',0,'','','none','',0,'',0,0,0,0,0,0,0,0,'',0,0,'none',''),('801','GR-RECEP-PRINCIPAL','','',0,'','','none','',0,'',0,0,0,0,0,0,0,0,'',0,0,'none',''),('802','GR-TELEFONIA-SABADO','','',0,'','','none','',0,'',0,0,0,0,0,0,0,0,'',0,0,'none',''),('803','GR-LABORATORIO','','',0,'','','none','',0,'',0,0,0,0,0,0,0,0,'',0,0,'none',''),('804','GR-FINANCEIRO','','',0,'','','none','',0,'',0,0,0,0,0,0,0,0,'',0,0,'none',''),('805','GR-RECEP-ANEXO','','',0,'60','','none','ext-queues,800,1',0,'',0,0,0,0,0,0,0,0,'',0,0,'none',''),('806','GR-SEG-TRABALHO','','',0,'','','none','',0,'',0,0,0,0,0,0,0,0,'',0,0,'none',''),('807','GR-RECEP-RESSONANCIA','','',0,'','','none','',0,'',0,0,0,0,0,0,0,0,'',0,0,'none',''),('808','GR-CARDIOLOGIA','','',0,'','','none','',0,'',0,0,0,0,0,0,0,0,'',0,0,'none','');
INSERT INTO `queues_details` VALUES ('800','music','ESPERA',0),('800','answered_elsewhere','0',0),('800','penaltymemberslimit','0',0),('800','timeoutpriority','app',0),('800','autopauseunavail','no',0),('800','autopausebusy','no',0),('800','cron_schedule','never',0),('800','skip_joinannounce','',0),('800','timeoutrestart','no',0),('800','memberdelay','0',0);
INSERT INTO `recordings` VALUES (1,'__invalid','install done','',0,NULL),(2,'HR-EXPEDIENTE-UNICLIM','custom/HR-EXPEDIENTE-UNICLIM','No long description available',0,NULL),(3,'SUBMENU-OP-5','custom/SUBMENU-OP-5','No long description available',0,NULL),(4,'ANUNCIO_NOVO_NUMERO_UNICLIN','custom/ANUNCIO_NOVO_NUMERO_UNICLIN','No long description available',0,NULL);
INSERT INTO `sip` VALUES ('204','icesupport','no',17),('tr-peer-2','outboundproxy','187.50.251.28',1),('tr-peer-2','nat','yes',1),('tr-peer-2','keepalive','30',1),('tr-peer-2','insecure','port,invite',1),('tr-peer-2','host','187.50.251.28',1),('tr-peer-2','fromdomain','metapabx.vivo.net.br',1),('tr-peer-2','dtmfmode','rfc2833',1),('tr-peer-2','disallow','all',1),('tr-peer-2','context','from-pstn',1);
INSERT INTO `sipsettings` VALUES ('nat','yes',39,0),('nat_mode','externip',10,0),('externip_val','191.242.188.106',40,0),('externhost_val','',40,0),('externrefresh','120',41,0),('localnet_0','192.168.0.0',42,0),('netmask_0','255.255.255.0',0,0),('g726nonstandard','no',10,0),('t38pt_udptl','no',10,0),('videosupport','no',10,0);
INSERT INTO `timeconditions` VALUES (1,'1 - FERIADO',2,'app-blackhole,hangup,1','timeconditions,2,1','',1,'0'),(2,'2 - HR-EXPEDIENTE-ANEXO',1,'ivr-2,s,1','timeconditions,3,1','',1,'0'),(3,'3 - HR-COMERCIAL-SEDE',4,'ivr-4,s,1','timeconditions,4,1','',1,'0'),(4,'4 - HR-EXEPEDIENTE-SABADO',3,'ext-queues,800,1','timeconditions,5,1','',1,'0'),(5,'5 - HR-INICIO-TELEFONIA',6,'ext-queues,800,1','app-blackhole,hangup,1','',1,'0');
INSERT INTO `timegroups_details` VALUES (95,'',1,'08:00-18:00|mon-fri|*|*'),(117,'Dia do Trabalhador',2,'*|*|1|may'),(118,'ANO NOVO',2,'*|*|1|jan'),(116,'Festa da nosso senhora do amparo',2,'*|*|10|nov'),(114,'Tiradentes',2,'*|*|21|apr'),(115,'Nossa senhora do Amparo',2,'*|*|8|nov'),(113,'Dia das crianças/ Nossa senhora da aparecida',2,'*|*|12|oct'),(112,'Natal',2,'*|*|25|dec'),(111,'Proclamação da república',2,'*|*|15|nov'),(110,'Independência do Brasil',2,'*|*|7|sep');
INSERT INTO `timegroups_groups` VALUES (1,'HR-EXPEDIENTE-ANEXO-02'),(2,'FERIADO'),(3,'HR-EXPEDIENTE-SABADO'),(4,'HR-EXPEDIENTE-SEDE'),(5,'HR-FORA-EXPEDIENTE'),(6,'HR - INICIO - TELEFONIA');
INSERT INTO `trunks` VALUES (1,'','dahdi','','','','','','g0','',NULL,'off','off'),(2,'55753643-3850','sip','','off','','','','55753643-3850','','','on','off'),(3,'557536433880','sip','557536433880','off','','','','557536433880','7536433880','','off','on'),(4,'55753643-3856','sip','55753643-3856','off','','','','55753643-3856','7536433856','','off','on'),(5,'55753643-3855','sip','55753643-3855','off','','','','55753643-3855','7536433855','','off','off'),(6,'1001','sip','','off','','','','1001','','','on','off'),(7,'DC-557521023232','sip','7521023232','all','','','','7521023232','','','off','off'),(8,'DC-557536433850','sip','7536433850','all','','','','7536433850','','','off','off');
INSERT INTO `users` VALUES ('200','','200','novm',0,'','','','','default','','','','','',''),('201','','201','novm',0,'','','','','default','','','','','',''),('202','','202','novm',0,'','','','','default','','','','','',''),('203','','203','novm',0,'','','','','default','','','','','',''),('204','','RECEP ENDOSCOPIA','novm',0,'','','','','default','','','','','',''),('206','','ACUNPUTURA/PH/MANO','novm',0,'','','','','default','','','','','',''),('207','','CONSULTORIO 11','novm',0,'','','','','default','','','','','',''),('208','','ELY','novm',0,'','','','','default','','','','','',''),('209','','FATURAMENTO','novm',0,'','','','','default','','','','','',''),('210','','210','novm',0,'','','','','default','','','','','','');
INSERT INTO `voicemail_admin` VALUES ('OPERATOR_XTN',''),('VM_OPTS',''),('VM_GAIN',''),('VM_DDTYPE','u'),('VMX_OPTS_LOOP',''),('VMX_OPTS_DOVM',''),('VMX_TIMEOUT','2'),('VMX_REPEAT','1'),('VMX_LOOPS','1');

USE `asteriskcdrdb`;
INSERT INTO `cdr` VALUES ('2025-07-18 15:34:42','\"\" <11988176910>','11988176910','s','from-pstn','SIP/55753643-3850-00000000','','Hangup','',15,15,'ANSWERED',3,'','1752863682.0','','','','','','','',''),('2025-07-18 15:38:26','\"\" <11988176910>','11988176910','s','from-pstn','SIP/55753643-3850-00000001','','Hangup','',15,15,'ANSWERED',3,'','1752863906.8','','','','','','','',''),('2025-07-18 16:00:25','\"\" <73999864904>','73999864904','s','from-pstn','SIP/55753643-3850-00000002','','Hangup','',15,15,'ANSWERED',3,'','1752865225.16','','','','','','','',''),('2025-07-18 16:03:29','\"\" <75988188397>','75988188397','s','from-pstn','SIP/55753643-3850-00000003','','SayAlpha','7536433850',9,9,'ANSWERED',3,'','1752865409.24','','','','','','','',''),('2025-07-18 16:03:45','\"\" <75988188397>','75988188397','s','from-pstn','SIP/55753643-3850-00000004','','Playback','ss-noservice',4,4,'ANSWERED',3,'','1752865425.32','','','','','','','',''),('2025-07-18 16:04:09','\"\" <75988188397>','75988188397','s','from-pstn','SIP/55753643-3850-00000005','','SayAlpha','7536433850',7,7,'ANSWERED',3,'','1752865449.40','','','','','','','',''),('2025-07-18 16:04:30','\"\" <75988188397>','75988188397','s','from-pstn','SIP/55753643-3850-00000006','','SayAlpha','7536433850',9,9,'ANSWERED',3,'','1752865470.48','','','','','','','',''),('2025-07-18 16:05:27','\"\" <75988188397>','75988188397','s','from-pstn','SIP/55753643-3850-00000007','','SayAlpha','7536433850',11,11,'ANSWERED',3,'','1752865527.56','','','','','','','',''),('2025-07-18 16:06:41','\"\" <75988188397>','75988188397','s','from-pstn','SIP/55753643-3850-00000008','','SayAlpha','7536433850',8,8,'ANSWERED',3,'','1752865601.64','','','','','','','',''),('2025-07-18 16:51:41','\"\" <75991005940>','75991005940','s','from-pstn','SIP/55753643-3850-00000009','','Hangup','',15,15,'ANSWERED',3,'','1752868301.72','','','','','','','','');
INSERT INTO `cel` VALUES (138,'CHAN_START','2025-07-18 15:34:42','','11988176910','','','','7536433850','from-pstn','SIP/55753643-3850-00000000','','',3,'','1752863682.0','1752863682.0','','','',''),(139,'ANSWER','2025-07-18 15:34:42','','11988176910','11988176910','','7536433850','s','from-pstn','SIP/55753643-3850-00000000','Answer','',3,'','1752863682.0','1752863682.0','','','',''),(140,'HANGUP','2025-07-18 15:34:58','','11988176910','11988176910','','7536433850','h','from-pstn','SIP/55753643-3850-00000000','','',3,'','1752863682.0','1752863682.0','','','',''),(141,'CHAN_END','2025-07-18 15:34:58','','11988176910','11988176910','','7536433850','h','from-pstn','SIP/55753643-3850-00000000','','',3,'','1752863682.0','1752863682.0','','','',''),(142,'LINKEDID_END','2025-07-18 15:34:58','','11988176910','11988176910','','7536433850','h','from-pstn','SIP/55753643-3850-00000000','','',3,'','1752863682.0','1752863682.0','','','',''),(143,'CHAN_START','2025-07-18 15:38:26','','11988176910','','','','7536433850','from-pstn','SIP/55753643-3850-00000001','','',3,'','1752863906.8','1752863906.8','','','',''),(144,'ANSWER','2025-07-18 15:38:26','','11988176910','11988176910','','7536433850','s','from-pstn','SIP/55753643-3850-00000001','Answer','',3,'','1752863906.8','1752863906.8','','','',''),(145,'HANGUP','2025-07-18 15:38:42','','11988176910','11988176910','','7536433850','h','from-pstn','SIP/55753643-3850-00000001','','',3,'','1752863906.8','1752863906.8','','','',''),(146,'CHAN_END','2025-07-18 15:38:42','','11988176910','11988176910','','7536433850','h','from-pstn','SIP/55753643-3850-00000001','','',3,'','1752863906.8','1752863906.8','','','',''),(147,'LINKEDID_END','2025-07-18 15:38:42','','11988176910','11988176910','','7536433850','h','from-pstn','SIP/55753643-3850-00000001','','',3,'','1752863906.8','1752863906.8','','','','');

USE `endpointconfig`;
INSERT INTO `mac_prefix` VALUES (1,1,'00:08:5D','Aastra'),(2,2,'00:09:45','Atcom - Palmmicro Communication'),(3,3,'74:65:D1','Atlinks'),(4,4,'00:90:8F','AudioCodes'),(5,5,'00:03:6B','Cisco'),(6,5,'00:07:EB','Cisco - 7940'),(7,5,'00:0B:5F','Cisco - 7960'),(8,5,'00:0D:29','Cisco 79xx'),(9,5,'00:0D:ED','Cisco - 7960'),(10,5,'00:0E:38','Cisco - 7960');
INSERT INTO `manufacturer` VALUES (1,'Aastra','Aastra'),(2,'Atcom','IP Phone'),(3,'Atlinks','Atlinks'),(4,'AudioCodes','AudioCodes'),(5,'Cisco','Cisco'),(6,'Damall','Damall Technology Co'),(7,'Elastix','PaloSanto Solution'),(8,'Escene','Escene Communication'),(9,'Fanvil','Fanvil Technology Co.'),(10,'Grandstream','Grandstream');
INSERT INTO `model` VALUES (1,1,'480i','480i',9,1,1,1),(2,1,'480i CT','480i CT',9,1,1,1),(3,1,'51i','51i',1,1,1,1),(4,1,'53i','53i',9,1,1,1),(5,1,'55i','55i',9,1,1,1),(6,1,'57i','57i',9,1,1,1),(7,1,'57i CT','53i CT',9,1,1,1),(8,1,'6730i','6730i',6,1,1,1),(9,1,'6731i','6731i',6,1,1,1),(10,1,'6739i','6739i',9,1,1,1);
INSERT INTO `model_properties` VALUES (1,1,'max_sip_accounts','9'),(2,1,'max_iax2_accounts','0'),(3,2,'max_sip_accounts','9'),(4,2,'max_iax2_accounts','0'),(5,3,'max_sip_accounts','1'),(6,3,'max_iax2_accounts','0'),(7,4,'max_sip_accounts','9'),(8,4,'max_iax2_accounts','0'),(9,5,'max_sip_accounts','9'),(10,5,'max_iax2_accounts','0');

USE `meetme`;

USE `roundcubedb`;
